000
CXUS53 KDTX 021926
CF6MBS
PRELIMINARY LOCAL CLIMATOLOGICAL DATA (WS FORM: F-6)
STATION: TRI CITIES MI
MONTH: NOVEMBER
YEAR: 2023
LATITUDE: 43 31 N
LONGITUDE: 84 5 W
TEMPERATURE IN F: :PCPN: SNOW: WIND :SUNSHINE: SKY :PK WND
================================================================================
1 2 3 4 5 6A 6B 7 8 9 10 11 12 13 14 15 16 17 18
12Z AVG MX 2MIN
DY MAX MIN AVG DEP HDD CDD WTR SNW DPTH SPD SPD DIR MIN PSBL S-S WX SPD DR
================================================================================
1 41 27 34 -11 31 0 0.00 0.0 0 8.8 21 250 M M 5 27 250
2 50 34 42 -2 23 0 0.00 0.0 0 10.4 21 230 M M 4 29 220
3 56 43 50 6 15 0 0.01 0.0 0 10.8 22 220 M M 3 30 210
4 54 35 45 1 20 0 T 0.0 0 4.6 13 40 M M 6 1 16 10
5 51 31 41 -2 24 0 T 0.0 0 5.0 10 160 M M 5 1 14 160
6 61 47 54 11 11 0 0.08 0.0 0 13.3 25 180 M M 7 3 36 170
7 55 38 47 5 18 0 0.00 0.0 0 11.8 23 330 M M 9 31 320
8 39 34 37 -5 28 0 0.69 T 0 11.0 24 300 M M 9 13 31 300
9 53 38 46 4 19 0 0.00 0.0 0 13.3 31 260 M M 4 1 42 260
10 50 34 42 1 23 0 0.00 0.0 0 8.3 17 260 M M 5 24 250
11 45 31 38 -3 27 0 0.00 0.0 0 5.3 10 110 M M 7 13 100
12 51 32 42 2 23 0 0.00 0.0 0 8.2 16 180 M M 6 24 170
13 58 37 48 8 17 0 0.00 0.0 0 12.0 28 280 M M 1 35 270
14 53 29 41 1 24 0 0.00 0.0 0 6.3 12 190 M M 0 17 180
15 60 38 49 10 16 0 0.00 0.0 0 10.5 18 250 M M 0 25 230
16 65 32 49 10 16 0 0.00 0.0 0 10.7 23 200 M M 1 128 36 200
17 61 32 47 9 18 0 0.06 0.0 0 12.1 26 330 M M 6 1 34 220
18 51 28 40 2 25 0 0.00 0.0 0 9.9 25 250 M M 0 33 240
19 47 29 38 0 27 0 0.00 0.0 0 5.8 13 360 M M 1 17 360
20 39 25 32 -5 33 0 0.00 0.0 0 8.1 17 80 M M 0 23 80
21 42 34 38 1 27 0 0.81 0.0 0 9.4 15 310 M M 9 1 21 320
22 43 35 39 3 26 0 0.00 0.0 0 8.8 17 350 M M 8 1 24 340
23 47 26 37 1 28 0 0.00 0.0 0 10.8 18 330 M M 3 23 330
24 33 20 27 -9 38 0 0.00 0.0 0 7.2 18 320 M M 1 24 320
25 35 20 28 -7 37 0 0.00 0.0 0 6.2 14 220 M M 4 19 230
26 34 27 31 -4 34 0 0.07 0.8 0 5.5 12 250 M M 8 1 15 240
27 33 21 27 -8 38 0 0.01 0.2 1 15.9 25 260 M M 10 128 33 250
28 29 16 23 -11 42 0 0.00 0.0 1 12.7 20 220 M M 4 27 210
29 34 22 28 -6 37 0 0.00 0.0 1 13.2 21 220 M M 8 29 200
30 50 29 40 6 25 0 0.00 0.0 1 10.8 25 220 M M 3 1 34 230
================================================================================
SM 1420 924 770 0 1.73 1.0 286.7 M 137
================================================================================
AV 47.3 30.8 9.6 FASTST M M 5 MAX(MPH)
MISC ----> 31 260 42 260
================================================================================
NOTES:
# LAST OF SEVERAL OCCURRENCES
COLUMN 17 PEAK WIND IN M.P.H.
PRELIMINARY LOCAL CLIMATOLOGICAL DATA (WS FORM: F-6) , PAGE 2
STATION: TRI CITIES MI
MONTH: NOVEMBER
YEAR: 2023
LATITUDE: 43 31 N
LONGITUDE: 84 5 W
[TEMPERATURE DATA] [PRECIPITATION DATA] SYMBOLS USED IN COLUMN 16
AVERAGE MONTHLY: 39.1 TOTAL FOR MONTH: 1.73 1 = FOG OR MIST
DPTR FM NORMAL: 0.1 DPTR FM NORMAL: -0.55 2 = FOG REDUCING VISIBILITY
HIGHEST: 65 ON 16 GRTST 24HR 0.81 ON 21-21 TO 1/4 MILE OR LESS
LOWEST: 16 ON 28 3 = THUNDER
SNOW, ICE PELLETS, HAIL 4 = ICE PELLETS
TOTAL MONTH: 1.5 INCHES 5 = HAIL
GRTST 24HR 0.8 ON 26-26 6 = FREEZING RAIN OR DRIZZLE
GRTST DEPTH: 1 ON 30,29 7 = DUSTSTORM OR SANDSTORM:
VSBY 1/2 MILE OR LESS
8 = SMOKE OR HAZE
[NO. OF DAYS WITH] [WEATHER - DAYS WITH] 9 = BLOWING SNOW
X = TORNADO
MAX 32 OR BELOW: 1 0.01 INCH OR MORE: 7
MAX 90 OR ABOVE: 0 0.10 INCH OR MORE: 2
MIN 32 OR BELOW: 18 0.50 INCH OR MORE: 2
MIN 0 OR BELOW: 0 1.00 INCH OR MORE: 0
[HDD (BASE 65) ]
TOTAL THIS MO. 770 CLEAR (SCALE 0-3) 10
DPTR FM NORMAL -10 PTCLDY (SCALE 4-7) 15
TOTAL FM JUL 1 1248 CLOUDY (SCALE 8-10) 5
DPTR FM NORMAL -145
[CDD (BASE 65) ]
TOTAL THIS MO. 0
DPTR FM NORMAL 0 [PRESSURE DATA]
TOTAL FM JAN 1 587 HIGHEST SLP 30.50 ON 25
DPTR FM NORMAL -45 LOWEST SLP 29.56 ON 6
[REMARKS]
#FINAL-11-23#
CORRECTED SNOW DEPTH ON 11/30.