000
CXUS56 KHNX 030638
CF6MCE
PRELIMINARY LOCAL CLIMATOLOGICAL DATA (WS FORM: F-6)
STATION: MERCED CA AIRPORT
MONTH: APRIL
YEAR: 2023
LATITUDE: 37 16 N
LONGITUDE: 120 36 W
TEMPERATURE IN F: :PCPN: SNOW: WIND :SUNSHINE: SKY :PK WND
================================================================================
1 2 3 4 5 6A 6B 7 8 9 10 11 12 13 14 15 16 17 18
12Z AVG MX 2MIN
DY MAX MIN AVG DEP HDD CDD WTR SNW DPTH SPD SPD DIR MIN PSBL S-S WX SPD DR
================================================================================
1 67 42 55 -2 10 0 0.00 0.0 0 7.2 13 320 M M 0 16 340
2 65 45 55 -2 10 0 0.00 0.0 0 6.9 21 330 M M 3 25 330
3 58 41 50 -7 15 0 0.03 0.0 0 13.5 29 340 M M 2 40 340
4 60 37 49 -8 16 0 0.00 0.0 0 8.1 18 340 M M 0 25 350
5 64 35 50 -7 15 0 0.00 0.0 0 4.0 13 350 M M 0 16 310
6 68 37 53 -5 12 0 0.00 0.0 0 2.6 13 150 M M 0 20 150
7 67 51 59 1 6 0 T 0.0 0 4.3 10 100 M M 6 13 100
8 71 49 60 2 5 0 0.00 0.0 0 6.0 10 340 M M 0 16 350
9 77 47 62 4 3 0 0.00 0.0 0 4.5 10 340 M M 0 14 10
10 82 46 64 6 1 0 0.00 0.0 0 3.5 17 340 M M 0 23 330
11 75 48 62 4 3 0 0.00 0.0 0 9.7 16 340 M M 0 21 340
12 67 43 55 -4 10 0 0.00 0.0 0 8.5 16 310 M M 0 21 310
13 67 44 56 -3 9 0 0.00 0.0 0 8.9 20 330 M M 0 25 340
14 71 40 56 -3 9 0 0.00 0.0 0 4.3 10 360 M M 0 12 340
15 76 43 60 1 5 0 0.00 0.0 0 4.1 13 360 M M 0 17 350
16 72 46 59 -1 6 0 0.00 0.0 0 9.7 17 350 M M 0 22 350
17 66 46 56 -4 9 0 0.00 0.0 0 8.2 16 340 M M 0 20 340
18 63 41 52 -8 13 0 T 0.0 0 8.2 15 340 M M 2 20 360
19 67 39 53 -7 12 0 0.00 0.0 0 9.0 17 320 M M 0 23 320
20 73 42 58 -3 7 0 0.00 0.0 0 8.1 16 320 M M 0 20 10
21 81 46 64 3 1 0 0.00 0.0 0 5.8 15 360 M M 0 21 10
22 82 49 66 5 0 1 0.00 0.0 0 5.2 14 360 M M 0 17 360
23 81 50 66 5 0 1 0.00 0.0 0 7.8 15 340 M M 0 20 330
24 83 48 66 4 0 1 0.00 0.0 0 7.1 14 330 M M 0 18 330
25 82 49 66 4 0 1 0.00 0.0 0 7.2 15 330 M M 0 22 320
26 88 49 69 7 0 4 0.00 0.0 0 2.9 9 340 M M 0 8 12 350
27 91 51 71 9 0 6 0.00 0.0 0 3.4 9 20 M M 0 11 10
28 93 55 74 11 0 9 0.00 0.0 0 3.8 13 340 M M 0 16 340
29 90 58 74 11 0 9 0.00 0.0 0 7.5 13 350 M M 0 18 350
30 80 52 66 3 0 1 0.00 0.0 0 9.5 18 340 M M 1 24 340
================================================================================
SM 2227 1369 177 33 0.03 0.0 199.5 M 14
================================================================================
AV 74.2 45.6 6.6 FASTST M M 0 MAX(MPH)
MISC ----> 29 340 40 340
================================================================================
NOTES:
# LAST OF SEVERAL OCCURRENCES
COLUMN 17 PEAK WIND IN M.P.H.
PRELIMINARY LOCAL CLIMATOLOGICAL DATA (WS FORM: F-6) , PAGE 2
STATION: MERCED CA AIRPORT
MONTH: APRIL
YEAR: 2023
LATITUDE: 37 16 N
LONGITUDE: 120 36 W
[TEMPERATURE DATA] [PRECIPITATION DATA] SYMBOLS USED IN COLUMN 16
AVERAGE MONTHLY: 59.9 TOTAL FOR MONTH: 0.03 1 = FOG OR MIST
DPTR FM NORMAL: 0.2 DPTR FM NORMAL: -1.09 2 = FOG REDUCING VISIBILITY
HIGHEST: 93 ON 28 GRTST 24HR 0.03 ON 3- 3 TO 1/4 MILE OR LESS
LOWEST: 35 ON 5 3 = THUNDER
SNOW, ICE PELLETS, HAIL 4 = ICE PELLETS
TOTAL MONTH: 0.0 INCH 5 = HAIL
GRTST 24HR 0.0 6 = FREEZING RAIN OR DRIZZLE
GRTST DEPTH: 0 7 = DUSTSTORM OR SANDSTORM:
VSBY 1/2 MILE OR LESS
8 = SMOKE OR HAZE
[NO. OF DAYS WITH] [WEATHER - DAYS WITH] 9 = BLOWING SNOW
X = TORNADO
MAX 32 OR BELOW: 0 0.01 INCH OR MORE: 1
MAX 90 OR ABOVE: 3 0.10 INCH OR MORE: 0
MIN 32 OR BELOW: 0 0.50 INCH OR MORE: 0
MIN 0 OR BELOW: 0 1.00 INCH OR MORE: 0
[HDD (BASE 65) ]
TOTAL THIS MO. 177 CLEAR (SCALE 0-3) 28
DPTR FM NORMAL -4 PTCLDY (SCALE 4-7) 2
TOTAL FM JUL 1 2687 CLOUDY (SCALE 8-10) 0
DPTR FM NORMAL 186
[CDD (BASE 65) ]
TOTAL THIS MO. 33
DPTR FM NORMAL 11 [PRESSURE DATA]
TOTAL FM JAN 1 33 HIGHEST SLP 30.31 ON 20
DPTR FM NORMAL 10 LOWEST SLP 29.78 ON 30
[REMARKS]
#FINAL-04-23#