000
CXAK59 PAFG 051215
CLMMCG
CLIMATE REPORT
NATIONAL WEATHER SERVICE FAIRBANKS AK
315 AM AKST TUE DEC 05 2023
...................................
...THE MCGRATH AK CLIMATE SUMMARY FOR THE MONTH OF NOVEMBER 2023...
CLIMATE NORMAL PERIOD 1991 TO 2020
CLIMATE RECORD PERIOD 1946 TO 2023
WEATHER OBSERVED NORMAL DEPART LAST YEAR`S
VALUE DATE(S) VALUE FROM VALUE DATE(S)
NORMAL
................................................................
TEMPERATURE (F)
RECORD
HIGH 50 11/12/2014
LOW -53 11/30/1990
HIGHEST 37 11/15 MM MM 37 11/08
LOWEST -13 11/12 MM MM -28 11/29
AVG. MAXIMUM 22.1 14.9 7.2 16.2
AVG. MINIMUM 7.9 1.1 6.8 1.2
MEAN 15.0 8.0 7.0 8.7
DAYS MAX >= 90 0 0.0 0.0 0
DAYS MAX <= 32 26 26.5 -0.5 28
DAYS MIN <= 32 30 29.6 0.4 30
DAYS MIN <= 0 7 15.4 -8.4 17
PRECIPITATION (INCHES)
RECORD
MAXIMUM 4.55 2019
MINIMUM 0.02
TOTALS 2.15 1.43 0.72 2.22
DAILY AVG. 0.07 0.05 0.02 0.07
DAYS >= .01 14 11.3 2.7 14
DAYS >= .10 8 4.1 3.9 7
DAYS >= .50 1 0.5 0.5 1
DAYS >= 1.00 0 0.0 0.0 0
GREATEST
24 HR. TOTAL 0.76 11/12 TO 11/13 0.72
DEGREE DAYS
HEATING TOTAL 1490 1710 -220 1681
SINCE 7/1 3687 3848 -161 MM
COOLING TOTAL 0 0 0 0
SINCE 1/1 19 31 -12 MM
................................................................
WIND (MPH)
AVERAGE WIND SPEED 3.1
HIGHEST WIND SPEED/DIRECTION 25/200 DATE 11/29
HIGHEST GUST SPEED/DIRECTION 43/190 DATE 11/28
SKY COVER
AVERAGE SKY COVER 0.77
NUMBER OF DAYS FAIR 3
WEATHER CONDITIONS. NUMBER OF DAYS WITH
THUNDERSTORM 0 MIXED PRECIP 0
HEAVY RAIN 0 RAIN 0
LIGHT RAIN 3 FREEZING RAIN 0
LT FREEZING RAIN 0 HAIL 0
HEAVY SNOW 1 SNOW 5
LIGHT SNOW 19 SLEET 0
FOG 25 FOG W/VIS <= 1/4 MILE 7
HAZE 1
- INDICATES NEGATIVE NUMBERS.
R INDICATES RECORD WAS SET OR TIED.
MM INDICATES DATA IS MISSING.
T INDICATES TRACE AMOUNT.
$$