000
CXUS55 KEAX 010736
CF6MCI
PRELIMINARY LOCAL CLIMATOLOGICAL DATA (WS FORM: F-6)
STATION: KANSAS CITY INTERNATIONAL MO
MONTH: MARCH
YEAR: 2021
LATITUDE: 39 19 N
LONGITUDE: 94 43 W
TEMPERATURE IN F: :PCPN: SNOW: WIND :SUNSHINE: SKY :PK WND
================================================================================
1 2 3 4 5 6A 6B 7 8 9 10 11 12 13 14 15 16 17 18
12Z AVG MX 2MIN
DY MAX MIN AVG DEP HDD CDD WTR SNW DPTH SPD SPD DIR MIN PSBL S-S WX SPD DR
================================================================================
1 55 20 38 -1 27 0 0.00 0.0 0 7.2 17 280 M M 0 18 23 310
2 63 24 44 5 21 0 0.00 0.0 0 10.6 21 200 M M 0 18 29 220
3 71 33 52 13 13 0 0.00 0.0 0 6.7 14 230 M M 0 8 19 210
4 72 39 56 16 9 0 0.00 0.0 0 7.0 21 90 M M 2 29 100
5 57 38 48 8 17 0 0.00 0.0 0 10.2 17 80 M M 3 25 100
6 67 31 49 9 16 0 0.00 0.0 0 8.6 15 220 M M 1 20 240
7 70 44 57 16 8 0 0.00 0.0 0 15.1 30 200 M M 2 43 200
8 73 48 61 20 4 0 0.00 0.0 0 15.8 23 190 M M 4 8 32 190
9 77 53 65 23 0 0 0.00 0.0 0 23.4 35 190 M M 6 8 51 180
10 76 46 61 19 4 0 0.42 0.0 0 23.3 40 200 M M 7 3 60 190
11 61 35 48 6 17 0 0.00 0.0 0 7.5 15 10 M M 3 19 360
12 50 42 46 3 19 0 0.19 0.0 0 10.6 22 100 M M 8 31 100
13 51 43 47 4 18 0 0.14 0.0 0 14.8 23 100 M M 10 18 31 100
14 51 44 48 4 17 0 0.94 0.0 0 19.1 30 90 M M 10 1 47 110
15 52 44 48 4 17 0 0.00 0.0 0 11.5 18 90 M M 10 12 25 100
16 50 42 46 2 19 0 T 0.0 0 9.8 17 100 M M 10 128 23 100
17 44 38 41 -4 24 0 1.08 0.0 0 18.2 27 10 M M 10 13 39 10
18 49 36 43 -2 22 0 0.04 0.0 0 16.4 24 340 M M 8 1 37 340
19 58 28 43 -2 22 0 0.00 0.0 0 7.4 12 120 M M 0 M M
20 63 32 48 2 17 0 0.00 0.0 0 11.5 18 150 M M 1 23 140
21 69 47 58 12 7 0 0.00 0.0 0 17.2 27 200 M M 3 39 190
22 66 52 59 13 6 0 0.01 0.0 0 12.5 22 140 M M 9 8 31 170
23 61 51 56 9 9 0 0.36 0.0 0 14.4 25 180 M M 10 1 36 120
24 52 44 48 1 17 0 0.01 0.0 0 9.2 17 30 M M 10 1 27 240
25 46 41 44 -4 21 0 0.20 0.0 0 7.1 15 50 M M 10 1 18 50
26 63 35 49 1 16 0 0.02 0.0 0 8.8 21 130 M M 6 1 27 130
27 60 45 53 5 12 0 0.14 0.0 0 12.2 21 320 M M 7 1 29 330
28 60 35 48 -1 17 0 0.00 0.0 0 10.3 20 320 M M 1 29 330
29 77 48 63 14 2 0 0.00 0.0 0 25.0 36 200 M M 1 56 200
30 63 41 52 3 13 0 0.00 0.0 0 15.7 33 180 M M 8 44 200
31 53 31 42 -8 23 0 0.00 0.0 0 11.0 25 340 M M 2 33 340
================================================================================
SM 1880 1230 454 0 3.55 0.0 398.1 M 162
================================================================================
AV 60.6 39.7 12.8 FASTST M M 5 MAX(MPH)
MISC ----> 40 200 60 190
================================================================================
NOTES:
# LAST OF SEVERAL OCCURRENCES
COLUMN 17 PEAK WIND IN M.P.H.
PRELIMINARY LOCAL CLIMATOLOGICAL DATA (WS FORM: F-6) , PAGE 2
STATION: KANSAS CITY INTERNATIONAL MO
MONTH: MARCH
YEAR: 2021
LATITUDE: 39 19 N
LONGITUDE: 94 43 W
[TEMPERATURE DATA] [PRECIPITATION DATA] SYMBOLS USED IN COLUMN 16
AVERAGE MONTHLY: 50.2 TOTAL FOR MONTH: 3.55 1 = FOG OR MIST
DPTR FM NORMAL: 6.0 DPTR FM NORMAL: 1.18 2 = FOG REDUCING VISIBILITY
HIGHEST: 77 ON 29, 9 GRTST 24HR 1.08 ON 17-17 TO 1/4 MILE OR LESS
LOWEST: 20 ON 1 3 = THUNDER
SNOW, ICE PELLETS, HAIL 4 = ICE PELLETS
TOTAL MONTH: 0.0 INCH 5 = HAIL
GRTST 24HR 0.0 6 = FREEZING RAIN OR DRIZZLE
GRTST DEPTH: 0 7 = DUSTSTORM OR SANDSTORM:
VSBY 1/2 MILE OR LESS
8 = SMOKE OR HAZE
[NO. OF DAYS WITH] [WEATHER - DAYS WITH] 9 = BLOWING SNOW
X = TORNADO
MAX 32 OR BELOW: 0 0.01 INCH OR MORE: 12
MAX 90 OR ABOVE: 0 0.10 INCH OR MORE: 8
MIN 32 OR BELOW: 6 0.50 INCH OR MORE: 2
MIN 0 OR BELOW: 0 1.00 INCH OR MORE: 1
[HDD (BASE 65) ]
TOTAL THIS MO. 454 CLEAR (SCALE 0-3) 13
DPTR FM NORMAL -192 PTCLDY (SCALE 4-7) 8
TOTAL FM JUL 1 4367 CLOUDY (SCALE 8-10) 10
DPTR FM NORMAL -325
[CDD (BASE 65) ]
TOTAL THIS MO. 0
DPTR FM NORMAL -3 [PRESSURE DATA]
TOTAL FM JAN 1 0 HIGHEST SLP M ON M
DPTR FM NORMAL -3 LOWEST SLP 29.44 ON 23
[REMARKS]
#FINAL-03-21#