000
CXUS53 KGLD 010800
CF6MCK
PRELIMINARY LOCAL CLIMATOLOGICAL DATA (WS FORM: F-6)
STATION: MCCOOK NE
MONTH: NOVEMBER
YEAR: 2020
LATITUDE: 40 13 N
LONGITUDE: 100 35 W
TEMPERATURE IN F: :PCPN: SNOW: WIND :SUNSHINE: SKY :PK WND
================================================================================
1 2 3 4 5 6A 6B 7 8 9 10 11 12 13 14 15 16 17 18
12Z AVG MX 2MIN
DY MAX MIN AVG DEP HDD CDD WTR SNW DPTH SPD SPD DIR MIN PSBL S-S WX SPD DR
================================================================================
1 59 23 41 -4 24 0 0.00 M M 6.9 17 170 M M 0 26 170
2 78 25 52 7 13 0 0.00 M M 6.2 13 270 M M 0 16 250
3 83 33 58 14 7 0 0.00 M M 7.2 14 270 M M 0 17 250
4 84 41 63 19 2 0 0.00 M M 8.1 15 320 M M 0 18 280
5 76 35 56 13 9 0 0.00 M M 7.1 14 300 M M 0 8 17 300
6 86 37 62 19 3 0 0.00 M M 12.8 31 200 M M 0 42 180
7 78 51 65 23 0 0 0.00 M M 18.9 38 190 M M 0 8 53 190
8 76 55 66 24 0 1 T M M 22.3 36 190 M M 1 54 170
9 60 31 46 5 19 0 0.00 M M 15.5 24 10 M M 8 18 34 160
10 45 25 35 -6 30 0 0.01 M M 10.6 18 320 M M 4 1 26 320
11 56 22 39 -1 26 0 0.00 M M 8.8 16 250 M M 1 21 270
12 42 15 29 -11 36 0 0.00 M M 9.3 18 10 M M 2 25 350
13 60 12 36 -3 29 0 0.00 M M 12.7 30 200 M M 0 43 190
14 59 22 41 2 24 0 0.00 M M 14.5 45 310 M M 2 8 62 310
15 55 27 41 3 24 0 0.00 M M 11.8 23 310 M M 1 32 310
16 62 30 46 8 19 0 0.00 M M 6.9 22 10 M M 0 8 27 10
17 71 26 49 12 16 0 0.00 M M 6.5 17 180 M M 0 26 160
18 73 23 48 11 17 0 0.00 M M 6.3 18 200 M M 0 26 200
19 75 35 55 19 10 0 0.00 M M 9.9 18 340 M M 0 25 330
20 57 28 43 7 22 0 0.00 M M 5.3 13 330 M M 0 13 300
21 50 28 39 4 26 0 T M M 5.8 16 160 M M 7 21 160
22 52 18 35 0 30 0 0.00 M M 6.6 14 350 M M 0 18 290
23 51 30 41 7 24 0 0.00 M M 14.8 22 160 M M 8 35 160
24 44 33 39 5 26 0 0.01 M M 17.1 26 10 M M 10 12 34 360
25 59 19 39 5 26 0 0.00 M M 9.2 16 220 M M 0 21 220
26 52 21 37 4 28 0 M M M 8.4 14 30 M M 0 M M
27 51 18 35 2 30 0 0.00 M M 7.1 13 270 M M 1 16 260
28 58 19 39 7 26 0 0.00 M M 9.3 20 250 M M 0 26 250
29 42 10 26 -6 39 0 0.00 M M 14.6 29 350 M M 0 40 10
30 55 3 29 -2 36 0 0.00 M M 4.7 15 220 M M 0 8 22 210
================================================================================
SM 1849 795 621 1 0.02 M 305.2 M 45
================================================================================
AV 61.6 26.5 10.2 FASTST M M 2 MAX(MPH)
MISC ----> 45 310 62 310
================================================================================
NOTES:
# LAST OF SEVERAL OCCURRENCES
COLUMN 17 PEAK WIND IN M.P.H.
PRELIMINARY LOCAL CLIMATOLOGICAL DATA (WS FORM: F-6) , PAGE 2
STATION: MCCOOK NE
MONTH: NOVEMBER
YEAR: 2020
LATITUDE: 40 13 N
LONGITUDE: 100 35 W
[TEMPERATURE DATA] [PRECIPITATION DATA] SYMBOLS USED IN COLUMN 16
AVERAGE MONTHLY: 44.1 TOTAL FOR MONTH: 0.02 1 = FOG OR MIST
DPTR FM NORMAL: 5.9 DPTR FM NORMAL: -0.93 2 = FOG REDUCING VISIBILITY
HIGHEST: 86 ON 6 GRTST 24HR 0.01 ON 10-10 TO 1/4 MILE OR LESS
LOWEST: 3 ON 30 3 = THUNDER
SNOW, ICE PELLETS, HAIL 4 = ICE PELLETS
TOTAL MONTH: M 5 = HAIL
GRTST 24HR M ON M 6 = FREEZING RAIN OR DRIZZLE
GRTST DEPTH: M ON M 7 = DUSTSTORM OR SANDSTORM:
VSBY 1/2 MILE OR LESS
8 = SMOKE OR HAZE
[NO. OF DAYS WITH] [WEATHER - DAYS WITH] 9 = BLOWING SNOW
X = TORNADO
MAX 32 OR BELOW: 0 0.01 INCH OR MORE: 2
MAX 90 OR ABOVE: 0 0.10 INCH OR MORE: 0
MIN 32 OR BELOW: 22 0.50 INCH OR MORE: 0
MIN 0 OR BELOW: 0 1.00 INCH OR MORE: 0
[HDD (BASE 65) ]
TOTAL THIS MO. 621 CLEAR (SCALE 0-3) 25
DPTR FM NORMAL -183 PTCLDY (SCALE 4-7) 3
TOTAL FM JUL 1 1225 CLOUDY (SCALE 8-10) 2
DPTR FM NORMAL -141
[CDD (BASE 65) ]
TOTAL THIS MO. 1
DPTR FM NORMAL 1 [PRESSURE DATA]
TOTAL FM JAN 1 1286 HIGHEST SLP M ON M
DPTR FM NORMAL 330 LOWEST SLP 29.48 ON 8
[REMARKS]
#FINAL-11-20#