000
CXUS52 KFFC 011010
CF6MCN
PRELIMINARY LOCAL CLIMATOLOGICAL DATA (WS FORM: F-6)
STATION: MACON
MONTH: APRIL
YEAR: 2022
LATITUDE: 32 42 N
LONGITUDE: 83 39 W
TEMPERATURE IN F: :PCPN: SNOW: WIND :SUNSHINE: SKY :PK WND
================================================================================
1 2 3 4 5 6A 6B 7 8 9 10 11 12 13 14 15 16 17 18
12Z AVG MX 2MIN
DY MAX MIN AVG DEP HDD CDD WTR SNW DPTH SPD SPD DIR MIN PSBL S-S WX SPD DR
================================================================================
1 76 48 62 1 3 0 0.00 0.0 M 7.5 20 290 M M 0 26 290
2 74 39 57 -4 8 0 0.00 0.0 M 2.5 8 300 M M 0 12 210
3 78 42 60 -2 5 0 0.00 0.0 M 6.6 17 330 M M 0 24 330
4 80 40 60 -2 5 0 0.00 0.0 M 2.7 13 240 M M 0 18 220
5 67 49 58 -4 7 0 1.22 M M 6.6 20 140 M M 6 13 26 220
6 82 64 73 11 0 8 4.16 0.0 M 7.1 33 360 M M 10 138 48 350
7 74 55 65 3 0 0 0.02 0.0 M 11.7 22 270 M M 4 13 35 290
8 68 46 57 -6 8 0 0.00 0.0 M 12.9 28 250 M M 4 39 220
9 61 39 50 -13 15 0 0.00 0.0 M 9.1 21 300 M M 3 32 320
10 77 34 56 -7 9 0 0.00 0.0 M 3.6 13 220 M M 0 18 230
11 81 45 63 0 2 0 0.00 0.0 M 6.2 15 260 M M 0 1 20 250
12 84 50 67 3 0 2 0.00 0.0 M 5.0 15 200 M M 0 1 23 230
13 80 60 70 6 0 5 0.00 0.0 M 7.0 17 150 M M 1 25 160
14 79 58 69 5 0 4 0.00 0.0 M 8.9 20 210 M M 4 29 180
15 80 44 62 -2 3 0 0.00 0.0 M 7.4 21 80 M M 0 1 30 80
16 75 61 68 4 0 3 0.34 0.0 M 4.7 12 150 M M 7 13 16 160
17 83 60 72 7 0 7 0.18 0.0 M 2.7 26 250 M M 5 123 35 250
18 82 51 67 2 0 2 0.09 0.0 M 9.8 22 150 M M 6 1 31 160
19 70 41 56 -9 9 0 0.00 0.0 M 7.1 15 320 M M 0 24 360
20 76 37 57 -9 8 0 0.00 0.0 M 7.8 20 140 M M 0 26 130
21 78 52 65 -1 0 0 0.00 0.0 M 4.8 15 150 M M 1 20 150
22 83 51 67 1 0 2 0.00 0.0 M 2.8 13 140 M M 0 1 21 140
23 83 52 68 2 0 3 0.00 0.0 M 6.5 18 140 M M 1 1 24 140
24 82 53 68 1 0 3 0.00 0.0 M 3.4 12 150 M M 1 1 17 130
25 88 57 73 6 0 8 0.00 0.0 M 2.7 12 130 M M 2 12 17 230
26 86 58 72 5 0 7 0.00 0.0 M 8.3 20 340 M M 3 25 300
27 79 47 63 -4 2 0 0.00 0.0 M 5.6 15 50 M M 0 8 20 360
28 81 44 63 -5 2 0 0.00 0.0 M 4.3 15 110 M M 0 18 23 110
29 82 49 66 -2 0 1 0.00 0.0 M 5.8 15 130 M M 1 1 24 130
30 84 56 70 2 0 5 0.00 0.0 M 5.7 13 150 M M 2 19 140
================================================================================
SM 2353 1482 86 60 6.01 0.0 186.8 M 61
================================================================================
AV 78.4 49.4 6.2 FASTST M M 2 MAX(MPH)
MISC ----> 33 360 48 350
================================================================================
NOTES:
# LAST OF SEVERAL OCCURRENCES
COLUMN 17 PEAK WIND IN M.P.H.
PRELIMINARY LOCAL CLIMATOLOGICAL DATA (WS FORM: F-6) , PAGE 2
STATION: MACON
MONTH: APRIL
YEAR: 2022
LATITUDE: 32 42 N
LONGITUDE: 83 39 W
[TEMPERATURE DATA] [PRECIPITATION DATA] SYMBOLS USED IN COLUMN 16
AVERAGE MONTHLY: 63.9 TOTAL FOR MONTH: 6.01 1 = FOG OR MIST
DPTR FM NORMAL: -0.6 DPTR FM NORMAL: 2.39 2 = FOG REDUCING VISIBILITY
HIGHEST: 88 ON 25 GRTST 24HR 4.18 ON 6- 7 TO 1/4 MILE OR LESS
LOWEST: 34 ON 10 3 = THUNDER
SNOW, ICE PELLETS, HAIL 4 = ICE PELLETS
TOTAL MONTH: 0.0 INCH 5 = HAIL
GRTST 24HR 0.0 6 = FREEZING RAIN OR DRIZZLE
GRTST DEPTH: M ON M 7 = DUSTSTORM OR SANDSTORM:
VSBY 1/2 MILE OR LESS
8 = SMOKE OR HAZE
[NO. OF DAYS WITH] [WEATHER - DAYS WITH] 9 = BLOWING SNOW
X = TORNADO
MAX 32 OR BELOW: 0 0.01 INCH OR MORE: 6
MAX 90 OR ABOVE: 0 0.10 INCH OR MORE: 4
MIN 32 OR BELOW: 0 0.50 INCH OR MORE: 2
MIN 0 OR BELOW: 0 1.00 INCH OR MORE: 2
[HDD (BASE 65) ]
TOTAL THIS MO. 86 CLEAR (SCALE 0-3) 21
DPTR FM NORMAL -7 PTCLDY (SCALE 4-7) 8
TOTAL FM JUL 1 1801 CLOUDY (SCALE 8-10) 1
DPTR FM NORMAL -332
[CDD (BASE 65) ]
TOTAL THIS MO. 60
DPTR FM NORMAL -17 [PRESSURE DATA]
TOTAL FM JAN 1 117 HIGHEST SLP 30.43 ON 22
DPTR FM NORMAL 9 LOWEST SLP 29.61 ON 5
[REMARKS]
#FINAL-04-22#