000
CXUS52 KFFC 042222
CLMMCN
CLIMATE REPORT
NATIONAL WEATHER SERVICE PEACHTREE CITY GA
622 PM EDT THU MAY 04 2023
...................................
...THE MACON CLIMATE SUMMARY FOR THE MONTH OF APRIL 2023...
CLIMATE NORMAL PERIOD: 1991 TO 2020
CLIMATE RECORD PERIOD: 1899 TO 2023
WEATHER OBSERVED NORMAL DEPART LAST YEAR`S
VALUE DATE(S) VALUE FROM VALUE DATE(S)
NORMAL
................................................................
TEMPERATURE (F)
RECORD
HIGH 96 04/27/1986
LOW 28 04/08/2007
HIGHEST 89 04/05 96 -7 88 04/25
LOWEST 39 04/18 29 10 34 04/10
AVG. MAXIMUM 77.8 77.9 -0.1 78.4
AVG. MINIMUM 51.6 51.0 0.6 49.4
MEAN 64.7 64.5 0.2 63.9
DAYS MAX >= 90 0 0.5 -0.5 0
DAYS MAX <= 32 0 0.0 0.0 0
DAYS MIN <= 32 0 0.3 -0.3 0
DAYS MIN <= 0 0 0.0 0.0 0
PRECIPITATION (INCHES)
RECORD
MAXIMUM 11.90 2020
MINIMUM 1.03 2012
TOTALS 2.96 3.62 -0.66
DAILY AVG. 0.10 0.12 -0.02 0.20
DAYS >= .01 8 8.2 -0.2 6
DAYS >= .10 8 5.5 2.5 4
DAYS >= .50 3 2.6 0.4 2
DAYS >= 1.00 0 0.9 -0.9 2
GREATEST
24 HR. TOTAL 1.19 04/07 TO 04/08 4.18 04/06 TO 04/07
SNOWFALL (INCHES)
RECORDS
TOTAL MM MM
24 HR TOTAL MM
SNOW DEPTH 0 MM
TOTALS 0.0 MM MM 0.0
SINCE 7/1 0.0 MM MM MM
SNOWDEPTH AVG. MM MM
DAYS >= TRACE 0 MM MM 0
DAYS >= 1.0 0 MM MM 0
GREATEST
24 HR TOTAL MM MM
DEGREE DAYS
HEATING TOTAL 72 93 -21 86
SINCE 7/1 1653 2133 -480 MM
COOLING TOTAL 69 77 -8 60
SINCE 1/1 167 108 59 MM
................................................................
WIND (MPH)
AVERAGE WIND SPEED 6.2
HIGHEST WIND SPEED/DIRECTION 29/050 DATE 04/07
HIGHEST GUST SPEED/DIRECTION 39/280 DATE 04/30
SKY COVER
POSSIBLE SUNSHINE (PERCENT) MM
AVERAGE SKY COVER 0.38
NUMBER OF DAYS FAIR 14
NUMBER OF DAYS PC 14
NUMBER OF DAYS CLOUDY 2
AVERAGE RH (PERCENT) 69
WEATHER CONDITIONS. NUMBER OF DAYS WITH
THUNDERSTORM 4 MIXED PRECIP 0
HEAVY RAIN 3 RAIN 5
LIGHT RAIN 9 FREEZING RAIN 0
LT FREEZING RAIN 0 HAIL 0
HEAVY SNOW 0 SNOW 0
LIGHT SNOW 0 SLEET 0
FOG 15 FOG W/VIS <= 1/4 MILE 2
HAZE 2
- INDICATES NEGATIVE NUMBERS.
R INDICATES RECORD WAS SET OR TIED.
MM INDICATES DATA IS MISSING.
T INDICATES TRACE AMOUNT.
$$