000
CXUS51 KCTP 010900
CF6MDT
PRELIMINARY LOCAL CLIMATOLOGICAL DATA (WS FORM: F-6)
STATION: HARRISBURG PA
MONTH: NOVEMBER
YEAR: 2020
LATITUDE: 40 11 N
LONGITUDE: 76 46 W
TEMPERATURE IN F: :PCPN: SNOW: WIND :SUNSHINE: SKY :PK WND
================================================================================
1 2 3 4 5 6A 6B 7 8 9 10 11 12 13 14 15 16 17 18
12Z AVG MX 2MIN
DY MAX MIN AVG DEP HDD CDD WTR SNW DPTH SPD SPD DIR MIN PSBL S-S WX SPD DR
================================================================================
1 54 40 47 -2 18 0 0.17 0.0 0 10.6 33 300 M M 9 1 46 300
2 47 40 44 -5 21 0 0.00 0.0 0 19.8 37 300 M M 3 47 320
3 59 38 49 0 16 0 0.00 0.0 0 10.8 25 280 M M 3 34 280
4 69 33 51 3 14 0 0.00 0.0 0 3.0 15 230 M M 0 8 20 230
5 72 38 55 7 10 0 0.00 0.0 0 2.8 9 160 M M 4 12 190
6 71 44 58 10 7 0 0.00 0.0 0 1.1 6 150 M M 3 18 7 130
7 74 39 57 10 8 0 0.00 0.0 0 0.9 7 310 M M 1 18 8 300
8 75 40 58 11 7 0 0.00 0.0 0 1.6 7 320 M M 0 18 12 290
9 76 42 59 12 6 0 0.00 0.0 0 2.1 9 130 M M 0 18 13 240
10 76 45 61 15 4 0 0.00 0.0 0 6.2 15 180 M M 2 18 22 170
11 70 58 64 18 1 0 0.57 0.0 0 5.2 13 180 M M 8 12 19 180
12 66 42 54 8 11 0 0.04 0.0 0 7.0 20 360 M M 9 12 26 350
13 60 42 51 6 14 0 0.01 0.0 0 3.6 15 300 M M 5 1 19 320
14 54 37 46 1 19 0 0.00 0.0 0 5.0 12 290 M M 2 M M
15 65 37 51 7 14 0 0.34 0.0 0 11.7 41 270 M M 9 1 56 280
16 57 37 47 3 18 0 0.00 0.0 0 12.7 25 290 M M 1 32 290
17 51 34 43 -1 22 0 T T 0 12.8 36 300 M M 5 8 45 300
18 42 29 36 -7 29 0 0.00 0.0 0 10.4 24 320 M M 4 8 29 340
19 49 28 39 -4 26 0 0.00 0.0 0 4.9 17 210 M M 5 8 24 200
20 68 32 50 8 15 0 0.00 0.0 0 4.7 16 210 M M 2 8 24 220
21 59 38 49 7 16 0 T 0.0 0 2.4 9 330 M M 7 12 30
22 50 44 47 5 18 0 T 0.0 0 6.2 15 270 M M 10 19 280
23 54 41 48 7 17 0 0.15 0.0 0 14.9 32 320 M M 7 1 40 310
24 48 36 42 1 23 0 0.00 0.0 0 6.1 16 310 M M 5 20 320
25 56 38 47 7 18 0 0.04 0.0 0 6.6 14 190 M M 8 1 19 170
26 65 49 57 17 8 0 0.04 0.0 0 6.7 25 280 M M 8 1 33 290
27 57 46 52 12 13 0 0.00 0.0 0 0.9 6 150 M M 10 7 300
28 56 35 46 7 19 0 0.00 0.0 0 7.2 20 280 M M 5 23 280
29 57 31 44 5 21 0 0.00 0.0 0 2.6 8 150 M M 4 11 160
30 62 43 53 15 12 0 1.06 0.0 0 6.1 18 280 M M 10 12 24 250
================================================================================
SM 1819 1176 445 0 2.42 T 196.6 M 149
================================================================================
AV 60.6 39.2 6.6 FASTST M M 5 MAX(MPH)
MISC ----> 41 270 56 280
================================================================================
NOTES:
# LAST OF SEVERAL OCCURRENCES
COLUMN 17 PEAK WIND IN M.P.H.
PRELIMINARY LOCAL CLIMATOLOGICAL DATA (WS FORM: F-6) , PAGE 2
STATION: HARRISBURG PA
MONTH: NOVEMBER
YEAR: 2020
LATITUDE: 40 11 N
LONGITUDE: 76 46 W
[TEMPERATURE DATA] [PRECIPITATION DATA] SYMBOLS USED IN COLUMN 16
AVERAGE MONTHLY: 49.9 TOTAL FOR MONTH: 2.42 1 = FOG OR MIST
DPTR FM NORMAL: 5.8 DPTR FM NORMAL: -0.81 2 = FOG REDUCING VISIBILITY
HIGHEST: 76 ON 10, 9 GRTST 24HR 1.06 ON 30-30 TO 1/4 MILE OR LESS
LOWEST: 28 ON 19 3 = THUNDER
SNOW, ICE PELLETS, HAIL 4 = ICE PELLETS
TOTAL MONTH: T 5 = HAIL
GRTST 24HR T ON 17-17 6 = FREEZING RAIN OR DRIZZLE
GRTST DEPTH: 0 7 = DUSTSTORM OR SANDSTORM:
VSBY 1/2 MILE OR LESS
8 = SMOKE OR HAZE
[NO. OF DAYS WITH] [WEATHER - DAYS WITH] 9 = BLOWING SNOW
X = TORNADO
MAX 32 OR BELOW: 0 0.01 INCH OR MORE: 9
MAX 90 OR ABOVE: 0 0.10 INCH OR MORE: 5
MIN 32 OR BELOW: 4 0.50 INCH OR MORE: 2
MIN 0 OR BELOW: 0 1.00 INCH OR MORE: 1
[HDD (BASE 65) ]
TOTAL THIS MO. 445 CLEAR (SCALE 0-3) 10
DPTR FM NORMAL -182 PTCLDY (SCALE 4-7) 13
TOTAL FM JUL 1 720 CLOUDY (SCALE 8-10) 7
DPTR FM NORMAL -319
[CDD (BASE 65) ]
TOTAL THIS MO. 0
DPTR FM NORMAL 0 [PRESSURE DATA]
TOTAL FM JAN 1 1428 HIGHEST SLP 30.60 ON 19
DPTR FM NORMAL 426 LOWEST SLP 29.30 ON 30
[REMARKS]
#FINAL-11-20#