000
CXUS54 KJAN 011529
CF6MEI
PRELIMINARY LOCAL CLIMATOLOGICAL DATA (WS FORM: F-6)
STATION: MERIDIAN
MONTH: MARCH
YEAR: 2020
LATITUDE: 32 19 N
LONGITUDE: 88 45 W
TEMPERATURE IN F: :PCPN: SNOW: WIND :SUNSHINE: SKY :PK WND
================================================================================
1 2 3 4 5 6A 6B 7 8 9 10 11 12 13 14 15 16 17 18
12Z AVG MX 2MIN
DY MAX MIN AVG DEP HDD CDD WTR SNW DPTH SPD SPD DIR MIN PSBL S-S WX SPD DR
================================================================================
1 72 40 56 4 9 0 0.00 0.0 0 9.3 24 190 M M 0 34 210
2 75 58 67 15 0 2 0.15 0.0 0 8.9 20 210 M M 8 1 29 210
3 75 64 70 17 0 5 1.10 0.0 0 6.0 23 270 M M 8 138 30 270
4 66 53 60 7 5 0 3.96 0.0 0 12.0 30 50 M M 10 13 39 240
5 65 45 55 2 10 0 0.26 0.0 0 8.2 21 10 M M 5 13 31 70
6 66 43 55 2 10 0 0.00 0.0 0 9.0 22 340 M M 0 12 33 330
7 65 36 51 -3 14 0 0.00 0.0 0 4.5 15 40 M M 0 21 50
8 71 39 55 1 10 0 0.00 0.0 0 6.0 20 150 M M 0 25 140
9 75 46 61 7 4 0 T 0.0 0 10.0 23 170 M M 3 30 160
10 75 61 68 14 0 3 0.35 0.0 0 8.1 16 160 M M 7 1 21 150
11 81 63 72 17 0 7 0.00 0.0 0 7.4 16 240 M M 7 1 22 230
12 82 61 72 17 0 7 0.00 0.0 0 11.0 22 200 M M 2 31 200
13 78 65 72 17 0 7 T 0.0 0 6.4 15 20 M M 7 19 20
14 85 63 74 19 0 9 0.00 0.0 0 4.6 18 180 M M 5 1 23 180
15 84 55 70 14 0 5 0.00 0.0 0 7.4 16 10 M M 5 21 360
16 81 55 68 12 0 3 0.00 0.0 0 6.0 13 180 M M 4 16 180
17 83 62 73 17 0 8 T 0.0 0 2.3 14 140 M M 3 16 150
18 84 62 73 17 0 8 0.00 0.0 0 9.0 21 190 M M 6 1 30 190
19 86 70 78 22 0 13 T 0.0 0 11.1 21 190 M M 6 28 180
20 84 63 74 17 0 9 0.09 0.0 0 9.5 29 350 M M 8 1 37 350
21 64 53 59 2 6 0 T 0.0 0 8.2 17 360 M M 8 1 21 340
22 76 51 64 7 1 0 0.52 0.0 0 5.4 12 220 M M 7 1 16 180
23 82 66 74 17 0 9 0.02 0.0 0 7.2 16 250 M M 9 24 270
24 84 67 76 19 0 11 T 0.0 0 9.6 24 210 M M 8 1 34 210
25 84 61 73 15 0 8 0.00 0.0 0 2.4 12 340 M M 4 1 18 280
26 89 55 72 14 0 7 0.00 0.0 0 6.3 16 210 M M 0 22 200
27 87 65 76 18 0 11 0.00 0.0 0 7.8 15 160 M M 3 18 20 150
28 88 70 79 21 0 14 0.00 0.0 0 12.5 21 190 M M 6 28 180
29 81 59 70 12 0 5 T 0.0 0 4.0 18 300 M M 2 28 280
30 78 56 67 8 0 2 0.00 0.0 0 5.3 14 30 M M 4 25 80
31 70 48 59 0 6 0 0.14 0.0 0 9.1 22 330 M M 8 1 34 290
================================================================================
SM 2416 1755 75 153 6.59 0.0 234.5 M 153
================================================================================
AV 77.9 56.6 7.6 FASTST M M 5 MAX(MPH)
MISC ----> # 30 50 # 39 240
================================================================================
NOTES:
# LAST OF SEVERAL OCCURRENCES
COLUMN 17 PEAK WIND IN M.P.H.
PRELIMINARY LOCAL CLIMATOLOGICAL DATA (WS FORM: F-6) , PAGE 2
STATION: MERIDIAN
MONTH: MARCH
YEAR: 2020
LATITUDE: 32 19 N
LONGITUDE: 88 45 W
[TEMPERATURE DATA] [PRECIPITATION DATA] SYMBOLS USED IN COLUMN 16
AVERAGE MONTHLY: 67.3 TOTAL FOR MONTH: 6.59 1 = FOG OR MIST
DPTR FM NORMAL: 11.7 DPTR FM NORMAL: 1.17 2 = FOG REDUCING VISIBILITY
HIGHEST: 89 ON 26 GRTST 24HR 3.96 ON 4- 4 TO 1/4 MILE OR LESS
LOWEST: 36 ON 7 3 = THUNDER
SNOW, ICE PELLETS, HAIL 4 = ICE PELLETS
TOTAL MONTH: 0.0 INCH 5 = HAIL
GRTST 24HR 0.0 6 = FREEZING RAIN OR DRIZZLE
GRTST DEPTH: 0 7 = DUSTSTORM OR SANDSTORM:
VSBY 1/2 MILE OR LESS
8 = SMOKE OR HAZE
[NO. OF DAYS WITH] [WEATHER - DAYS WITH] 9 = BLOWING SNOW
X = TORNADO
MAX 32 OR BELOW: 0 0.01 INCH OR MORE: 9
MAX 90 OR ABOVE: 0 0.10 INCH OR MORE: 7
MIN 32 OR BELOW: 0 0.50 INCH OR MORE: 3
MIN 0 OR BELOW: 0 1.00 INCH OR MORE: 2
[HDD (BASE 65) ]
TOTAL THIS MO. 75 CLEAR (SCALE 0-3) 10
DPTR FM NORMAL -232 PTCLDY (SCALE 4-7) 17
TOTAL FM JUL 1 1581 CLOUDY (SCALE 8-10) 4
DPTR FM NORMAL -823
[CDD (BASE 65) ]
TOTAL THIS MO. 153
DPTR FM NORMAL 136 [PRESSURE DATA]
TOTAL FM JAN 1 168 HIGHEST SLP M ON M
DPTR FM NORMAL 144 LOWEST SLP 29.66 ON 31
[REMARKS]
#FINAL-03-20#