000
CXUS54 KBMX 011110
CF6MGM
PRELIMINARY LOCAL CLIMATOLOGICAL DATA (WS FORM: F-6)
STATION: MONTGOMERY
MONTH: NOVEMBER
YEAR: 2021
LATITUDE: 32 17 N
LONGITUDE: 86 24 W
TEMPERATURE IN F: :PCPN: SNOW: WIND :SUNSHINE: SKY :PK WND
================================================================================
1 2 3 4 5 6A 6B 7 8 9 10 11 12 13 14 15 16 17 18
12Z AVG MX 2MIN
DY MAX MIN AVG DEP HDD CDD WTR SNW DPTH SPD SPD DIR MIN PSBL S-S WX SPD DR
================================================================================
1 74 45 60 -1 5 0 0.00 0.0 0 3.2 13 360 M M 0 1 16 30
2 75 45 60 -1 5 0 0.00 0.0 0 4.4 15 360 M M 1 1 18 360
3 69 48 59 -1 6 0 0.00 0.0 0 5.6 12 30 M M 2 14 40
4 59 52 56 -4 9 0 T 0.0 0 7.0 12 40 M M 9 15 70
5 61 47 54 -6 11 0 0.00 0.0 0 9.7 17 70 M M 4 22 60
6 65 40 53 -6 12 0 0.00 0.0 0 7.2 15 360 M M 0 20 10
7 71 35 53 -6 12 0 0.00 0.0 0 4.2 12 310 M M 0 14 300
8 76 36 56 -3 9 0 0.00 0.0 0 1.7 7 360 M M 0 9 40
9 77 37 57 -1 8 0 0.00 0.0 0 1.2 6 180 M M 1 1 9 130
10 77 45 61 3 4 0 0.00 0.0 0 2.2 9 160 M M 2 12 11 160
11 79 55 67 9 0 2 0.69 0.0 0 7.2 26 300 M M 7 13 34 310
12 71 46 59 2 6 0 0.00 0.0 0 2.1 8 300 M M 2 12 10 300
13 59 39 49 -8 16 0 0.00 0.0 0 8.1 18 300 M M 0 24 300
14 62 32 47 -10 18 0 0.00 0.0 0 3.6 13 290 M M 0 16 310
15 69 36 53 -3 12 0 0.00 0.0 0 1.7 7 200 M M 0 10 160
16 76 42 59 3 6 0 0.00 0.0 0 2.5 10 190 M M 0 13 220
17 78 47 63 7 2 0 0.00 0.0 0 4.6 12 170 M M 1 1 15 170
18 79 47 63 7 2 0 T 0.0 0 5.5 20 350 M M 4 1 25 350
19 66 39 53 -2 12 0 0.00 0.0 0 5.5 14 30 M M 0 8 20 30
20 67 37 52 -3 13 0 0.00 0.0 0 7.9 20 80 M M 0 24 80
21 72 46 59 4 6 0 0.00 0.0 0 3.5 13 80 M M 3 14 70
22 66 41 54 -1 11 0 0.47 0.0 0 8.4 18 320 M M 5 138 24 300
23 60 32 46 -8 19 0 0.00 0.0 0 3.8 12 360 M M 0 14 360
24 64 32 48 -6 17 0 0.00 0.0 0 3.1 12 130 M M 0 16 140
25 71 36 54 0 11 0 0.24 0.0 0 3.7 12 290 M M 3 1 15 280
26 61 36 49 -5 16 0 0.01 0.0 0 8.9 18 310 M M 3 27 330
27 62 30 46 -8 19 0 0.00 0.0 0 2.3 7 210 M M 0 9 210
28 53 40 47 -6 18 0 0.01 M 0 4.1 9 270 M M 5 11 280
29 61 33 47 -6 18 0 0.00 0.0 0 5.1 15 350 M M 0 1 20 350
30 69 31 50 -3 15 0 0.00 0.0 0 1.2 8 210 M M 0 11 250
================================================================================
SM 2049 1207 318 2 1.42 0.0 139.2 M 52
================================================================================
AV 68.3 40.2 4.6 FASTST M M 2 MAX(MPH)
MISC ----> 26 300 34 310
================================================================================
NOTES:
# LAST OF SEVERAL OCCURRENCES
COLUMN 17 PEAK WIND IN M.P.H.
PRELIMINARY LOCAL CLIMATOLOGICAL DATA (WS FORM: F-6) , PAGE 2
STATION: MONTGOMERY
MONTH: NOVEMBER
YEAR: 2021
LATITUDE: 32 17 N
LONGITUDE: 86 24 W
[TEMPERATURE DATA] [PRECIPITATION DATA] SYMBOLS USED IN COLUMN 16
AVERAGE MONTHLY: 54.3 TOTAL FOR MONTH: 1.42 1 = FOG OR MIST
DPTR FM NORMAL: -2.3 DPTR FM NORMAL: -2.43 2 = FOG REDUCING VISIBILITY
HIGHEST: 79 ON 18,11 GRTST 24HR 0.69 ON 11-11 TO 1/4 MILE OR LESS
LOWEST: 30 ON 27 3 = THUNDER
SNOW, ICE PELLETS, HAIL 4 = ICE PELLETS
TOTAL MONTH: 0.0 INCH 5 = HAIL
GRTST 24HR 0.0 6 = FREEZING RAIN OR DRIZZLE
GRTST DEPTH: 0 7 = DUSTSTORM OR SANDSTORM:
VSBY 1/2 MILE OR LESS
8 = SMOKE OR HAZE
[NO. OF DAYS WITH] [WEATHER - DAYS WITH] 9 = BLOWING SNOW
X = TORNADO
MAX 32 OR BELOW: 0 0.01 INCH OR MORE: 5
MAX 90 OR ABOVE: 0 0.10 INCH OR MORE: 3
MIN 32 OR BELOW: 5 0.50 INCH OR MORE: 1
MIN 0 OR BELOW: 0 1.00 INCH OR MORE: 0
[HDD (BASE 65) ]
TOTAL THIS MO. 318 CLEAR (SCALE 0-3) 24
DPTR FM NORMAL 41 PTCLDY (SCALE 4-7) 5
TOTAL FM JUL 1 360 CLOUDY (SCALE 8-10) 1
DPTR FM NORMAL 11
[CDD (BASE 65) ]
TOTAL THIS MO. 2
DPTR FM NORMAL -22 [PRESSURE DATA]
TOTAL FM JAN 1 2436 HIGHEST SLP 30.42 ON 19
DPTR FM NORMAL -96 LOWEST SLP 29.90 ON 11
[REMARKS]
#FINAL-11-21#