000
CXUS53 KFSD 030044 CCA
CF6MHE
PRELIMINARY LOCAL CLIMATOLOGICAL DATA (WS FORM: F-6)
STATION: MITCHELL SD
MONTH: FEBRUARY
YEAR: 2022
LATITUDE: 43 46 N
LONGITUDE: 98 2 W
TEMPERATURE IN F: :PCPN: SNOW: WIND :SUNSHINE: SKY :PK WND
================================================================================
1 2 3 4 5 6A 6B 7 8 9 10 11 12 13 14 15 16 17 18
12Z AVG MX 2MIN
DY MAX MIN AVG DEP HDD CDD WTR SNW DPTH SPD SPD DIR MIN PSBL S-S WX SPD DR
================================================================================
1 39 5 22 2 43 0 0.00 0.0 0 21.2 38 310 M M 0 48 310
2 11 -5 3 -17 62 0 0.00 0.0 0 10.8 18 350 M M 2 28 20
3 15 -8 4 -16 61 0 0.00 0.0 0 9.1 20 160 M M 1 27 160
4 21 6 14 -6 51 0 0.00 0.0 0 13.2 30 330 M M 4 39 340
5 58 9 34 14 31 0 T 0.0 0 12.7 29 310 M M 2 38 300
6 34 21 28 8 37 0 0.00 0.0 0 13.7 33 330 M M 6 45 330
7 56 22 39 18 26 0 0.00 0.0 0 9.0 18 300 M M 3 24 300
8 58 35 47 26 18 0 0.00 0.0 0 18.0 37 320 M M 2 53 300
9 46 21 34 13 31 0 0.00 0.0 0 16.4 31 330 M M 4 40 320
10 55 18 37 16 28 0 0.01 0.0 0 12.4 25 310 M M 5 32 320
11 43 3 23 1 42 0 T T 0 22.7 39 340 M M 4 51 350
12 25 -1 12 -10 53 0 0.00 0.0 0 6.3 23 360 M M 8 27 360
13 28 -4 12 -10 53 0 0.00 0.0 0 9.1 24 190 M M 2 32 190
14 30 9 20 -2 45 0 0.00 0.0 0 10.2 23 340 M M 0 32 340
15 47 18 33 10 32 0 0.00 0.0 0 15.7 30 150 M M 0 41 150
16 28 12 20 -3 45 0 0.00 0.0 0 18.7 26 360 M M 6 32 350
17 24 -2 11 -13 54 0 0.00 0.0 0 9.5 21 350 M M 1 26 340
18 49 9 29 5 36 0 0.00 0.0 0 18.5 36 340 M M 5 48 340
19 47 2 25 1 40 0 0.00 0.0 0 14.6 28 180 M M 1 41 180
20 54 18 36 11 29 0 0.00 0.0 0 16.9 29 300 M M 1 38 310
21 18 -2 8 -17 57 0 T T 0 20.6 29 350 M M 9 19 38 340
22 2 -7 -2 -27 67 0 0.04 0.5 T 21.9 33 330 M M 10 9 43 340
23 5 -15 -5 -31 70 0 0.00 0.0 T 8.1 17 330 M M 3 21 310
24 5 -9 -2 -28 67 0 0.08 0.6 T 5.6 14 20 M M 8 1 17 360
25 17 -12 3 -24 62 0 0.00 0.0 1 6.4 14 190 M M 1 1 18 160
26 36 -2 17 -10 48 0 0.00 0.0 1 8.5 17 260 M M 0 22 260
27 53 14 34 6 31 0 0.00 0.0 0 7.7 15 240 M M 0 21 200
28 63 29 46 18 19 0 0.00 0.0 0 9.5 24 280 M M 2 32 290
================================================================================
SM 967 184 1238 0 0.13 1.1 367.0 M 90
================================================================================
AV 34.5 6.6 13.1 FASTST M M 3 MAX(MPH)
MISC ----> 39 340 53 300
================================================================================
NOTES:
# LAST OF SEVERAL OCCURRENCES
-COLUMN 17 PEAK WIND IN M.P.H.
-PRECIPIATION AMOUNTS IN COLUMNS 7,8, AND 9 ARE THE OFFICIAL PRECIPITATION
AMOUNTS FOR MITCHELL, SD.
-SNOW DEPTHS IN COLUMN 9 IS RECORDED AT 6 AM CST (12Z).
PRELIMINARY LOCAL CLIMATOLOGICAL DATA (WS FORM: F-6) , PAGE 2
STATION: MITCHELL SD
MONTH: FEBRUARY
YEAR: 2022
LATITUDE: 43 46 N
LONGITUDE: 98 2 W
[TEMPERATURE DATA] [PRECIPITATION DATA] SYMBOLS USED IN COLUMN 16
AVERAGE MONTHLY: 20.6 TOTAL FOR MONTH: 0.13 1 = FOG OR MIST
DPTR FM NORMAL: -2.4 DPTR FM NORMAL: -0.24 2 = FOG REDUCING VISIBILITY
HIGHEST: 63 ON 28 GRTST 24HR 0.08 ON 24 TO 1/4 MILE OR LESS
LOWEST: -15 ON 23 3 = THUNDER
SNOW, ICE PELLETS, HAIL 4 = ICE PELLETS
TOTAL MONTH: 1.1 INCHES 5 = HAIL
GRTST 24HR 0.6 ON 24 6 = FREEZING RAIN OR DRIZZLE
GRTST DEPTH: 1 ON 26,25 7 = DUSTSTORM OR SANDSTORM:
VSBY 1/2 MILE OR LESS
8 = SMOKE OR HAZE
[NO. OF DAYS WITH] [WEATHER - DAYS WITH] 9 = BLOWING SNOW
X = TORNADO
MAX 32 OR BELOW: 13 0.01 INCH OR MORE: 3
MAX 90 OR ABOVE: 0 0.10 INCH OR MORE: 0
MIN 32 OR BELOW: 27 0.50 INCH OR MORE: 0
MIN 0 OR BELOW: 11 1.00 INCH OR MORE: 0
[HDD (BASE 65) ]
TOTAL THIS MO. 1238 CLEAR (SCALE 0-3) 15
DPTR FM NORMAL 64 PTCLDY (SCALE 4-7) 11
TOTAL FM JUL 1 5008 CLOUDY (SCALE 8-10) 2
DPTR FM NORMAL -418
[CDD (BASE 65) ]
TOTAL THIS MO. 0
DPTR FM NORMAL 0 [PRESSURE DATA]
TOTAL FM JAN 1 0 HIGHEST SLP 30.88 ON 23
DPTR FM NORMAL 0 LOWEST SLP 29.53 ON 20
[REMARKS]
RECORD DAILY HIGH MINIMUM TEMPERATURE WAS ESTABLISHED ON THE 8TH WITH A LOW
OF 35 DEGREES. THE PREVIOUS RECORD WAS 34 DEGREES IN 1996 1960 AND 1954.
RECORD DAILY LOW MAXIMUM TEMPERATURE WAS TIED ON THE 22ND WITH A HIGH OF
2 DEGREES. THIS RECORD WAS ORIGINALLY ESTABLISHED IN 1910.
RECORD DAILY LOW MAXIMUM TEMPERATURE WAS TIED ON THE 24TH WITH A HIGH OF
5 DEGREES. THIS RECORD WAS ORIGINALLY ESTABLISHED IN 1955.
#FINAL-02-22#