000
CXUS53 KFSD 011616
CF6MHE
PRELIMINARY LOCAL CLIMATOLOGICAL DATA (WS FORM: F-6)
STATION: MITCHELL SD
MONTH: OCTOBER
YEAR: 2020
LATITUDE: 43 46 N
LONGITUDE: 98 2 W
TEMPERATURE IN F: :PCPN: SNOW: WIND :SUNSHINE: SKY :PK WND
================================================================================
1 2 3 4 5 6A 6B 7 8 9 10 11 12 13 14 15 16 17 18
12Z AVG MX 2MIN
DY MAX MIN AVG DEP HDD CDD WTR SNW DPTH SPD SPD DIR MIN PSBL S-S WX SPD DR
================================================================================
1 57 38 48 -8 17 0 0.00 0.0 0 13.2 28 330 M M 4 38 330
2 60 33 47 -8 18 0 T 0.0 0 6.8 16 110 M M 5 21 150
3 62 38 50 -5 15 0 0.00 0.0 0 2.7 13 20 M M 8 16 10
4 69 36 53 -1 12 0 0.00 0.0 0 12.6 22 160 M M 2 30 150
5 80 48 64 10 1 0 0.00 0.0 0 10.2 28 330 M M 0 37 320
6 87 47 67 13 0 2 0.00 0.0 0 9.9 24 280 M M 0 32 260
7 76 43 60 7 5 0 0.00 0.0 0 6.9 16 360 M M 0 23 350
8 77 39 58 5 7 0 0.00 0.0 0 12.7 29 160 M M 0 38 130
9 88 50 69 17 0 4 0.00 0.0 0 7.3 14 10 M M 0 18 10
10 75 40 58 6 7 0 0.00 0.0 0 9.4 17 140 M M 0 26 150
11 84 53 69 17 0 4 T 0.0 0 18.2 37 320 M M 3 49 320
12 72 41 57 6 8 0 T 0.0 0 11.6 20 240 M M 1 34 230
13 64 46 55 4 10 0 0.00 0.0 0 12.5 26 310 M M 1 36 320
14 64 40 52 1 13 0 T 0.0 0 18.1 36 300 M M 1 46 300
15 55 29 42 -8 23 0 0.00 0.0 0 13.5 25 310 M M 5 32 300
16 54 35 45 -5 20 0 T 0.0 0 12.1 22 280 M M 3 31 250
17 55 35 45 -4 20 0 T 0.0 0 12.2 29 330 M M 6 36 340
18 40 27 34 -15 31 0 0.00 0.0 0 8.1 20 320 M M 2 25 330
19 39 33 36 -13 29 0 T T 0 9.5 17 150 M M 10 1 21 160
20 48 33 41 -7 24 0 0.11 0.0 0 11.4 22 140 M M 9 1 29 140
21 39 32 36 -12 29 0 0.02 T 0 8.9 17 110 M M 8 1 22 110
22 35 32 34 -13 31 0 0.13 T 0 14.0 20 60 M M 10 16 29 50
23 34 18 26 -21 39 0 T T 0 12.1 21 330 M M 4 1 28 340
24 28 17 23 -23 42 0 0.08 1.5 0 9.0 16 80 M M 6 1 21 80
25 26 11 19 -27 46 0 0.26 3.0 1 11.9 21 350 M M 6 1 26 360
26 24 10 17 -29 48 0 0.00 0.0 4 6.2 13 190 M M 0 18 200
27 34 7 21 -24 44 0 0.00 0.0 4 9.2 16 190 M M 0 20 190
28 50 26 38 -7 27 0 0.00 0.0 3 11.1 18 10 M M 0 23 360
29 44 23 34 -10 31 0 0.00 0.0 0 8.0 16 140 M M 3 1 24 140
30 55 26 41 -3 24 0 0.00 0.0 0 9.9 26 150 M M 0 33 160
31 64 32 48 5 17 0 0.00 0.0 0 19.1 37 310 M M 0 51 320
================================================================================
SM 1739 1018 638 10 0.60 4.5 338.3 M 97
================================================================================
AV 56.1 32.8 10.9 FASTST M M 3 MAX(MPH)
MISC ----> # 37 320 51 320
================================================================================
NOTES:
#LAST OF SEVERAL OCCURRENCES
-COLUMN 17 PEAK WIND IN M.P.H.
-PRECIPITATION AMOUNTS IN COLUMNS 7,8, AND 9 ARE THE OFFICIAL PRECIPITATION
AMOUNTS FOR MITCHELL SD.
-SNOW DEPTH IN COLUMN 9 IS RECORDED AT 6 AM CST (12Z).
PRELIMINARY LOCAL CLIMATOLOGICAL DATA (WS FORM: F-6) , PAGE 2
STATION: MITCHELL SD
MONTH: OCTOBER
YEAR: 2020
LATITUDE: 43 46 N
LONGITUDE: 98 2 W
[TEMPERATURE DATA] [PRECIPITATION DATA] SYMBOLS USED IN COLUMN 16
AVERAGE MONTHLY: 44.5 TOTAL FOR MONTH: 0.60 1 = FOG OR MIST
DPTR FM NORMAL: -5.2 DPTR FM NORMAL: -1.02 2 = FOG REDUCING VISIBILITY
HIGHEST: 88 ON 9 GRTST 24HR 0.34 ON 24-25 TO 1/4 MILE OR LESS
LOWEST: 7 ON 27 3 = THUNDER
SNOW, ICE PELLETS, HAIL 4 = ICE PELLETS
TOTAL MONTH: 4.5 INCHES 5 = HAIL
GRTST 24HR 4.5 ON 24-25 6 = FREEZING RAIN OR DRIZZLE
GRTST DEPTH: 4 ON 27,26 7 = DUSTSTORM OR SANDSTORM:
VSBY 1/2 MILE OR LESS
8 = SMOKE OR HAZE
[NO. OF DAYS WITH] [WEATHER - DAYS WITH] 9 = BLOWING SNOW
X = TORNADO
MAX 32 OR BELOW: 3 0.01 INCH OR MORE: 5
MAX 90 OR ABOVE: 0 0.10 INCH OR MORE: 3
MIN 32 OR BELOW: 13 0.50 INCH OR MORE: 0
MIN 0 OR BELOW: 0 1.00 INCH OR MORE: 0
[HDD (BASE 65) ]
TOTAL THIS MO. 638 CLEAR (SCALE 0-3) 18
DPTR FM NORMAL 155 PTCLDY (SCALE 4-7) 10
TOTAL FM JUL 1 766 CLOUDY (SCALE 8-10) 3
DPTR FM NORMAL 125
[CDD (BASE 65) ]
TOTAL THIS MO. 10
DPTR FM NORMAL 3 [PRESSURE DATA]
TOTAL FM JAN 1 1077 HIGHEST SLP 30.58 ON 26
DPTR FM NORMAL 253 LOWEST SLP 29.40 ON 11
[REMARKS]
RECORD LOW MAXIMUM TEMPERATURE ESTABLISHED ON THE 24TH WITH A HIGH OF 28
DEGREES. THE PREVIOUS RECORD WAS 31 DEGREES SET BACK IN 1917.
RECORD DAILY MINIMUM TEMPERATURE ESTABLISHED ON THE 25TH WITH A LOW OF 11
DEGREES. THE PREVIOUS RECORD WAS 16 DEGREES SET BACK IN 1907.
RECORD LOW MAXIMUM TEMPERATURE ESTABLISHED ON THE 25TH WITH A HIGH OF 26
DEGREES. THE PREVIOUS RECORD WAS 33 DEGREES SET BACK IN 1919.
RECORD DAILY MAXIMUM SNOWFALL ESTABLISHED ON THE 25TH WITH 3.0 INCHES. THE
PREVIOUS RECORD WAS 2.0 INCHES SET BACK IN 1908.
RECORD DAILY MINIMUM TEMPERATURE ESTABLISHED ON THE 27TH WITH A LOW OF 7
DEGREES. THE PREVIOUS RECORD WAS 14 DEGREES SET BACK IN 1997.
#FINAL-10-20#