000
CXUS56 KMFR 011000
CF6MHS
PRELIMINARY LOCAL CLIMATOLOGICAL DATA (WS FORM: F-6)
STATION: MT SHASTA CITY CA
MONTH: JULY
YEAR: 2020
LATITUDE: 41 19 N
LONGITUDE: 122 19 W
TEMPERATURE IN F: :PCPN: SNOW: WIND :SUNSHINE: SKY :PK WND
================================================================================
1 2 3 4 5 6A 6B 7 8 9 10 11 12 13 14 15 16 17 18
12Z AVG MX 2MIN
DY MAX MIN AVG DEP HDD CDD WTR SNW DPTH SPD SPD DIR MIN PSBL S-S WX SPD DR
================================================================================
1 78 49 64 -1 1 0 0.00 M M 4.7 10 320 M M 0 20 340
2 84 44 64 -2 1 0 0.00 M M 1.2 8 300 M M 1 14 360
3 82 45 64 -2 1 0 0.00 M M 1.4 8 90 M M 0 15 130
4 83 48 66 0 0 1 0.00 M M 2.5 7 350 M M 1 14 350
5 84 50 67 1 0 2 0.00 M M 1.8 8 350 M M 1 17 360
6 86 50 68 2 0 3 0.00 M M 2.7 13 340 M M 0 22 330
7 79 48 64 -3 1 0 0.00 M M 4.8 10 350 M M 0 20 300
8 82 47 65 -2 0 0 0.00 M M 3.1 8 330 M M 0 16 330
9 86 52 69 2 0 4 0.00 M M 1.7 8 320 M M 1 8 17 310
10 89 50 70 3 0 5 0.00 M M 0.7 6 80 M M 0 11 130
11 92 48 70 2 0 5 0.00 M M 0.2 5 70 M M 0 13 140
12 90 53 72 4 0 7 0.00 M M 3.1 9 350 M M 0 17 340
13 88 56 72 4 0 7 0.00 M M 2.3 8 320 M M 0 16 340
14 91 53 72 4 0 7 0.00 M M 1.8 8 300 M M 0 14 310
15 93 57 75 7 0 10 0.00 M M 2.1 8 340 M M 0 17 340
16 93 60 77 9 0 12 0.00 M M 2.8 9 300 M M 0 16 340
17 93 53 73 5 0 8 0.00 M M 1.4 7 130 M M 0 12 140
18 93 52 73 4 0 8 0.00 M M 0.8 5 99 M M 0 M M
19 96 56 76 7 0 11 0.00 M M 1.2 6 70 M M 1 9 130
20 96 53 75 6 0 10 0.00 M M 0.1 5 70 M M 0 8 130
21 97 54 76 7 0 11 0.00 M M 1.0 7 90 M M 0 13 170
22 89 55 72 3 0 7 0.28 M M 1.0 10 300 M M 2 1 20 290
23 86 50 68 -1 0 3 0.00 M M 1.6 8 280 M M 1 14 300
24 88 52 70 1 0 5 0.00 M M 0.7 6 110 M M 0 10 70
25 92 52 72 3 0 7 0.00 M M 0.6 5 100 M M 0 11 130
26 96 52 74 5 0 9 T M M 0.5 10 80 M M 0 17 60
27 94 58 76 7 0 11 0.20 M M 0.9 8 80 M M 5 18 16 280
28 91 51 71 2 0 6 0.00 M M 0.1 5 70 M M 0 1 8 60
29 91 53 72 3 0 7 0.00 M M 1.0 6 90 M M 0 11 140
30 90 47 69 0 0 4 0.00 M M 0.6 6 130 M M 0 11 130
31 89 48 69 0 0 4 0.00 M M 0.8 8 90 M M 0 14 90
================================================================================
SM 2761 1596 4 174 0.48 M 49.2 M 13
================================================================================
AV 89.1 51.5 1.6 FASTST M M 0 MAX(MPH)
MISC ----> # 13 340 # 22 330
================================================================================
NOTES:
# LAST OF SEVERAL OCCURRENCES
COLUMN 17 PEAK WIND IN M.P.H.
PRELIMINARY LOCAL CLIMATOLOGICAL DATA (WS FORM: F-6) , PAGE 2
STATION: MT SHASTA CITY CA
MONTH: JULY
YEAR: 2020
LATITUDE: 41 19 N
LONGITUDE: 122 19 W
[TEMPERATURE DATA] [PRECIPITATION DATA] SYMBOLS USED IN COLUMN 16
AVERAGE MONTHLY: 70.3 TOTAL FOR MONTH: 0.48 1 = FOG OR MIST
DPTR FM NORMAL: 2.4 DPTR FM NORMAL: 0.09 2 = FOG REDUCING VISIBILITY
HIGHEST: 97 ON 21 GRTST 24HR 0.28 ON 22-22 TO 1/4 MILE OR LESS
LOWEST: 44 ON 2 3 = THUNDER
SNOW, ICE PELLETS, HAIL 4 = ICE PELLETS
TOTAL MONTH: M 5 = HAIL
GRTST 24HR M ON M 6 = FREEZING RAIN OR DRIZZLE
GRTST DEPTH: M ON M 7 = DUSTSTORM OR SANDSTORM:
VSBY 1/2 MILE OR LESS
8 = SMOKE OR HAZE
[NO. OF DAYS WITH] [WEATHER - DAYS WITH] 9 = BLOWING SNOW
X = TORNADO
MAX 32 OR BELOW: 0 0.01 INCH OR MORE: 2
MAX 90 OR ABOVE: 16 0.10 INCH OR MORE: 2
MIN 32 OR BELOW: 0 0.50 INCH OR MORE: 0
MIN 0 OR BELOW: 0 1.00 INCH OR MORE: 0
[HDD (BASE 65) ]
TOTAL THIS MO. 4 CLEAR (SCALE 0-3) 30
DPTR FM NORMAL -29 PTCLDY (SCALE 4-7) 1
TOTAL FM JUL 1 4 CLOUDY (SCALE 8-10) 0
DPTR FM NORMAL -29
[CDD (BASE 65) ]
TOTAL THIS MO. 174
DPTR FM NORMAL 51 [PRESSURE DATA]
TOTAL FM JAN 1 282 HIGHEST SLP 30.25 ON 4
DPTR FM NORMAL 114 LOWEST SLP 29.91 ON 29
[REMARKS]
#FINAL-07-20#