000
CXUS53 KMKX 010910
CF6MKE
PRELIMINARY LOCAL CLIMATOLOGICAL DATA (WS FORM: F-6)
STATION: MILWAUKEE WI
MONTH: SEPTEMBER
YEAR: 2020
LATITUDE: 42 57 N
LONGITUDE: 87 54 W
TEMPERATURE IN F: :PCPN: SNOW: WIND :SUNSHINE: SKY :PK WND
================================================================================
1 2 3 4 5 6A 6B 7 8 9 10 11 12 13 14 15 16 17 18
12Z AVG MX 2MIN
DY MAX MIN AVG DEP HDD CDD WTR SNW DPTH SPD SPD DIR MIN PSBL S-S WX SPD DR
================================================================================
1 71 59 65 -3 0 0 T 0.0 0 6.4 16 200 M M 7 1 22 360
2 83 63 73 5 0 8 0.16 0.0 0 8.1 18 270 M M 1 1 25 260
3 82 62 72 4 0 7 0.00 0.0 0 13.4 32 260 M M 2 46 270
4 78 55 67 -1 0 2 0.00 0.0 0 8.3 21 290 M M 2 33 260
5 77 60 69 2 0 4 T 0.0 0 5.7 17 280 M M 5 23 290
6 81 58 70 3 0 5 0.11 0.0 0 13.4 37 200 M M 7 3 55 200
7 79 60 70 3 0 5 T 0.0 0 10.9 20 10 M M 8 3 30 290
8 61 55 58 -8 7 0 1.12 0.0 0 15.3 22 60 M M 10 13 29 60
9 58 50 54 -12 11 0 0.13 0.0 0 14.2 20 60 M M 10 18 25 50
10 59 51 55 -11 10 0 0.14 0.0 0 11.9 16 360 M M 10 1 16 360
11 67 57 62 -3 3 0 0.27 0.0 0 10.1 16 100 M M 10 1 22 100
12 70 61 66 1 0 1 0.22 0.0 0 10.4 16 270 M M 10 1 16 270
13 69 59 64 0 1 0 0.00 0.0 0 6.6 15 330 M M 7 22 330
14 68 58 63 -1 2 0 0.00 0.0 0 8.0 16 120 M M 6 22 90
15 79 59 69 5 0 4 0.00 0.0 0 12.0 22 220 M M 7 18 28 210
16 80 63 72 9 0 7 0.00 0.0 0 10.8 17 270 M M 7 28 230
17 65 57 61 -2 4 0 0.00 0.0 0 10.4 16 60 M M 7 21 60
18 59 47 53 -9 12 0 T 0.0 0 9.8 20 60 M M 5 25 70
19 63 42 53 -9 12 0 0.00 0.0 0 5.1 20 140 M M 3 23 140
20 68 46 57 -4 8 0 0.00 0.0 0 6.9 21 140 M M 2 27 140
21 73 54 64 3 1 0 0.00 0.0 0 8.4 17 130 M M 3 20 130
22 80 57 69 9 0 4 0.00 0.0 0 6.2 13 230 M M 5 21 230
23 80 60 70 10 0 5 0.00 0.0 0 5.9 14 210 M M 4 20 220
24 79 59 69 9 0 4 0.00 0.0 0 6.7 16 240 M M 5 24 210
25 79 60 70 11 0 5 0.00 0.0 0 9.9 22 200 M M 1 29 200
26 78 65 72 13 0 7 0.00 0.0 0 14.8 30 220 M M 8 41 230
27 74 56 65 7 0 0 0.11 0.0 0 11.3 23 220 M M 10 37 210
28 63 51 57 -1 8 0 0.26 0.0 0 7.8 17 310 M M 8 1 25 290
29 58 47 53 -5 12 0 T 0.0 0 9.2 17 230 M M 5 23 220
30 61 50 56 -1 9 0 0.10 0.0 0 11.1 26 320 M M 4 1 39 310
================================================================================
SM 2142 1681 100 68 2.62 0.0 289.0 M 179
================================================================================
AV 71.4 56.0 9.6 FASTST M M 6 MAX(MPH)
MISC ----> # 37 200 # 55 200
================================================================================
NOTES:
# LAST OF SEVERAL OCCURRENCES
COLUMN 17 PEAK WIND IN M.P.H.
PRELIMINARY LOCAL CLIMATOLOGICAL DATA (WS FORM: F-6) , PAGE 2
STATION: MILWAUKEE WI
MONTH: SEPTEMBER
YEAR: 2020
LATITUDE: 42 57 N
LONGITUDE: 87 54 W
[TEMPERATURE DATA] [PRECIPITATION DATA] SYMBOLS USED IN COLUMN 16
AVERAGE MONTHLY: 63.7 TOTAL FOR MONTH: 2.62 1 = FOG OR MIST
DPTR FM NORMAL: 0.6 DPTR FM NORMAL: -0.56 2 = FOG REDUCING VISIBILITY
HIGHEST: 83 ON 2 GRTST 24HR 1.12 ON 8- 8 TO 1/4 MILE OR LESS
LOWEST: 42 ON 19 3 = THUNDER
SNOW, ICE PELLETS, HAIL 4 = ICE PELLETS
TOTAL MONTH: 0.0 INCH 5 = HAIL
GRTST 24HR 0.0 6 = FREEZING RAIN OR DRIZZLE
GRTST DEPTH: 0 7 = DUSTSTORM OR SANDSTORM:
VSBY 1/2 MILE OR LESS
8 = SMOKE OR HAZE
[NO. OF DAYS WITH] [WEATHER - DAYS WITH] 9 = BLOWING SNOW
X = TORNADO
MAX 32 OR BELOW: 0 0.01 INCH OR MORE: 10
MAX 90 OR ABOVE: 0 0.10 INCH OR MORE: 10
MIN 32 OR BELOW: 0 0.50 INCH OR MORE: 1
MIN 0 OR BELOW: 0 1.00 INCH OR MORE: 1
[HDD (BASE 65) ]
TOTAL THIS MO. 100 CLEAR (SCALE 0-3) 6
DPTR FM NORMAL -26 PTCLDY (SCALE 4-7) 18
TOTAL FM JUL 1 103 CLOUDY (SCALE 8-10) 6
DPTR FM NORMAL -49
[CDD (BASE 65) ]
TOTAL THIS MO. 68
DPTR FM NORMAL -1 [PRESSURE DATA]
TOTAL FM JAN 1 931 HIGHEST SLP 30.44 ON 20
DPTR FM NORMAL 297 LOWEST SLP 29.49 ON 30
[REMARKS]
#FINAL-09-20#