000
CXUS54 KFWD 010830
CF6MKN
PRELIMINARY LOCAL CLIMATOLOGICAL DATA (WS FORM: F-6)
STATION: COMANCHE
MONTH: NOVEMBER
YEAR: 2022
LATITUDE: 31 55 N
LONGITUDE: 98 36 W
TEMPERATURE IN F: :PCPN: SNOW: WIND :SUNSHINE: SKY :PK WND
================================================================================
1 2 3 4 5 6A 6B 7 8 9 10 11 12 13 14 15 16 17 18
12Z AVG MX 2MIN
DY MAX MIN AVG DEP HDD CDD WTR SNW DPTH SPD SPD DIR MIN PSBL S-S WX SPD DR
================================================================================
1 78 52 65 M 0 0 0.00 M M 5.3 12 180 M M 0 1 M M
2 79 54 67 M 0 2 0.00 M M 8.6 16 190 M M 4 1 21 180
3 84 63 74 M 0 9 0.00 M M 12.0 23 190 M M 7 1 30 190
4 86 58 72 M 0 7 0.00 M M 14.7 23 180 M M 5 36 290
5 76 42 59 M 6 0 0.00 M M 6.9 14 190 M M 0 20 200
6 87 57 72 M 0 7 0.00 M M 9.6 15 220 M M 0 23 220
7 83 56 70 M 0 5 0.07 M M 4.7 9 130 M M 6 1 M M
8 80 63 72 M 0 7 0.00 M M 7.9 15 150 M M 4 20 M
9 83 64 74 M 0 9 0.00 M M 11.6 17 170 M M 3 24 170
10 76 65 71 M 0 6 0.00 M M 9.4 14 190 M M 5 18 180
11 65 37 51 M 14 0 0.35 M M 13.0 22 350 M M 7 31 350
12 54 31 43 M 22 0 0.00 M M 7.0 12 30 M M 0 16 360
13 58 31 45 M 20 0 0.00 M M 7.4 15 120 M M 0 8 18 130
14 55 38 47 M 18 0 0.13 M M 9.1 21 350 M M 9 18 31 350
15 51 29 40 M 25 0 0.00 M M 7.5 13 340 M M 2 20 340
16 55 38 47 M 18 0 0.00 M M 3.0 7 90 M M 7 M M
17 63 35 49 M 16 0 0.00 M M 6.0 9 260 M M 0 M M
18 49 38 44 M 21 0 0.00 M M 7.5 12 50 M M 8 16 20
19 42 33 38 M 27 0 0.00 M M 6.8 13 10 M M 9 17 10
20 49 31 40 M 25 0 0.02 M M 4.2 10 200 M M 6 M M
21 52 38 45 M 20 0 0.00 M M 2.9 7 190 M M 10 M M
22 61 45 53 M 12 0 0.00 M M 3.5 9 160 M M 9 M M
23 60 51 56 M 9 0 0.07 M M 7.3 14 180 M M 10 18 17 180
24 60 51 56 M 9 0 0.28 M M 5.5 13 30 M M 10 13 20 30
25 51 44 48 M 17 0 0.66 M M 9.4 15 20 M M 10 1 20 360
26 49 43 46 M 19 0 0.77 M M 9.5 16 250 M M 8 1 23 280
27 65 38 52 M 13 0 0.00 M M 5.9 9 320 M M 0 M M
28 74 38 56 M 9 0 0.00 M M 9.1 17 210 M M 0 22 190
29 82 40 61 M 4 0 0.00 M M 12.2 24 350 M M 2 33 350
30 52 30 41 M 24 0 0.00 M M 7.9 17 360 M M 0 23 360
================================================================================
SM 1959 1333 348 52 2.35 M 235.7 M 141
================================================================================
AV 65.3 44.4 7.9 FASTST M M 5 MAX(MPH)
MISC ----> 24 350 36 290
================================================================================
NOTES:
# LAST OF SEVERAL OCCURRENCES
COLUMN 17 PEAK WIND IN M.P.H.
PRELIMINARY LOCAL CLIMATOLOGICAL DATA (WS FORM: F-6) , PAGE 2
STATION: COMANCHE
MONTH: NOVEMBER
YEAR: 2022
LATITUDE: 31 55 N
LONGITUDE: 98 36 W
[TEMPERATURE DATA] [PRECIPITATION DATA] SYMBOLS USED IN COLUMN 16
AVERAGE MONTHLY: 54.9 TOTAL FOR MONTH: 2.35 1 = FOG OR MIST
DPTR FM NORMAL: 0.0 DPTR FM NORMAL: 0.42 2 = FOG REDUCING VISIBILITY
HIGHEST: 87 ON 6 GRTST 24HR 0.77 ON 26-26 TO 1/4 MILE OR LESS
LOWEST: 29 ON 15 3 = THUNDER
SNOW, ICE PELLETS, HAIL 4 = ICE PELLETS
TOTAL MONTH: M 5 = HAIL
GRTST 24HR M ON M 6 = FREEZING RAIN OR DRIZZLE
GRTST DEPTH: M ON M 7 = DUSTSTORM OR SANDSTORM:
VSBY 1/2 MILE OR LESS
8 = SMOKE OR HAZE
[NO. OF DAYS WITH] [WEATHER - DAYS WITH] 9 = BLOWING SNOW
X = TORNADO
MAX 32 OR BELOW: 0 0.01 INCH OR MORE: 8
MAX 90 OR ABOVE: 0 0.10 INCH OR MORE: 5
MIN 32 OR BELOW: 5 0.50 INCH OR MORE: 2
MIN 0 OR BELOW: 0 1.00 INCH OR MORE: 0
[HDD (BASE 65) ]
TOTAL THIS MO. 348 CLEAR (SCALE 0-3) 12
DPTR FM NORMAL M PTCLDY (SCALE 4-7) 10
TOTAL FM JUL 1 392 CLOUDY (SCALE 8-10) 8
DPTR FM NORMAL M
[CDD (BASE 65) ]
TOTAL THIS MO. 52
DPTR FM NORMAL M [PRESSURE DATA]
TOTAL FM JAN 1 3072 HIGHEST SLP M ON M
DPTR FM NORMAL M LOWEST SLP M ON M
[REMARKS]
#FINAL-11-22#