000
CXUS54 KFWD 010730
CF6MKN
PRELIMINARY LOCAL CLIMATOLOGICAL DATA (WS FORM: F-6)
STATION: COMANCHE
MONTH: SEPTEMBER
YEAR: 2023
LATITUDE: 31 55 N
LONGITUDE: 98 36 W
TEMPERATURE IN F: :PCPN: SNOW: WIND :SUNSHINE: SKY :PK WND
================================================================================
1 2 3 4 5 6A 6B 7 8 9 10 11 12 13 14 15 16 17 18
12Z AVG MX 2MIN
DY MAX MIN AVG DEP HDD CDD WTR SNW DPTH SPD SPD DIR MIN PSBL S-S WX SPD DR
================================================================================
1 107 69 88 M 0 23 0.00 M M 5.2 9 120 M M 0 20 170
2 108 70 89 M 0 24 0.00 M M 4.4 10 250 M M 1 8 21 0
3 109 75 92 M 0 27 0.00 M M 9.9 18 110 M M 0 24 110
4 105 78 92 M 0 27 0.00 M M 11.2 17 200 M M 0 23 200
5 108 80 94 M 0 29 0.00 M M 11.7 20 190 M M 0 24 190
6 110 76 93 M 0 28 0.00 M M 7.2 14 190 M M 2 3 21 230
7 112 79 96 M 0 31 0.00 M M 7.0 14 170 M M 0 18 220
8 112 82 97 M 0 32 0.00 M M 8.3 14 250 M M 0 20 200
9 108 66 87 M 0 22 2.32 M M 7.5 16 10 M M 0 3 32 220
10 98 72 85 M 0 20 0.00 M M 7.2 15 120 M M 0 25 280
11 94 65 80 M 0 15 0.53 M M 7.5 14 100 M M 3 3 21 120
12 79 69 74 M 0 9 0.02 M M 6.0 12 340 M M 8 1 16 330
13 78 66 72 M 0 7 0.84 M M 2.3 7 350 M M 9 1 M M
14 80 69 75 M 0 10 0.37 M M 4.5 8 110 M M 9 13 M M
15 94 65 80 M 0 15 0.64 M M 4.4 8 200 M M 7 13 39 120
16 85 69 77 M 0 12 0.34 M M 2.2 8 350 M M 6 3 M M
17 91 67 79 M 0 14 0.00 M M 3.6 7 40 M M 1 9 50
18 95 63 79 M 0 14 0.00 M M 3.7 9 180 M M 0 16 130
19 96 72 84 M 0 19 0.00 M M 12.0 18 210 M M 0 25 210
20 101 69 85 M 0 20 0.00 M M 10.4 20 200 M M 0 28 200
21 98 74 86 M 0 21 0.00 M M 8.8 13 150 M M 0 17 150
22 100 75 88 M 0 23 0.00 M M 9.4 17 190 M M 0 23 190
23 101 77 89 M 0 24 0.00 M M 10.9 16 210 M M 0 22 210
24 103 78 91 M 0 26 0.00 M M 7.4 16 240 M M 0 23 240
25 91 70 81 M 0 16 0.00 M M 4.2 10 10 M M 4 17 30
26 97 67 82 M 0 17 0.00 M M 3.8 9 170 M M 0 M M
27 100 65 83 M 0 18 0.00 M M 2.8 7 160 M M 1 M M
28 100 66 83 M 0 18 0.00 M M 5.0 10 190 M M 1 M M
29 98 70 84 M 0 19 0.00 M M 7.7 14 200 M M 0 21 160
30 96 69 83 M 0 18 0.00 M M 7.3 15 150 M M 0 18 160
================================================================================
SM 2954 2132 0 598 5.06 M 203.5 M 52
================================================================================
AV 98.5 71.1 6.8 FASTST M M 2 MAX(MPH)
MISC ----> # 20 190 39 120
================================================================================
NOTES:
# LAST OF SEVERAL OCCURRENCES
COLUMN 17 PEAK WIND IN M.P.H.
PRELIMINARY LOCAL CLIMATOLOGICAL DATA (WS FORM: F-6) , PAGE 2
STATION: COMANCHE
MONTH: SEPTEMBER
YEAR: 2023
LATITUDE: 31 55 N
LONGITUDE: 98 36 W
[TEMPERATURE DATA] [PRECIPITATION DATA] SYMBOLS USED IN COLUMN 16
AVERAGE MONTHLY: 84.8 TOTAL FOR MONTH: 5.06 1 = FOG OR MIST
DPTR FM NORMAL: 0.0 DPTR FM NORMAL: 2.17 2 = FOG REDUCING VISIBILITY
HIGHEST: 112 ON 8, 7 GRTST 24HR 2.32 ON 9- 9 TO 1/4 MILE OR LESS
LOWEST: 63 ON 18 3 = THUNDER
SNOW, ICE PELLETS, HAIL 4 = ICE PELLETS
TOTAL MONTH: M 5 = HAIL
GRTST 24HR M ON M 6 = FREEZING RAIN OR DRIZZLE
GRTST DEPTH: M ON M 7 = DUSTSTORM OR SANDSTORM:
VSBY 1/2 MILE OR LESS
8 = SMOKE OR HAZE
[NO. OF DAYS WITH] [WEATHER - DAYS WITH] 9 = BLOWING SNOW
X = TORNADO
MAX 32 OR BELOW: 0 0.01 INCH OR MORE: 7
MAX 90 OR ABOVE: 26 0.10 INCH OR MORE: 6
MIN 32 OR BELOW: 0 0.50 INCH OR MORE: 4
MIN 0 OR BELOW: 0 1.00 INCH OR MORE: 1
[HDD (BASE 65) ]
TOTAL THIS MO. 0 CLEAR (SCALE 0-3) 23
DPTR FM NORMAL M PTCLDY (SCALE 4-7) 5
TOTAL FM JUL 1 0 CLOUDY (SCALE 8-10) 2
DPTR FM NORMAL M
[CDD (BASE 65) ]
TOTAL THIS MO. 598
DPTR FM NORMAL M [PRESSURE DATA]
TOTAL FM JAN 1 3438 HIGHEST SLP M ON M
DPTR FM NORMAL M LOWEST SLP M ON M
[REMARKS]
#FINAL-09-23#