000
CXUS53 KMPX 050532
CF6MKT
PRELIMINARY LOCAL CLIMATOLOGICAL DATA (WS FORM: F-6)
STATION: MANKATO MN
MONTH: JULY
YEAR: 2022
LATITUDE: 44 13 N
LONGITUDE: 93 55 W
TEMPERATURE IN F: :PCPN: SNOW: WIND :SUNSHINE: SKY :PK WND
================================================================================
1 2 3 4 5 6A 6B 7 8 9 10 11 12 13 14 15 16 17 18
12Z AVG MX 2MIN
DY MAX MIN AVG DEP HDD CDD WTR SNW DPTH SPD SPD DIR MIN PSBL S-S WX SPD DR
================================================================================
1 82 61 72 0 0 7 0.00 M M 6.6 16 290 M M 2 20 290
2 74 62 68 -4 0 3 0.35 M M 5.6 10 30 M M 4 1 M M
3 84 61 73 1 0 8 0.00 M M 9.5 15 190 M M 2 20 160
4 85 69 77 5 0 12 0.48 M M 8.5 15 220 M M 4 13 31 200
5 89 72 81 9 0 16 0.11 M M 6.3 18 20 M M 3 13 30 130
6 81 69 75 3 0 10 0.00 M M 7.4 12 60 M M 5 16 60
7 86 69 78 6 0 13 0.14 M M 7.5 15 10 M M 5 M M
8 81 69 75 3 0 10 0.04 M M 7.6 16 20 M M 6 M M
9 81 65 73 1 0 8 0.00 M M 7.2 13 140 M M 3 1 M M
10 85 65 75 3 0 10 T M M 11.7 20 170 M M 4 33 180
11 83 63 73 1 0 8 0.00 M M 13.0 24 310 M M 2 35 280
12 83 61 72 0 0 7 0.04 M M 9.4 16 310 M M 3 30 350
13 80 60 70 -2 0 5 0.00 M M 6.1 12 20 M M 1 M M
14 86 62 74 2 0 9 T M M 11.9 18 140 M M 2 22 150
15 85 70 78 6 0 13 0.02 M M 8.9 18 120 M M 4 27 120
16 83 66 75 3 0 10 0.00 M M 3.5 8 140 M M 1 12 M M
17 87 65 76 4 0 11 0.00 M M 3.5 7 160 M M 2 12 M M
18 91 66 79 7 0 14 0.00 M M 8.2 13 210 M M 0 18 210
19 87 69 78 6 0 13 0.30 M M 14.0 22 280 M M 2 3 37 180
20 86 71 79 7 0 14 0.00 M M 17.1 29 320 M M 1 38 320
21 82 66 74 2 0 9 T M M 10.4 20 310 M M 2 25 320
22 91 67 79 7 0 14 T M M 5.2 9 10 M M 3 20 240
23 82 66 74 2 0 9 0.12 M M 9.0 24 40 M M 3 3 53 290
24 76 61 69 -3 0 4 0.00 M M 10.9 20 320 M M 2 25 310
25 73 55 64 -8 1 0 0.08 M M 4.0 9 290 M M 3 M M
26 78 63 71 -1 0 6 0.11 M M 7.0 15 330 M M 9 M M
27 81 60 71 -1 0 6 0.01 M M 8.4 16 270 M M 2 12 20 270
28 75 56 66 -6 0 1 0.00 M M 10.0 17 320 M M 4 23 290
29 78 56 67 -5 0 2 0.00 M M 7.2 13 310 M M 2 M M
30 83 56 70 -2 0 5 0.00 M M 9.0 16 190 M M 1 20 210
31 84 60 72 0 0 7 0.09 M M 11.2 21 190 M M 4 13 33 220
================================================================================
SM 2562 1981 1 264 1.89 M 265.8 M 91
================================================================================
AV 82.6 63.9 8.6 FASTST M M 3 MAX(MPH)
MISC ----> 29 320 53 290
================================================================================
NOTES:
# LAST OF SEVERAL OCCURRENCES
COLUMN 17 PEAK WIND IN M.P.H.
PRELIMINARY LOCAL CLIMATOLOGICAL DATA (WS FORM: F-6) , PAGE 2
STATION: MANKATO MN
MONTH: JULY
YEAR: 2022
LATITUDE: 44 13 N
LONGITUDE: 93 55 W
[TEMPERATURE DATA] [PRECIPITATION DATA] SYMBOLS USED IN COLUMN 16
AVERAGE MONTHLY: 73.3 TOTAL FOR MONTH: 1.89 1 = FOG OR MIST
DPTR FM NORMAL: 1.1 DPTR FM NORMAL: -2.43 2 = FOG REDUCING VISIBILITY
HIGHEST: 91 ON 18,22 GRTST 24HR 0.48 ON 4- 4 TO 1/4 MILE OR LESS
LOWEST: 55 ON 25 3 = THUNDER
SNOW, ICE PELLETS, HAIL 4 = ICE PELLETS
TOTAL MONTH: M 5 = HAIL
GRTST 24HR M ON M 6 = FREEZING RAIN OR DRIZZLE
GRTST DEPTH: M ON M 7 = DUSTSTORM OR SANDSTORM:
VSBY 1/2 MILE OR LESS
8 = SMOKE OR HAZE
[NO. OF DAYS WITH] [WEATHER - DAYS WITH] 9 = BLOWING SNOW
X = TORNADO
MAX 32 OR BELOW: 0 0.01 INCH OR MORE: 13
MAX 90 OR ABOVE: 2 0.10 INCH OR MORE: 7
MIN 32 OR BELOW: 0 0.50 INCH OR MORE: 0
MIN 0 OR BELOW: 0 1.00 INCH OR MORE: 0
[HDD (BASE 65) ]
TOTAL THIS MO. 1 CLEAR (SCALE 0-3) 21
DPTR FM NORMAL -7 PTCLDY (SCALE 4-7) 9
TOTAL FM JUL 1 1 CLOUDY (SCALE 8-10) 1
DPTR FM NORMAL 1
[CDD (BASE 65) ]
TOTAL THIS MO. 264
DPTR FM NORMAL 33 [PRESSURE DATA]
TOTAL FM JAN 1 556 HIGHEST SLP M ON M
DPTR FM NORMAL 140 LOWEST SLP M ON M
[REMARKS]
#FINAL-07-22#