000
CXUS53 KDVN 011624
CLSMLI
CLIMATE REPORT
NATIONAL WEATHER SERVICE QUAD CITIES IA IL
1030 AM CST TUE MAR 01 2022
...................................
...THE MOLINE IL CLIMATE SUMMARY FOR THE SEASON, FROM
12/1/2021 TO 2/28/2022...
CLIMATE NORMAL PERIOD 1991 TO 2020
CLIMATE RECORD PERIOD 1872 TO 2022
WEATHER OBSERVED NORMAL DEPART LAST YEAR`S
VALUE DATE(S) VALUE FROM VALUE
NORMAL
..............................................................
TEMPERATURE (F)
RECORD
HIGH 75 12/15/2021
LOW -33 01/31/2019
HIGHEST 75R 12/15 41 34
LOWEST -11 01/03 14 -25
AVG. MAXIMUM 37.6 35.1 2.5
AVG. MINIMUM 16.2 18.2 -2.0
MEAN 26.9 26.6 0.3
DAYS MAX >= 90 0 0.0 0.0
DAYS MAX <= 32 29 36.9 -7.9
DAYS MIN <= 32 83 80.1 2.9
DAYS MIN <= 0 9 9.6 -0.6
PRECIPITATION (INCHES)
RECORD
MAXIMUM 9.63 2019
MINIMUM 3.65 2015
TOTALS 2.90 5.53 -2.63
DAILY AVG. 0.03 0.06 -0.03
DAYS >= .01 21 27.5 -6.5
DAYS >= .10 7
DAYS >= .50 2
DAYS >= 1.00 0 1.0 -1.0
GREATEST
24 HR. TOTAL 0.64 12/10 TO 12/10
SNOWFALL (INCHES)
RECORDS
TOTAL 53.8 2014
24 HR TOTAL 16.7 02/01/2011 TO 02/02/2011
TOTALS 17.3 28.2 -10.9
SINCE 7/1 17.5 30.6 -13.1
SNOWDEPTH AVG. 1
DAYS >= TRACE 21 19.1 1.9
DAYS >= 1.0 5 8.1 -3.1
GREATEST
SNOW DEPTH 6 01/02
01/03
24 HR TOTAL 5.0 01/01 TO 01/02
DEGREE DAYS
HEATING TOTAL 3405 3456 -51
SINCE 7/1 4360 4651 -291
COOLING TOTAL 2 0 2
SINCE 1/1 0 0 0
..............................................................
WIND (MPH)
AVERAGE WIND SPEED 9.8
HIGHEST WIND SPEED/DIRECTION 40/210 DATE 12/15
HIGHEST GUST SPEED/DIRECTION 60/220 DATE 12/15
SKY COVER
POSSIBLE SUNSHINE (PERCENT) MM
AVERAGE SKY COVER 0.36
NUMBER OF DAYS FAIR 47
NUMBER OF DAYS PC 31
NUMBER OF DAYS CLOUDY 12
AVERAGE RH (PERCENT) 67
WEATHER CONDITIONS. NUMBER OF DAYS WITH
THUNDERSTORM 4 HAIL 0
SLEET 2 FOG 27
FOG W/VIS <= 1/4 MILE 4 HAZE 15
- INDICATES NEGATIVE NUMBERS.
R INDICATES RECORD WAS SET OR TIED.
MM INDICATES DATA IS MISSING.
T INDICATES TRACE AMOUNT.
$$
NOTE: SUPPLEMENTAL CLIMATE DATA WAS USED FROM A NEARBY
CLIMATOLOGICALLY REPRESENTATIVE STATION.