000
CXUS55 KBYZ 011000
CF6MLS
PRELIMINARY LOCAL CLIMATOLOGICAL DATA (WS FORM: F-6)
STATION: MILES CITY MT
MONTH: JULY
YEAR: 2023
LATITUDE: 46 25 N
LONGITUDE: 105 53 W
TEMPERATURE IN F: :PCPN: SNOW: WIND :SUNSHINE: SKY :PK WND
================================================================================
1 2 3 4 5 6A 6B 7 8 9 10 11 12 13 14 15 16 17 18
12Z AVG MX 2MIN
DY MAX MIN AVG DEP HDD CDD WTR SNW DPTH SPD SPD DIR MIN PSBL S-S WX SPD DR
================================================================================
1 94 61 78 8 0 13 0.00 M M 9.6 25 250 M M 0 32 250
2 89 64 77 6 0 12 0.00 M M 10.7 22 300 M M 0 28 310
3 74 58 66 -5 0 1 0.14 M M 13.4 30 60 M M 4 3 34 50
4 66 50 58 -13 7 0 0.00 M M 10.6 21 330 M M 4 25 320
5 75 46 61 -11 4 0 0.00 M M 5.9 15 160 M M 1 21 160
6 83 55 69 -3 0 4 T M M 7.1 14 210 M M 2 3 17 140
7 80 55 68 -4 0 3 T M M 6.9 16 210 M M 1 3 22 220
8 85 58 72 -1 0 7 0.00 M M 6.9 14 120 M M 0 19 120
9 92 60 76 3 0 11 0.00 M M 6.8 18 260 M M 1 26 270
10 93 62 78 5 0 13 0.02 M M 7.5 21 200 M M 0 3 23 190
11 90 62 76 2 0 11 0.03 M M 9.7 30 20 M M 2 13 37 10
12 86 58 72 -2 0 7 0.00 M M 10.4 22 310 M M 2 32 290
13 89 57 73 -1 0 8 0.00 M M 10.4 29 10 M M 2 3 34 10
14 84 62 73 -1 0 8 0.00 M M 12.8 26 320 M M 2 8 32 320
15 82 57 70 -4 0 5 0.00 M M 8.9 18 350 M M 5 8 24 350
16 82 58 70 -5 0 5 0.00 M M 7.8 15 60 M M 4 8 19 60
17 91 56 74 -1 0 9 T M M 9.1 28 340 M M 1 38 33 330
18 89 62 76 1 0 11 0.07 M M 12.1 23 290 M M 0 138 30 280
19 83 55 69 -6 0 4 0.00 M M 12.4 29 330 M M 0 38 330
20 84 53 69 -6 0 4 0.00 M M 4.8 13 40 M M 0 17 80
21 91 57 74 -2 0 9 T M M 5.4 10 70 M M 1 19 340
22 98 64 81 5 0 16 T M M 6.4 20 210 M M 0 3 27 210
23 102 68 85 9 0 20 0.00 M M 9.2 20 320 M M 0 29 320
24 104 67 86 10 0 21 0.00 M M 7.9 35 240 M M 0 8 40 240
25 99 72 86 10 0 21 0.00 M M 10.1 29 340 M M 1 36 320
26 96 70 83 7 0 18 0.00 M M 9.1 23 40 M M 0 3 28 30
27 92 63 78 2 0 13 0.10 M M 9.0 36 330 M M 1 3 47 320
28 85 62 74 -2 0 9 0.04 M M 5.5 18 10 M M 2 3 24 30
29 91 62 77 1 0 12 0.00 M M 6.6 16 20 M M 1 19 20
30 96 70 83 7 0 18 T M M 9.9 22 150 M M 1 3 29 150
31 97 68 83 7 0 18 0.00 M M 8.6 21 150 M M 0 26 150
================================================================================
SM 2742 1872 11 311 0.40 M 271.5 M 38
================================================================================
AV 88.5 60.4 8.8 FASTST M M 1 MAX(MPH)
MISC ----> 36 330 47 320
================================================================================
NOTES:
# LAST OF SEVERAL OCCURRENCES
COLUMN 17 PEAK WIND IN M.P.H.
PRELIMINARY LOCAL CLIMATOLOGICAL DATA (WS FORM: F-6) , PAGE 2
STATION: MILES CITY MT
MONTH: JULY
YEAR: 2023
LATITUDE: 46 25 N
LONGITUDE: 105 53 W
[TEMPERATURE DATA] [PRECIPITATION DATA] SYMBOLS USED IN COLUMN 16
AVERAGE MONTHLY: 74.4 TOTAL FOR MONTH: 0.40 1 = FOG OR MIST
DPTR FM NORMAL: 0.2 DPTR FM NORMAL: -1.11 2 = FOG REDUCING VISIBILITY
HIGHEST: 104 ON 24 GRTST 24HR 0.14 ON 3- 3 TO 1/4 MILE OR LESS
LOWEST: 46 ON 5 3 = THUNDER
SNOW, ICE PELLETS, HAIL 4 = ICE PELLETS
TOTAL MONTH: M 5 = HAIL
GRTST 24HR M ON M 6 = FREEZING RAIN OR DRIZZLE
GRTST DEPTH: M ON M 7 = DUSTSTORM OR SANDSTORM:
VSBY 1/2 MILE OR LESS
8 = SMOKE OR HAZE
[NO. OF DAYS WITH] [WEATHER - DAYS WITH] 9 = BLOWING SNOW
X = TORNADO
MAX 32 OR BELOW: 0 0.01 INCH OR MORE: 6
MAX 90 OR ABOVE: 15 0.10 INCH OR MORE: 2
MIN 32 OR BELOW: 0 0.50 INCH OR MORE: 0
MIN 0 OR BELOW: 0 1.00 INCH OR MORE: 0
[HDD (BASE 65) ]
TOTAL THIS MO. 11 CLEAR (SCALE 0-3) 27
DPTR FM NORMAL 1 PTCLDY (SCALE 4-7) 4
TOTAL FM JUL 1 11 CLOUDY (SCALE 8-10) 0
DPTR FM NORMAL 4
[CDD (BASE 65) ]
TOTAL THIS MO. 311
DPTR FM NORMAL 17 [PRESSURE DATA]
TOTAL FM JAN 1 479 HIGHEST SLP 30.24 ON 4
DPTR FM NORMAL 72 LOWEST SLP 29.71 ON 11
[REMARKS]
#FINAL-07-23#