000
CXUS55 KBYZ 011100
CF6MLS
PRELIMINARY LOCAL CLIMATOLOGICAL DATA (WS FORM: F-6)
STATION: MILES CITY MT
MONTH: FEBRUARY
YEAR: 2022
LATITUDE: 46 25 N
LONGITUDE: 105 53 W
TEMPERATURE IN F: :PCPN: SNOW: WIND :SUNSHINE: SKY :PK WND
================================================================================
1 2 3 4 5 6A 6B 7 8 9 10 11 12 13 14 15 16 17 18
12Z AVG MX 2MIN
DY MAX MIN AVG DEP HDD CDD WTR SNW DPTH SPD SPD DIR MIN PSBL S-S WX SPD DR
================================================================================
1 14 3 9 -12 56 0 T M M 13.2 29 330 M M 5 8 35 320
2 4 -6 -1 -22 66 0 T M M 7.3 16 10 M M 5 8 19 360
3 28 -3 13 -8 52 0 T M M 10.7 17 350 M M 3 21 340
4 42 4 23 2 42 0 0.00 M M 8.3 24 260 M M 3 29 270
5 46 30 38 17 27 0 T M M 18.7 35 320 M M 4 1 44 320
6 48 29 39 17 26 0 0.00 M M 11.9 25 290 M M 3 30 290
7 59 31 45 23 20 0 0.00 M M 16.4 32 260 M M 0 39 260
8 48 33 41 19 24 0 0.00 M M 15.4 29 300 M M 3 36 300
9 49 29 39 17 26 0 0.00 M M 8.0 18 320 M M 6 23 310
10 60 34 47 25 18 0 0.01 M M 19.8 33 320 M M 7 44 290
11 35 23 29 7 36 0 T M M 18.5 38 330 M M 5 18 45 330
12 41 22 32 9 33 0 0.00 M M 10.9 31 330 M M 7 41 330
13 52 20 36 13 29 0 0.00 M M 10.6 25 330 M M 3 30 320
14 46 26 36 13 29 0 0.00 M M 9.2 21 140 M M 2 24 130
15 34 23 29 6 36 0 T M M 10.1 23 320 M M 6 1 26 320
16 28 13 21 -3 44 0 T M M 10.9 23 20 M M 6 18 26 30
17 41 11 26 2 39 0 0.03 M M 12.6 30 300 M M 4 38 290
18 39 17 28 4 37 0 T M M 12.0 25 350 M M 7 8 30 270
19 58 18 38 14 27 0 0.00 M M 13.7 35 260 M M 2 40 250
20 45 4 25 0 40 0 T M M 15.3 30 40 M M 7 18 38 40
21 4 -8 -2 -27 67 0 T M M 14.0 22 60 M M 10 18 28 40
22 -3 -18 -10 -36 75 0 T M M 5.6 10 320 M M 6 8 13 30
23 1 -24 -11 -37 76 0 0.00 M M 8.7 17 150 M M 0 22 140
24 8 -11 -1 -27 66 0 0.00 M M 6.7 17 150 M M 1 22 150
25 25 -7 9 -17 56 0 0.00 M M 8.1 17 250 M M 4 20 240
26 33 4 19 -8 46 0 0.00 M M 10.7 21 250 M M 0 24 260
27 43 12 28 1 37 0 0.00 M M 10.3 26 280 M M 0 30 270
28 49 32 41 13 24 0 T M M 12.0 23 260 M M 3 27 260
================================================================================
SM 977 341 1154 0 0.04 M 329.6 M 112
================================================================================
AV 34.9 12.2 11.8 FASTST M M 4 MAX(MPH)
MISC ----> 38 330 45 330
================================================================================
NOTES:
# LAST OF SEVERAL OCCURRENCES
COLUMN 17 PEAK WIND IN M.P.H.
PRELIMINARY LOCAL CLIMATOLOGICAL DATA (WS FORM: F-6) , PAGE 2
STATION: MILES CITY MT
MONTH: FEBRUARY
YEAR: 2022
LATITUDE: 46 25 N
LONGITUDE: 105 53 W
[TEMPERATURE DATA] [PRECIPITATION DATA] SYMBOLS USED IN COLUMN 16
AVERAGE MONTHLY: 23.5 TOTAL FOR MONTH: 0.04 1 = FOG OR MIST
DPTR FM NORMAL: -0.1 DPTR FM NORMAL: -0.22 2 = FOG REDUCING VISIBILITY
HIGHEST: 60 ON 10 GRTST 24HR 0.03 ON 17-17 TO 1/4 MILE OR LESS
LOWEST: -24 ON 23 3 = THUNDER
SNOW, ICE PELLETS, HAIL 4 = ICE PELLETS
TOTAL MONTH: M 5 = HAIL
GRTST 24HR M ON M 6 = FREEZING RAIN OR DRIZZLE
GRTST DEPTH: M ON M 7 = DUSTSTORM OR SANDSTORM:
VSBY 1/2 MILE OR LESS
8 = SMOKE OR HAZE
[NO. OF DAYS WITH] [WEATHER - DAYS WITH] 9 = BLOWING SNOW
X = TORNADO
MAX 32 OR BELOW: 9 0.01 INCH OR MORE: 2
MAX 90 OR ABOVE: 0 0.10 INCH OR MORE: 0
MIN 32 OR BELOW: 26 0.50 INCH OR MORE: 0
MIN 0 OR BELOW: 7 1.00 INCH OR MORE: 0
[HDD (BASE 65) ]
TOTAL THIS MO. 1154 CLEAR (SCALE 0-3) 11
DPTR FM NORMAL -5 PTCLDY (SCALE 4-7) 16
TOTAL FM JUL 1 5304 CLOUDY (SCALE 8-10) 1
DPTR FM NORMAL -343
[CDD (BASE 65) ]
TOTAL THIS MO. 0
DPTR FM NORMAL 0 [PRESSURE DATA]
TOTAL FM JAN 1 0 HIGHEST SLP 30.86 ON 22
DPTR FM NORMAL 0 LOWEST SLP 29.48 ON 19
[REMARKS]
#FINAL-02-22#