076
CXUS56 KSTO 131747
CF6MOD
PRELIMINARY LOCAL CLIMATOLOGICAL DATA (WS FORM: F-6)
STATION: MODESTO CA
MONTH: JANUARY
YEAR: 2021
LATITUDE: 37 37 N
LONGITUDE: 120 57 W
TEMPERATURE IN F: :PCPN: SNOW: WIND :SUNSHINE: SKY :PK WND
================================================================================
1 2 3 4 5 6A 6B 7 8 9 10 11 12 13 14 15 16 17 18
12Z AVG MX 2MIN
DY MAX MIN AVG DEP HDD CDD WTR SNW DPTH SPD SPD DIR MIN PSBL S-S WX SPD DR
================================================================================
1 53 35 44 -2 21 0 0.00 0.0 0 3.6 10 150 M M 3 128 13 120
2 55 39 47 1 18 0 T 0.0 0 4.4 10 120 M M 7 18 13 120
3 56 39 48 2 17 0 0.00 0.0 0 2.1 8 110 M M 2 128 10 110
4 59 40 50 3 15 0 T 0.0 0 7.2 20 300 M M 5 18 27 140
5 53 37 45 -2 20 0 0.00 0.0 0 6.4 13 320 M M 0 1 16 320
6 57 34 46 -1 19 0 0.00 0.0 0 3.1 12 90 M M 3 12 13 80
7 51 38 45 -2 20 0 0.00 0.0 0 5.0 13 320 M M 6 12 15 310
8 52 40 46 -1 19 0 0.00 0.0 0 5.2 13 310 M M 8 128 16 310
9 53 37 45 -2 20 0 0.00 0.0 0 4.7 12 300 M M 0 18 14 300
10 52 34 43 -4 22 0 0.00 0.0 0 5.0 12 300 M M 6 128 14 300
11 57 34 46 -1 19 0 0.00 0.0 0 2.1 8 150 M M 4 128 11 150
12 57 37 47 0 18 0 0.00 0.0 0 2.9 9 120 M M 4 18 11 110
13 65 42 54 7 11 0 0.00 0.0 0 5.0 14 300 M M 1 18 17 290
14 63 42 53 6 12 0 0.00 0.0 0 3.0 10 300 M M 3 18 12 290
15 63 39 51 4 14 0 0.00 0.0 0 5.3 13 290 M M 4 128 16 310
16 67 39 53 5 12 0 0.00 0.0 0 3.4 10 300 M M 2 128 13 300
17 69 40 55 7 10 0 0.00 0.0 0 0.8 5 120 M M 0 18 7 310
18 74 43 59 11 6 0 0.00 0.0 0 11.8 26 320 M M 0 18 32 310
19 69 48 59 11 6 0 0.00 0.0 0 12.8 28 10 M M 0 35 20
20 65 36 51 3 14 0 0.00 0.0 0 6.3 17 300 M M 0 21 310
21 65 31 48 0 17 0 0.00 0.0 0 2.4 8 120 M M 0 12 200
22 51 42 47 -1 18 0 0.09 0.0 0 4.9 14 120 M M 7 1 18 120
23 53 36 45 -3 20 0 T 0.0 0 6.4 16 310 M M 6 1 21 310
24 52 32 42 -7 23 0 0.10 0.0 0 4.5 15 290 M M 4 1 17 300
25 52 38 45 -4 20 0 0.01 0.0 0 11.9 22 300 M M 6 30 300
26 50 27 39 -10 26 0 T 0.0 0 10.0 32 130 M M 4 43 110
27 47 40 44 -5 21 0 2.49 M 0 12.3 32 130 M M 10 1 51 130
28 51 45 48 -1 17 0 0.94 0.0 0 10.4 22 130 M M 10 1 32 130
29 55 40 48 -2 17 0 0.27 0.0 0 3.0 14 130 M M 6 1 17 100
30 58 37 48 -2 17 0 0.00 0.0 0 5.2 10 120 M M 4 15 180
31 61 43 52 2 13 0 0.00 0.0 0 4.6 12 120 M M 3 15 130
================================================================================
SM 1785 1184 522 0 3.90 0.0 175.7 M 118
================================================================================
AV 57.6 38.2 5.7 FASTST M M 4 MAX(MPH)
MISC ----> # 32 130 # 51 130
================================================================================
NOTES:
# LAST OF SEVERAL OCCURRENCES
COLUMN 17 PEAK WIND IN M.P.H.
PRELIMINARY LOCAL CLIMATOLOGICAL DATA (WS FORM: F-6) , PAGE 2
STATION: MODESTO CA
MONTH: JANUARY
YEAR: 2021
LATITUDE: 37 37 N
LONGITUDE: 120 57 W
[TEMPERATURE DATA] [PRECIPITATION DATA] SYMBOLS USED IN COLUMN 16
AVERAGE MONTHLY: 47.9 TOTAL FOR MONTH: 3.90 1 = FOG OR MIST
DPTR FM NORMAL: 0.1 DPTR FM NORMAL: 1.29 2 = FOG REDUCING VISIBILITY
HIGHEST: 74 ON 18 GRTST 24HR 2.49 ON 27-27 TO 1/4 MILE OR LESS
LOWEST: 27 ON 26 3 = THUNDER
SNOW, ICE PELLETS, HAIL 4 = ICE PELLETS
TOTAL MONTH: 0.0 INCH 5 = HAIL
GRTST 24HR 0.0 6 = FREEZING RAIN OR DRIZZLE
GRTST DEPTH: 0 7 = DUSTSTORM OR SANDSTORM:
VSBY 1/2 MILE OR LESS
8 = SMOKE OR HAZE
[NO. OF DAYS WITH] [WEATHER - DAYS WITH] 9 = BLOWING SNOW
X = TORNADO
MAX 32 OR BELOW: 0 0.01 INCH OR MORE: 6
MAX 90 OR ABOVE: 0 0.10 INCH OR MORE: 4
MIN 32 OR BELOW: 3 0.50 INCH OR MORE: 2
MIN 0 OR BELOW: 0 1.00 INCH OR MORE: 1
[HDD (BASE 65) ]
TOTAL THIS MO. 522 CLEAR (SCALE 0-3) 11
DPTR FM NORMAL -13 PTCLDY (SCALE 4-7) 18
TOTAL FM JUL 1 1516 CLOUDY (SCALE 8-10) 2
DPTR FM NORMAL 84
[CDD (BASE 65) ]
TOTAL THIS MO. 0
DPTR FM NORMAL 0 [PRESSURE DATA]
TOTAL FM JAN 1 0 HIGHEST SLP 30.42 ON 13
DPTR FM NORMAL 0 LOWEST SLP 29.73 ON 28
[REMARKS]
#FINAL-01-21#