000
CXUS56 KSTO 031555
CF6MOD
PRELIMINARY LOCAL CLIMATOLOGICAL DATA (WS FORM: F-6)
STATION: MODESTO CA
MONTH: JUNE
YEAR: 2020
LATITUDE: 37 37 N
LONGITUDE: 120 57 W
TEMPERATURE IN F: :PCPN: SNOW: WIND :SUNSHINE: SKY :PK WND
================================================================================
1 2 3 4 5 6A 6B 7 8 9 10 11 12 13 14 15 16 17 18
12Z AVG MX 2MIN
DY MAX MIN AVG DEP HDD CDD WTR SNW DPTH SPD SPD DIR MIN PSBL S-S WX SPD DR
================================================================================
1 85 63 74 2 0 9 0.00 0.0 0 6.9 15 330 M M 1 19 340
2 96 65 81 9 0 16 0.00 0.0 0 8.2 16 330 M M 0 20 330
3 102 66 84 12 0 19 0.00 0.0 0 6.1 17 330 M M 0 21 320
4 103 66 85 13 0 20 0.00 0.0 0 6.9 17 330 M M 0 22 320
5 88 59 74 1 0 9 0.00 0.0 0 10.3 26 310 M M 0 8 34 310
6 78 54 66 -7 0 1 0.00 0.0 0 11.1 29 280 M M 0 8 37 290
7 75 53 64 -9 1 0 0.00 0.0 0 13.6 23 290 M M 0 30 320
8 83 54 69 -4 0 4 0.00 0.0 0 13.6 26 320 M M 0 32 320
9 90 53 72 -2 0 7 0.00 0.0 0 5.3 14 360 M M 0 19 320
10 96 61 79 5 0 14 0.00 0.0 0 6.7 15 320 M M 0 20 310
11 98 66 82 8 0 17 0.00 0.0 0 8.8 23 310 M M 0 29 300
12 78 58 68 -6 0 3 0.06 0.0 0 14.0 31 290 M M 0 39 300
13 78 52 65 -9 0 0 0.00 0.0 0 9.0 18 300 M M 1 26 330
14 86 56 71 -3 0 6 0.00 0.0 0 10.5 20 310 M M 0 26 310
15 88 61 75 0 0 10 0.00 0.0 0 9.5 25 320 M M 0 31 310
16 82 58 70 -5 0 5 0.00 0.0 0 11.4 20 300 M M 0 30 300
17 88 60 74 -1 0 9 0.00 0.0 0 12.1 22 310 M M 0 27 310
18 94 58 76 1 0 11 0.00 0.0 0 7.1 16 320 M M 0 20 300
19 98 62 80 4 0 15 0.00 0.0 0 6.8 17 300 M M 0 8 20 300
20 94 62 78 2 0 13 0.00 0.0 0 8.1 15 320 M M 0 20 320
21 97 66 82 6 0 17 0.00 0.0 0 10.1 21 300 M M 0 27 290
22 100 65 83 7 0 18 0.00 0.0 0 7.6 15 330 M M 0 18 320
23 100 68 84 8 0 19 0.00 0.0 0 8.4 15 350 M M 0 19 310
24 99 66 83 6 0 18 0.00 0.0 0 8.0 15 330 M M 0 20 340
25 100 70 85 8 0 20 0.00 0.0 0 8.9 16 310 M M 0 20 310
26 101 67 84 7 0 19 0.00 0.0 0 8.4 16 320 M M 0 21 320
27 102 71 87 10 0 22 0.00 0.0 0 6.6 20 310 M M 1 25 330
28 87 61 74 -3 0 9 0.00 0.0 0 7.9 25 310 M M 0 32 320
29 88 60 74 -4 0 9 0.00 0.0 0 12.6 20 320 M M 0 27 270
30 95 61 78 0 0 13 0.00 0.0 0 4.7 18 300 M M 0 22 310
================================================================================
SM 2749 1842 1 352 0.06 0.0 269.2 M 3
================================================================================
AV 91.6 61.4 9.0 FASTST M M 0 MAX(MPH)
MISC ----> # 31 290 # 39 300
================================================================================
NOTES:
# LAST OF SEVERAL OCCURRENCES
COLUMN 17 PEAK WIND IN M.P.H.
PRELIMINARY LOCAL CLIMATOLOGICAL DATA (WS FORM: F-6) , PAGE 2
STATION: MODESTO CA
MONTH: JUNE
YEAR: 2020
LATITUDE: 37 37 N
LONGITUDE: 120 57 W
[TEMPERATURE DATA] [PRECIPITATION DATA] SYMBOLS USED IN COLUMN 16
AVERAGE MONTHLY: 76.5 TOTAL FOR MONTH: 0.06 1 = FOG OR MIST
DPTR FM NORMAL: 1.6 DPTR FM NORMAL: -0.06 2 = FOG REDUCING VISIBILITY
HIGHEST: 103 ON 4 GRTST 24HR 0.06 ON 12-12 TO 1/4 MILE OR LESS
LOWEST: 52 ON 13 3 = THUNDER
SNOW, ICE PELLETS, HAIL 4 = ICE PELLETS
TOTAL MONTH: 0.0 INCH 5 = HAIL
GRTST 24HR 0.0 6 = FREEZING RAIN OR DRIZZLE
GRTST DEPTH: 0 7 = DUSTSTORM OR SANDSTORM:
VSBY 1/2 MILE OR LESS
8 = SMOKE OR HAZE
[NO. OF DAYS WITH] [WEATHER - DAYS WITH] 9 = BLOWING SNOW
X = TORNADO
MAX 32 OR BELOW: 0 0.01 INCH OR MORE: 1
MAX 90 OR ABOVE: 17 0.10 INCH OR MORE: 0
MIN 32 OR BELOW: 0 0.50 INCH OR MORE: 0
MIN 0 OR BELOW: 0 1.00 INCH OR MORE: 0
[HDD (BASE 65) ]
TOTAL THIS MO. 1 CLEAR (SCALE 0-3) 30
DPTR FM NORMAL -2 PTCLDY (SCALE 4-7) 0
TOTAL FM JUL 1 2038 CLOUDY (SCALE 8-10) 0
DPTR FM NORMAL -133
[CDD (BASE 65) ]
TOTAL THIS MO. 352
DPTR FM NORMAL 53 [PRESSURE DATA]
TOTAL FM JAN 1 618 HIGHEST SLP 30.16 ON 8
DPTR FM NORMAL 120 LOWEST SLP 29.59 ON 28
[REMARKS]
#FINAL-06-20#