000
CXUS51 KBTV 010700
CF6MPV
PRELIMINARY LOCAL CLIMATOLOGICAL DATA (WS FORM: F-6)
STATION: MONTPELIER VT
MONTH: JULY
YEAR: 2022
LATITUDE: 44 12 N
LONGITUDE: 72 34 W
TEMPERATURE IN F: :PCPN: SNOW: WIND :SUNSHINE: SKY :PK WND
================================================================================
1 2 3 4 5 6A 6B 7 8 9 10 11 12 13 14 15 16 17 18
12Z AVG MX 2MIN
DY MAX MIN AVG DEP HDD CDD WTR SNW DPTH SPD SPD DIR MIN PSBL S-S WX SPD DR
================================================================================
1 88 56 72 6 0 7 0.00 M M 5.8 16 220 M M 1 24 190
2 81 57 69 3 0 4 0.11 M M 6.6 23 310 M M 3 3 31 320
3 77 54 66 0 0 1 0.00 M M 5.8 16 320 M M 1 24 280
4 77 51 64 -2 1 0 0.00 M M 4.5 17 310 M M 1 26 300
5 71 54 63 -3 2 0 0.50 M M 3.4 10 150 M M 7 1 14 190
6 74 53 64 -2 1 0 T M M 5.7 17 310 M M 7 1 23 310
7 80 50 65 -1 0 0 T M M 1.9 10 240 M M 5 128 14 250
8 79 53 66 0 0 1 0.00 M M 4.4 15 310 M M 4 128 19 310
9 73 49 61 -5 4 0 0.00 M M 4.6 14 310 M M 0 20 320
10 77 44 61 -6 4 0 0.00 M M 1.5 10 300 M M 1 128 15 300
11 84 50 67 0 0 2 0.00 M M 5.0 15 220 M M 0 21 210
12 84 67 76 9 0 11 0.05 M M 8.5 18 190 M M 5 27 180
13 M M M M M M M M M M M M M M M M M
14 75 55 65 -2 0 0 0.09 M M 3.7 13 300 M M 0 1 17 10
15 81 50 66 -1 0 1 0.00 M M 3.6 14 340 M M 2 128 17 310
16 84 53 69 2 0 4 0.00 M M 3.5 15 240 M M 3 21 230
17 87 57 72 5 0 7 0.00 0.0 0 1.5 9 300 M M 1 18 13 320
18 77 59 68 1 0 3 1.13 M M 4.5 16 180 M M 5 138 22 170
19 87 66 77 10 0 12 0.23 M M 7.9 20 300 M M 4 13 29 300
20 92 64 78 11 0 13 0.00 M M 2.7 10 250 M M 0 1 14 240
21 90 69 80 13 0 15 0.36 M M 8.7 22 290 M M 3 3 34 300
22 87 61 74 7 0 9 0.00 M M 4.4 14 230 M M 2 21 310
23 90 58 74 7 0 9 0.00 M M 4.6 14 210 M M 1 21 180
24 89 63 76 9 0 11 0.00 M M 6.2 17 210 M M 2 33 220
25 82 60 71 4 0 6 0.60 M M 7.8 21 300 M M 6 3 31 210
26 77 56 67 0 0 2 0.00 M M 3.5 12 300 M M 4 18 220
27 80 53 67 0 0 2 0.00 M M 2.3 9 310 M M 2 128 12 110
28 86 58 72 5 0 7 0.33 M M 4.6 16 160 M M 5 18 21 160
29 81 59 70 3 0 5 T M M 4.6 15 300 M M 3 18 20 260
30 75 55 65 -1 0 0 0.00 M M 5.9 18 310 M M 5 27 310
31 82 55 69 3 0 4 0.00 M M 2.4 12 270 M M 3 17 280
================================================================================
SM 2447 1689 12 136 3.40 0.0 140.1 M 86
================================================================================
AV 81.6 56.3 4.7 FASTST M M 3 MAX(MPH)
MISC ----> 23 310 34 300
================================================================================
NOTES:
# LAST OF SEVERAL OCCURRENCES
COLUMN 17 PEAK WIND IN M.P.H.
PRELIMINARY LOCAL CLIMATOLOGICAL DATA (WS FORM: F-6) , PAGE 2
STATION: MONTPELIER VT
MONTH: JULY
YEAR: 2022
LATITUDE: 44 12 N
LONGITUDE: 72 34 W
[TEMPERATURE DATA] [PRECIPITATION DATA] SYMBOLS USED IN COLUMN 16
AVERAGE MONTHLY: 68.9 TOTAL FOR MONTH: 3.40 1 = FOG OR MIST
DPTR FM NORMAL: 2.4 DPTR FM NORMAL: -0.87 2 = FOG REDUCING VISIBILITY
HIGHEST: 92 ON 20 GRTST 24HR 1.36 ON 18-19 TO 1/4 MILE OR LESS
LOWEST: 44 ON 10 3 = THUNDER
SNOW, ICE PELLETS, HAIL 4 = ICE PELLETS
TOTAL MONTH: 0.0 INCH 5 = HAIL
GRTST 24HR 0.0 6 = FREEZING RAIN OR DRIZZLE
GRTST DEPTH: 0 7 = DUSTSTORM OR SANDSTORM:
VSBY 1/2 MILE OR LESS
8 = SMOKE OR HAZE
[NO. OF DAYS WITH] [WEATHER - DAYS WITH] 9 = BLOWING SNOW
X = TORNADO
MAX 32 OR BELOW: 0 0.01 INCH OR MORE: 9
MAX 90 OR ABOVE: 3 0.10 INCH OR MORE: 7
MIN 32 OR BELOW: 0 0.50 INCH OR MORE: 3
MIN 0 OR BELOW: 0 1.00 INCH OR MORE: 1
[HDD (BASE 65) ]
TOTAL THIS MO. 12 CLEAR (SCALE 0-3) 15
DPTR FM NORMAL -31 PTCLDY (SCALE 4-7) 15
TOTAL FM JUL 1 12 CLOUDY (SCALE 8-10) 1
DPTR FM NORMAL -27
[CDD (BASE 65) ]
TOTAL THIS MO. 136
DPTR FM NORMAL 45 [PRESSURE DATA]
TOTAL FM JAN 1 225 HIGHEST SLP M ON M
DPTR FM NORMAL 84 LOWEST SLP 29.56 ON 21
[REMARKS]
#FINAL-07-22#