000
CXUS51 KBTV 211445
CF6MPV
PRELIMINARY LOCAL CLIMATOLOGICAL DATA (WS FORM: F-6)
STATION: MONTPELIER VT
MONTH: JUNE
YEAR: 2022
LATITUDE: 44 12 N
LONGITUDE: 72 34 W
TEMPERATURE IN F: :PCPN: SNOW: WIND :SUNSHINE: SKY :PK WND
================================================================================
1 2 3 4 5 6A 6B 7 8 9 10 11 12 13 14 15 16 17 18
12Z AVG MX 2MIN
DY MAX MIN AVG DEP HDD CDD WTR SNW DPTH SPD SPD DIR MIN PSBL S-S WX SPD DR
================================================================================
1 60 52 56 -2 9 0 0.30 M M 4.7 14 170 M M 10 1 20 170
2 67 55 61 3 4 0 0.11 M M 3.5 10 40 M M 10 128 15 40
3 75 57 66 8 0 1 0.12 M M 5.4 13 310 M M 7 138 19 340
4 76 50 63 4 2 0 T M M 5.9 20 310 M M 3 128 27 310
5 69 46 58 -1 7 0 0.00 M M 7.4 20 330 M M 3 32 340
6 76 42 59 0 6 0 0.00 M M 2.1 9 350 M M 2 11 70
7 81 54 68 8 0 3 0.03 M M 10.2 24 160 M M 4 30 190
8 73 55 64 4 1 0 0.26 M M 5.9 17 300 M M 7 1 24 180
9 62 50 56 -4 9 0 0.81 M M 4.0 14 330 M M 8 18 20 310
10 68 51 60 0 5 0 T M M 5.2 15 220 M M 7 23 260
11 76 48 62 1 3 0 0.00 M M 3.2 12 320 M M 2 15 310
12 79 49 64 3 1 0 0.09 M M 6.1 21 200 M M 3 27 220
13 77 55 66 5 0 1 T M M 6.4 18 350 M M 4 1 25 350
14 76 49 63 1 2 0 0.00 M M 5.5 16 300 M M 2 22 310
15 79 51 65 3 0 0 0.00 M M 3.5 10 160 M M 1 128 16 170
16 76 64 70 8 0 5 0.14 M M 11.7 21 170 M M 8 3 27 170
17 78 59 69 7 0 4 0.07 M M 9.5 21 300 M M 5 1 30 310
18 59 49 54 -9 11 0 0.04 M M 13.4 26 300 M M 10 1 41 320
19 66 48 57 -6 8 0 0.00 M M 12.6 24 340 M M 4 34 320
20 73 41 57 -6 8 0 0.00 M M 6.0 18 300 M M 1 25 320
21 75 46 61 -2 4 0 T M M 4.9 13 190 M M 4 18 160
22 65 58 62 -2 3 0 0.04 M M 10.0 22 160 M M 10 30 160
23 74 58 66 2 0 1 T M M 8.3 22 170 M M 8 29 170
24 81 56 69 5 0 4 T M M 3.8 15 290 M M 5 19 300
25 88 52 70 6 0 5 0.00 M M 2.4 14 300 M M 1 18 290
26 91 59 75 11 0 10 0.00 M M 5.7 17 180 M M 1 18 23 180
27 78 62 70 5 0 5 0.43 M M 6.8 16 310 M M 8 1 22 320
28 73 54 64 -1 1 0 T M M 5.4 14 310 M M 6 19 310
29 79 51 65 0 0 0 0.17 M M 3.8 17 270 M M 5 123 23 280
30 75 56 66 1 0 1 0.00 M M 4.5 14 330 M M 1 1 18 350
================================================================================
SM 2225 1577 84 40 2.61 M 187.8 M 150
================================================================================
AV 74.2 52.6 6.3 FASTST M M 5 MAX(MPH)
MISC ----> 26 300 41 320
================================================================================
NOTES:
# LAST OF SEVERAL OCCURRENCES
COLUMN 17 PEAK WIND IN M.P.H.
PRELIMINARY LOCAL CLIMATOLOGICAL DATA (WS FORM: F-6) , PAGE 2
STATION: MONTPELIER VT
MONTH: JUNE
YEAR: 2022
LATITUDE: 44 12 N
LONGITUDE: 72 34 W
[TEMPERATURE DATA] [PRECIPITATION DATA] SYMBOLS USED IN COLUMN 16
AVERAGE MONTHLY: 63.4 TOTAL FOR MONTH: 2.61 1 = FOG OR MIST
DPTR FM NORMAL: 1.6 DPTR FM NORMAL: -1.60 2 = FOG REDUCING VISIBILITY
HIGHEST: 91 ON 26 GRTST 24HR 0.81 ON 9- 9 TO 1/4 MILE OR LESS
LOWEST: 41 ON 20 3 = THUNDER
SNOW, ICE PELLETS, HAIL 4 = ICE PELLETS
TOTAL MONTH: M 5 = HAIL
GRTST 24HR M ON M 6 = FREEZING RAIN OR DRIZZLE
GRTST DEPTH: M ON M 7 = DUSTSTORM OR SANDSTORM:
VSBY 1/2 MILE OR LESS
8 = SMOKE OR HAZE
[NO. OF DAYS WITH] [WEATHER - DAYS WITH] 9 = BLOWING SNOW
X = TORNADO
MAX 32 OR BELOW: 0 0.01 INCH OR MORE: 13
MAX 90 OR ABOVE: 1 0.10 INCH OR MORE: 8
MIN 32 OR BELOW: 0 0.50 INCH OR MORE: 1
MIN 0 OR BELOW: 0 1.00 INCH OR MORE: 0
[HDD (BASE 65) ]
TOTAL THIS MO. 84 CLEAR (SCALE 0-3) 11
DPTR FM NORMAL -52 PTCLDY (SCALE 4-7) 14
TOTAL FM JUL 1 7196 CLOUDY (SCALE 8-10) 5
DPTR FM NORMAL -1152
[CDD (BASE 65) ]
TOTAL THIS MO. 40
DPTR FM NORMAL -1 [PRESSURE DATA]
TOTAL FM JAN 1 89 HIGHEST SLP 30.27 ON 30
DPTR FM NORMAL 39 LOWEST SLP 29.55 ON 17
[REMARKS]
#FINAL-06-22#