000
CXUS51 KBTV 010800
CF6MPV
PRELIMINARY LOCAL CLIMATOLOGICAL DATA (WS FORM: F-6)
STATION: MONTPELIER VT
MONTH: NOVEMBER
YEAR: 2021
LATITUDE: 44 12 N
LONGITUDE: 72 34 W
TEMPERATURE IN F: :PCPN: SNOW: WIND :SUNSHINE: SKY :PK WND
================================================================================
1 2 3 4 5 6A 6B 7 8 9 10 11 12 13 14 15 16 17 18
12Z AVG MX 2MIN
DY MAX MIN AVG DEP HDD CDD WTR SNW DPTH SPD SPD DIR MIN PSBL S-S WX SPD DR
================================================================================
1 53 40 47 7 18 0 T M M 9.8 23 290 M M 4 36 270
2 47 30 39 -1 26 0 T M M 5.9 15 220 M M 7 20 250
3 41 28 35 -4 30 0 T M M 2.6 14 340 M M 7 20 340
4 42 23 33 -6 32 0 T M M 1.2 8 340 M M 6 12 10 150
5 45 23 34 -4 31 0 0.00 M M 2.0 12 340 M M 5 12 15 340
6 51 23 37 -1 28 0 0.00 M M 1.9 12 150 M M 0 14 150
7 57 22 40 2 25 0 0.00 M M 1.6 9 160 M M 0 11 160
8 57 28 43 6 22 0 0.00 M M 0.6 5 150 M M 3 1 6 40
9 61 30 46 9 19 0 0.03 M M 2.1 13 310 M M 5 12 19 320
10 52 32 42 5 23 0 0.13 M M 4.8 21 300 M M 5 12 30 290
11 51 26 39 3 26 0 0.00 M M 4.2 18 170 M M 3 25 160
12 51 35 43 7 22 0 0.85 M M 8.8 24 160 M M 9 12 31 140
13 49 32 41 6 24 0 0.57 M M 4.2 15 300 M M 10 12 18 300
14 44 31 38 3 27 0 0.01 M M 5.0 10 180 M M 7 18 280
15 42 32 37 2 28 0 0.13 M M 6.2 16 300 M M 10 1 23 280
16 36 29 33 -1 32 0 0.04 M M 6.1 14 310 M M 9 1 20 280
17 43 22 33 -1 32 0 T M M 4.6 12 180 M M 7 16 170
18 63 40 52 18 13 0 0.44 M M 5.7 20 330 M M 8 1 28 340
19 40 32 36 3 29 0 0.05 M M 8.4 22 320 M M 9 18 29 310
20 42 21 32 -1 33 0 M M M 4.5 13 160 M M 1 17 300
21 47 33 40 8 25 0 0.03 M M 6.7 16 180 M M 5 23 170
22 46 24 35 3 30 0 0.07 M M 7.0 15 340 M M 8 1 22 200
23 29 22 26 -6 39 0 T M M 9.0 17 340 M M 9 1 25 340
24 34 21 28 -3 37 0 T M M 5.6 15 310 M M 1 1 21 310
25 37 20 29 -2 36 0 0.04 M M 0.3 5 70 M M 6 6 6 170
26 37 30 34 4 31 0 0.17 M M 5.1 23 310 M M 10 16 34 310
27 30 22 26 -4 39 0 T M M 14.3 30 310 M M 8 1 43 320
28 29 11 20 -10 45 0 T M M 2.9 12 290 M M 5 1 16 310
29 29 13 21 -8 44 0 T M M 2.8 14 300 M M 4 12 18 310
30 32 12 22 -7 43 0 T M M 3.1 10 160 M M 7 18 14 230
================================================================================
SM 1317 787 889 0 2.56 M 147.0 M 178
================================================================================
AV 43.9 26.2 4.9 FASTST M M 6 MAX(MPH)
MISC ----> 30 310 43 320
================================================================================
NOTES:
# LAST OF SEVERAL OCCURRENCES
COLUMN 17 PEAK WIND IN M.P.H.
PRELIMINARY LOCAL CLIMATOLOGICAL DATA (WS FORM: F-6) , PAGE 2
STATION: MONTPELIER VT
MONTH: NOVEMBER
YEAR: 2021
LATITUDE: 44 12 N
LONGITUDE: 72 34 W
[TEMPERATURE DATA] [PRECIPITATION DATA] SYMBOLS USED IN COLUMN 16
AVERAGE MONTHLY: 35.1 TOTAL FOR MONTH: 2.56 1 = FOG OR MIST
DPTR FM NORMAL: 0.7 DPTR FM NORMAL: -0.29 2 = FOG REDUCING VISIBILITY
HIGHEST: 63 ON 18 GRTST 24HR 0.85 ON 12-12 TO 1/4 MILE OR LESS
LOWEST: 11 ON 28 3 = THUNDER
SNOW, ICE PELLETS, HAIL 4 = ICE PELLETS
TOTAL MONTH: M 5 = HAIL
GRTST 24HR M ON M 6 = FREEZING RAIN OR DRIZZLE
GRTST DEPTH: M ON M 7 = DUSTSTORM OR SANDSTORM:
VSBY 1/2 MILE OR LESS
8 = SMOKE OR HAZE
[NO. OF DAYS WITH] [WEATHER - DAYS WITH] 9 = BLOWING SNOW
X = TORNADO
MAX 32 OR BELOW: 5 0.01 INCH OR MORE: 13
MAX 90 OR ABOVE: 0 0.10 INCH OR MORE: 6
MIN 32 OR BELOW: 26 0.50 INCH OR MORE: 2
MIN 0 OR BELOW: 0 1.00 INCH OR MORE: 0
[HDD (BASE 65) ]
TOTAL THIS MO. 889 CLEAR (SCALE 0-3) 5
DPTR FM NORMAL -29 PTCLDY (SCALE 4-7) 18
TOTAL FM JUL 1 1445 CLOUDY (SCALE 8-10) 7
DPTR FM NORMAL -439
[CDD (BASE 65) ]
TOTAL THIS MO. 0
DPTR FM NORMAL 0 [PRESSURE DATA]
TOTAL FM JAN 1 479 HIGHEST SLP 30.57 ON 20
DPTR FM NORMAL 252 LOWEST SLP 29.48 ON 26
[REMARKS]
#FINAL-11-21#