000
CXUS51 KBTV 110240
CF6MPV
PRELIMINARY LOCAL CLIMATOLOGICAL DATA (WS FORM: F-6)
STATION: MONTPELIER VT
MONTH: JANUARY
YEAR: 2021
LATITUDE: 44 12 N
LONGITUDE: 72 34 W
TEMPERATURE IN F: :PCPN: SNOW: WIND :SUNSHINE: SKY :PK WND
================================================================================
1 2 3 4 5 6A 6B 7 8 9 10 11 12 13 14 15 16 17 18
12Z AVG MX 2MIN
DY MAX MIN AVG DEP HDD CDD WTR SNW DPTH SPD SPD DIR MIN PSBL S-S WX SPD DR
================================================================================
1 29 19 24 5 41 0 0.03 M M 2.4 12 160 M M 6 1 15 160
2 31 23 27 9 38 0 0.51 M M 4.7 24 300 M M 9 12 35 290
3 27 24 26 8 39 0 0.10 M M 3.9 12 160 M M 10 1 16 170
4 34 24 29 11 36 0 T M M 1.3 6 40 M M 9 1 7 300
5 30 24 27 9 38 0 0.01 M M 4.3 9 320 M M 10 1 13 310
6 26 19 23 5 42 0 T M M 7.3 15 310 M M 8 1 21 310
7 24 18 21 4 44 0 0.00 M M 7.1 14 310 M M 10 21 310
8 21 13 17 0 48 0 0.00 M M 6.5 15 320 M M 5 19 340
9 24 11 18 1 47 0 0.00 M M 4.3 13 310 M M 5 16 320
10 27 9 18 1 47 0 0.00 M M 3.3 9 310 M M 6 13 340
11 21 3 12 -5 53 0 T M M 0.5 5 90 M M 7 12 5 50
12 31 18 25 8 40 0 T M M 0.9 8 300 M M 10 1 10 300
13 31 25 28 12 37 0 T M M 5.0 13 160 M M 10 15 200
14 32 29 31 15 34 0 0.00 M M 2.5 10 180 M M 10 18 12 170
15 34 26 30 14 35 0 0.00 M M 4.3 20 160 M M 8 1 24 160
16 34 31 33 17 32 0 1.04 M M 2.9 10 130 M M 10 12 14 130
17 32 28 30 14 35 0 0.09 M M 6.8 15 270 M M 10 1 23 290
18 29 9 19 3 46 0 0.02 M M 5.3 14 320 M M 8 1 22 310
19 22 3 13 -3 52 0 0.01 M M 0.8 5 50 M M 6 1 5 40
20 26 2 14 -2 51 0 0.03 M M 6.6 20 310 M M 9 18 26 300
21 24 -2 11 -5 54 0 0.02 M M 4.8 12 160 M M 7 1 15 170
22 29 16 23 7 42 0 0.01 M M 4.6 13 310 M M 10 1 16 320
23 18 5 12 -4 53 0 T M M 12.7 26 300 M M 9 189 35 310
24 14 1 8 -8 57 0 T M M 11.6 29 310 M M 2 89 39 310
25 20 -2 9 -7 56 0 T M M 4.8 14 320 M M 3 21 330
26 26 3 15 -1 50 0 0.04 M M 1.2 9 160 M M 8 1 12 170
27 28 22 25 9 40 0 0.03 M M 2.8 12 310 M M 10 1 14 310
28 22 4 13 -3 52 0 T M M 10.3 22 300 M M 10 18 32 310
29 5 -3 1 -15 64 0 T M M 10.2 21 300 M M 8 18 29 320
30 7 -9 -1 -17 66 0 T M M 6.9 16 310 M M 6 18 22 310
31 17 -15 1 -15 64 0 T M M 0.8 5 200 M M 0 5 10
================================================================================
SM 775 378 1433 0 1.94 M 151.4 M 239
================================================================================
AV 25.0 12.2 4.9 FASTST M M 8 MAX(MPH)
MISC ----> 29 310 39 310
================================================================================
NOTES:
# LAST OF SEVERAL OCCURRENCES
COLUMN 17 PEAK WIND IN M.P.H.
PRELIMINARY LOCAL CLIMATOLOGICAL DATA (WS FORM: F-6) , PAGE 2
STATION: MONTPELIER VT
MONTH: JANUARY
YEAR: 2021
LATITUDE: 44 12 N
LONGITUDE: 72 34 W
[TEMPERATURE DATA] [PRECIPITATION DATA] SYMBOLS USED IN COLUMN 16
AVERAGE MONTHLY: 18.6 TOTAL FOR MONTH: 1.94 1 = FOG OR MIST
DPTR FM NORMAL: 2.0 DPTR FM NORMAL: -0.38 2 = FOG REDUCING VISIBILITY
HIGHEST: 34 ON 16,15 GRTST 24HR 1.04 ON 16-16 TO 1/4 MILE OR LESS
LOWEST: -15 ON 31 3 = THUNDER
SNOW, ICE PELLETS, HAIL 4 = ICE PELLETS
TOTAL MONTH: M 5 = HAIL
GRTST 24HR M ON M 6 = FREEZING RAIN OR DRIZZLE
GRTST DEPTH: M ON M 7 = DUSTSTORM OR SANDSTORM:
VSBY 1/2 MILE OR LESS
8 = SMOKE OR HAZE
[NO. OF DAYS WITH] [WEATHER - DAYS WITH] 9 = BLOWING SNOW
X = TORNADO
MAX 32 OR BELOW: 28 0.01 INCH OR MORE: 13
MAX 90 OR ABOVE: 0 0.10 INCH OR MORE: 3
MIN 32 OR BELOW: 31 0.50 INCH OR MORE: 2
MIN 0 OR BELOW: 5 1.00 INCH OR MORE: 1
[HDD (BASE 65) ]
TOTAL THIS MO. 1433 CLEAR (SCALE 0-3) 3
DPTR FM NORMAL -67 PTCLDY (SCALE 4-7) 9
TOTAL FM JUL 1 4301 CLOUDY (SCALE 8-10) 19
DPTR FM NORMAL -376
[CDD (BASE 65) ]
TOTAL THIS MO. 0
DPTR FM NORMAL 0 [PRESSURE DATA]
TOTAL FM JAN 1 0 HIGHEST SLP 30.58 ON 1
DPTR FM NORMAL 0 LOWEST SLP 29.19 ON 17
[REMARKS]
#FINAL-01-21#