000
CXUS51 KBTV 010700
CF6MPV
PRELIMINARY LOCAL CLIMATOLOGICAL DATA (WS FORM: F-6)
STATION: MONTPELIER VT
MONTH: MAY
YEAR: 2020
LATITUDE: 44 12 N
LONGITUDE: 72 34 W
TEMPERATURE IN F: :PCPN: SNOW: WIND :SUNSHINE: SKY :PK WND
================================================================================
1 2 3 4 5 6A 6B 7 8 9 10 11 12 13 14 15 16 17 18
12Z AVG MX 2MIN
DY MAX MIN AVG DEP HDD CDD WTR SNW DPTH SPD SPD DIR MIN PSBL S-S WX SPD DR
================================================================================
1 62 43 53 4 12 0 0.19 M M 8.0 22 320 M M 10 1 30 350
2 63 34 49 0 16 0 T M M 6.9 20 340 M M 2 30 300
3 72 45 59 9 6 0 T M M 7.9 21 310 M M 5 30 310
4 56 40 48 -2 17 0 T M M 10.5 22 310 M M 7 30 310
5 48 30 39 -11 26 0 T M M 10.5 20 310 M M 8 28 310
6 54 26 40 -11 25 0 0.00 M M 2.5 9 350 M M 4 13 310
7 58 29 44 -7 21 0 0.15 M M 6.7 20 300 M M 4 1 26 300
8 48 30 39 -12 26 0 0.20 M M 8.3 21 290 M M 6 1 32 240
9 34 27 31 -21 34 0 0.14 M M 12.7 26 300 M M 9 128 37 300
10 49 32 41 -11 24 0 0.00 M M 9.9 20 270 M M 8 30 280
11 53 33 43 -9 22 0 0.99 M M 4.9 14 300 M M 9 1 19 310
12 45 33 39 -14 26 0 0.00 M M 11.6 24 300 M M 4 32 300
13 52 26 39 -14 26 0 0.00 M M 10.6 26 310 M M 0 36 310
14 64 30 47 -6 18 0 0.00 M M 3.8 16 290 M M 2 22 300
15 69 47 58 4 7 0 0.36 M M 5.8 24 180 M M 10 13 29 210
16 56 42 49 -5 16 0 0.02 M M 5.8 17 310 M M 10 1 21 300
17 66 42 54 0 11 0 0.00 M M 2.3 12 290 M M 6 12 13 290
18 70 44 57 3 8 0 0.00 M M 2.8 16 10 M M 4 21 10
19 70 37 54 -1 11 0 0.00 M M 3.6 14 150 M M 0 17 160
20 73 37 55 0 10 0 0.00 M M 3.0 10 160 M M 0 14 160
21 78 40 59 4 6 0 0.00 M M 3.7 14 300 M M 0 20 210
22 81 41 61 5 4 0 0.00 M M 3.8 15 340 M M 0 20 310
23 81 48 65 9 0 0 0.00 M M 4.9 21 170 M M 1 26 170
24 71 43 57 1 8 0 0.00 M M 9.0 17 160 M M 1 23 160
25 72 47 60 3 5 0 0.00 M M 9.6 20 160 M M 2 23 170
26 87 56 72 15 0 7 0.00 M M 3.5 13 170 M M 3 15 160
27 91 60 76 19 0 11 0.00 M M 3.8 13 220 M M 0 13 17 210
28 81 65 73 15 0 8 0.00 M M 9.2 20 170 M M 4 26 160
29 84 65 75 17 0 10 0.32 M M 9.8 21 260 M M 6 13 33 270
30 68 52 60 2 5 0 0.09 M M 8.5 21 310 M M 6 30 310
31 53 36 45 -13 20 0 0.01 M M 10.9 25 310 M M 8 35 10
================================================================================
SM 2009 1260 410 36 2.47 M 214.8 M 139
================================================================================
AV 64.8 40.6 6.9 FASTST M M 4 MAX(MPH)
MISC ----> # 26 300 37 300
================================================================================
NOTES:
# LAST OF SEVERAL OCCURRENCES
COLUMN 17 PEAK WIND IN M.P.H.
PRELIMINARY LOCAL CLIMATOLOGICAL DATA (WS FORM: F-6) , PAGE 2
STATION: MONTPELIER VT
MONTH: MAY
YEAR: 2020
LATITUDE: 44 12 N
LONGITUDE: 72 34 W
[TEMPERATURE DATA] [PRECIPITATION DATA] SYMBOLS USED IN COLUMN 16
AVERAGE MONTHLY: 52.7 TOTAL FOR MONTH: 2.47 1 = FOG OR MIST
DPTR FM NORMAL: -1.1 DPTR FM NORMAL: -0.90 2 = FOG REDUCING VISIBILITY
HIGHEST: 91 ON 27 GRTST 24HR 0.99 ON 11-11 TO 1/4 MILE OR LESS
LOWEST: 26 ON 13, 6 3 = THUNDER
SNOW, ICE PELLETS, HAIL 4 = ICE PELLETS
TOTAL MONTH: M 5 = HAIL
GRTST 24HR M ON M 6 = FREEZING RAIN OR DRIZZLE
GRTST DEPTH: M ON M 7 = DUSTSTORM OR SANDSTORM:
VSBY 1/2 MILE OR LESS
8 = SMOKE OR HAZE
[NO. OF DAYS WITH] [WEATHER - DAYS WITH] 9 = BLOWING SNOW
X = TORNADO
MAX 32 OR BELOW: 0 0.01 INCH OR MORE: 10
MAX 90 OR ABOVE: 1 0.10 INCH OR MORE: 7
MIN 32 OR BELOW: 8 0.50 INCH OR MORE: 1
MIN 0 OR BELOW: 0 1.00 INCH OR MORE: 0
[HDD (BASE 65) ]
TOTAL THIS MO. 410 CLEAR (SCALE 0-3) 12
DPTR FM NORMAL 54 PTCLDY (SCALE 4-7) 12
TOTAL FM JUL 1 7950 CLOUDY (SCALE 8-10) 7
DPTR FM NORMAL -110
[CDD (BASE 65) ]
TOTAL THIS MO. 36
DPTR FM NORMAL 27 [PRESSURE DATA]
TOTAL FM JAN 1 36 HIGHEST SLP M ON M
DPTR FM NORMAL 26 LOWEST SLP 29.59 ON 9
[REMARKS]
#FINAL-05-20#