000
CXUS53 KMQT 062309
CF6MQT
PRELIMINARY LOCAL CLIMATOLOGICAL DATA (WS FORM: F-6)
STATION: MARQUETTE MI
MONTH: JUNE
YEAR: 2023
LATITUDE: 46 31 N
LONGITUDE: 87 33 W
TEMPERATURE IN F: :PCPN: SNOW: WIND :SUNSHINE: SKY :PK WND
================================================================================
1 2 3 4 5 6A 6B 7 8 9 10 11 12 13 14 15 16 17 18
12Z AVG MX 2MIN
DY MAX MIN AVG DEP HDD CDD WTR SNW DPTH SPD SPD DIR MIN PSBL S-S WX SPD DR
================================================================================
1 91 54 73 16 0 8 0.00 0.0 0 M M M M M M 18 180
2 86 58 72 15 0 7 0.00 0.0 0 M M M M M M 17 45
3 83 55 69 12 0 4 0.00 0.0 0 M M M M M M 16 90
4 85 54 70 12 0 5 0.00 0.0 0 M M M M M M 8 11 225
5 68 54 61 3 4 0 0.00 0.0 0 M M M M M M 8 16 45
6 60 42 51 -7 14 0 0.00 0.0 0 M M M M M M 16 45
7 62 40 51 -8 14 0 0.00 0.0 0 M M M M M M 19 315
8 69 38 54 -5 11 0 0.00 0.0 0 M M M M M M 20 315
9 78 41 60 1 5 0 T 0.0 0 M M M M M M 15 90
10 60 43 52 -8 13 0 0.15 0.0 0 M M M M M M 21 315
11 53 37 45 -15 20 0 0.05 0.0 0 M M M M M M 21 45
12 50 36 43 -17 22 0 0.12 0.0 0 M M M M M M 12 16 45
13 60 49 55 -5 10 0 1.35 0.0 0 M M M M M M 29 360
14 70 49 60 0 5 0 0.00 0.0 0 M M M M M M 1 16 360
15 53 42 48 -13 17 0 0.03 0.0 0 M M M M M M 24 360
16 68 46 57 -4 8 0 0.00 0.0 0 M M M M M M 16 315
17 76 45 61 0 4 0 0.00 0.0 0 M M M M M M 14 45
18 82 56 69 7 0 4 0.00 0.0 0 M M M M M M 17 180
19 82 56 69 7 0 4 0.00 0.0 0 M M M M M M 15 90
20 84 56 70 8 0 5 0.00 0.0 0 M M M M M M 17 180
21 87 59 73 11 0 8 0.00 0.0 0 M M M M M M 17 45
22 90 64 77 15 0 12 0.00 0.0 0 M M M M M M 13 45
23 85 62 74 11 0 9 0.00 0.0 0 M M M M M M 13 45
24 85 56 71 8 0 6 0.90 0.0 0 M M M M M M 12 19 270
25 73 56 65 2 0 0 0.11 0.0 0 M M M M M M 13 20 45
26 58 52 55 -8 10 0 0.29 0.0 0 M M M M M M 128 28 315
27 70 52 61 -3 4 0 0.00 0.0 0 M M M M M M 16 315
28 63 52 58 -6 7 0 0.46 0.0 0 M M M M M M 15 225
29 77 55 66 2 0 1 0.40 0.0 0 M M M M M M 3 18 180
30 78 59 69 5 0 4 0.00 0.0 0 M M M M M M 16 270
================================================================================
SM 2186 1518 168 77 3.86 0.0 M M M
================================================================================
AV 72.9 50.6 M FASTST M M M MAX(MPH)
MISC ----> M M 29 360
================================================================================
NOTES:
# LAST OF SEVERAL OCCURRENCES
COLUMN 17 PEAK WIND IN M.P.H.
PRELIMINARY LOCAL CLIMATOLOGICAL DATA (WS FORM: F-6) , PAGE 2
STATION: MARQUETTE MI
MONTH: JUNE
YEAR: 2023
LATITUDE: 46 31 N
LONGITUDE: 87 33 W
[TEMPERATURE DATA] [PRECIPITATION DATA] SYMBOLS USED IN COLUMN 16
AVERAGE MONTHLY: 61.7 TOTAL FOR MONTH: 3.86 1 = FOG OR MIST
DPTR FM NORMAL: 1.0 DPTR FM NORMAL: 0.59 2 = FOG REDUCING VISIBILITY
HIGHEST: 91 ON 1 GRTST 24HR 1.35 ON 13-13 TO 1/4 MILE OR LESS
LOWEST: 36 ON 12 3 = THUNDER
SNOW, ICE PELLETS, HAIL 4 = ICE PELLETS
TOTAL MONTH: 0.0 INCH 5 = HAIL
GRTST 24HR 0.0 6 = FREEZING RAIN OR DRIZZLE
GRTST DEPTH: 0 7 = DUSTSTORM OR SANDSTORM:
VSBY 1/2 MILE OR LESS
8 = SMOKE OR HAZE
[NO. OF DAYS WITH] [WEATHER - DAYS WITH] 9 = BLOWING SNOW
X = TORNADO
MAX 32 OR BELOW: 0 0.01 INCH OR MORE: 10
MAX 90 OR ABOVE: 2 0.10 INCH OR MORE: 8
MIN 32 OR BELOW: 0 0.50 INCH OR MORE: 2
MIN 0 OR BELOW: 0 1.00 INCH OR MORE: 1
[HDD (BASE 65) ]
TOTAL THIS MO. 168 CLEAR (SCALE 0-3) 0
DPTR FM NORMAL -6 PTCLDY (SCALE 4-7) 0
TOTAL FM JUL 1 8429 CLOUDY (SCALE 8-10) 30
DPTR FM NORMAL -788
[CDD (BASE 65) ]
TOTAL THIS MO. 77
DPTR FM NORMAL 30 [PRESSURE DATA]
TOTAL FM JAN 1 100 HIGHEST SLP M ON M
DPTR FM NORMAL 41 LOWEST SLP M ON M
[REMARKS]
#FINAL-06-23#