000
CXUS53 KMQT 011000
CF6MQT
PRELIMINARY LOCAL CLIMATOLOGICAL DATA (WS FORM: F-6)
STATION: MARQUETTE MI
MONTH: NOVEMBER
YEAR: 2022
LATITUDE: 46 31 N
LONGITUDE: 87 33 W
TEMPERATURE IN F: :PCPN: SNOW: WIND :SUNSHINE: SKY :PK WND
================================================================================
1 2 3 4 5 6A 6B 7 8 9 10 11 12 13 14 15 16 17 18
12Z AVG MX 2MIN
DY MAX MIN AVG DEP HDD CDD WTR SNW DPTH SPD SPD DIR MIN PSBL S-S WX SPD DR
================================================================================
1 68 36 52 15 13 0 0.00 0.0 0 M M M M M M 15 90
2 71 35 53 17 12 0 0.00 0.0 0 M M M M M M 23 225
3 69 51 60 24 5 0 0.00 0.0 0 M M M M M M 30 180
4 61 38 50 14 15 0 0.05 0.0 0 M M M M M M 35 180
5 47 36 42 7 23 0 1.28 0.0 0 M M M M M M 1 30 225
6 52 37 45 10 20 0 0.01 0.0 0 M M M M M M 35 270
7 39 33 36 2 29 0 T 0.0 0 M M M M M M 33 270
8 43 32 38 4 27 0 0.00 0.0 0 M M M M M M 27 180
9 55 40 48 15 17 0 0.36 0.0 0 M M M M M M 32 225
10 58 39 49 16 16 0 0.60 0.0 0 M M M M M M 1 18 360
11 41 28 35 2 30 0 0.08 0.9 0 M M M M M M 1 27 270
12 29 24 27 -5 38 0 0.52 4.9 2 M M M M M M 5 27 45
13 27 20 24 -8 41 0 0.27 5.7 5 M M M M M M 17 315
14 32 10 21 -10 44 0 T T 6 M M M M M M 10 135
15 34 25 30 -1 35 0 0.12 2.0 5 M M M M M M 11 90
16 28 22 25 -5 40 0 0.02 0.3 5 M M M M M M 17 360
17 29 17 23 -7 42 0 0.10 1.6 5 M M M M M M 18 45
18 25 14 20 -10 45 0 0.11 1.7 6 M M M M M M 28 225
19 18 11 15 -14 50 0 0.09 2.0 6 M M M M M M 9 28 315
20 21 11 16 -13 49 0 0.10 2.2 7 M M M M M M 24 225
21 27 18 23 -5 42 0 T T 6 M M M M M M 26 225
22 31 23 27 -1 38 0 0.02 0.3 5 M M M M M M 21 225
23 43 13 28 0 37 0 0.00 0.0 5 M M M M M M 17 225
24 47 30 39 12 26 0 T 0.0 5 M M M M M M 24 315
25 42 31 37 10 28 0 0.00 0.0 3 M M M M M M 24 225
26 58 37 48 22 17 0 0.00 0.0 2 M M M M M M 30 225
27 39 31 35 9 30 0 T T T M M M M M M 22 45
28 35 30 33 7 32 0 T T T M M M M M M 24 180
29 42 33 38 13 27 0 0.25 T T M M M M M M 30 270
30 33 18 26 1 39 0 0.01 0.2 T M M M M M M 43 270
================================================================================
SM 1244 823 907 0 3.99 21.8 M M M
================================================================================
AV 41.5 27.4 M FASTST M M M MAX(MPH)
MISC ----> M M 43 270
================================================================================
NOTES:
# LAST OF SEVERAL OCCURRENCES
COLUMN 17 PEAK WIND IN M.P.H.
PRELIMINARY LOCAL CLIMATOLOGICAL DATA (WS FORM: F-6) , PAGE 2
STATION: MARQUETTE MI
MONTH: NOVEMBER
YEAR: 2022
LATITUDE: 46 31 N
LONGITUDE: 87 33 W
[TEMPERATURE DATA] [PRECIPITATION DATA] SYMBOLS USED IN COLUMN 16
AVERAGE MONTHLY: 34.5 TOTAL FOR MONTH: 3.99 1 = FOG OR MIST
DPTR FM NORMAL: 3.7 DPTR FM NORMAL: 1.09 2 = FOG REDUCING VISIBILITY
HIGHEST: 71 ON 2 GRTST 24HR 1.28 ON 5- 5 TO 1/4 MILE OR LESS
LOWEST: 10 ON 14 3 = THUNDER
SNOW, ICE PELLETS, HAIL 4 = ICE PELLETS
TOTAL MONTH: 21.8 INCHES 5 = HAIL
GRTST 24HR 5.7 ON 13-13 6 = FREEZING RAIN OR DRIZZLE
GRTST DEPTH: 7 ON 20 7 = DUSTSTORM OR SANDSTORM:
VSBY 1/2 MILE OR LESS
8 = SMOKE OR HAZE
[NO. OF DAYS WITH] [WEATHER - DAYS WITH] 9 = BLOWING SNOW
X = TORNADO
MAX 32 OR BELOW: 10 0.01 INCH OR MORE: 17
MAX 90 OR ABOVE: 0 0.10 INCH OR MORE: 10
MIN 32 OR BELOW: 19 0.50 INCH OR MORE: 3
MIN 0 OR BELOW: 0 1.00 INCH OR MORE: 1
[HDD (BASE 65) ]
TOTAL THIS MO. 907 CLEAR (SCALE 0-3) 0
DPTR FM NORMAL -119 PTCLDY (SCALE 4-7) 0
TOTAL FM JUL 1 1844 CLOUDY (SCALE 8-10) 30
DPTR FM NORMAL -323
[CDD (BASE 65) ]
TOTAL THIS MO. 0
DPTR FM NORMAL 0 [PRESSURE DATA]
TOTAL FM JAN 1 316 HIGHEST SLP M ON M
DPTR FM NORMAL 79 LOWEST SLP M ON M
[REMARKS]
#FINAL-11-22#