000
CXUS53 KMQT 011300
CF6MQT
PRELIMINARY LOCAL CLIMATOLOGICAL DATA (WS FORM: F-6)
STATION: MARQUETTE MI
MONTH: OCTOBER
YEAR: 2022
LATITUDE: 46 31 N
LONGITUDE: 87 33 W
TEMPERATURE IN F: :PCPN: SNOW: WIND :SUNSHINE: SKY :PK WND
================================================================================
1 2 3 4 5 6A 6B 7 8 9 10 11 12 13 14 15 16 17 18
12Z AVG MX 2MIN
DY MAX MIN AVG DEP HDD CDD WTR SNW DPTH SPD SPD DIR MIN PSBL S-S WX SPD DR
================================================================================
1 57 42 50 0 15 0 0.01 0.0 0 M M M M M M 1 15 45
2 63 42 53 3 12 0 0.00 0.0 0 M M M M M M 13 225
3 72 43 58 9 7 0 T 0.0 0 M M M M M M 16 225
4 75 51 63 14 2 0 T 0.0 0 M M M M M M 13 270
5 73 53 63 15 2 0 0.01 0.0 0 M M M M M M 15 225
6 57 36 47 -1 18 0 0.71 T 0 M M M M M M 29 45
7 40 33 37 -10 28 0 0.13 T T M M M M M M 26 270
8 58 32 45 -2 20 0 0.00 0.0 0 M M M M M M 29 270
9 47 28 38 -8 27 0 0.00 0.0 0 M M M M M M 18 360
10 58 26 42 -4 23 0 0.00 0.0 0 M M M M M M 16 180
11 73 44 59 13 6 0 0.00 0.0 0 M M M M M M 29 180
12 62 41 52 7 13 0 0.67 T 0 M M M M M M 135 33 270
13 47 35 41 -4 24 0 0.13 0.0 0 M M M M M M 14 270
14 41 30 36 -8 29 0 0.02 T 0 M M M M M M 4 17 270
15 40 26 33 -11 32 0 T 0.0 0 M M M M M M 22 225
16 44 32 38 -5 27 0 0.10 T 0 M M M M M M 14 270
17 36 30 33 -10 32 0 1.56 9.1 T M M M M M M 32 360
18 36 30 33 -9 32 0 1.04 9.0 9 M M M M M M 34 360
19 37 31 34 -8 31 0 0.10 1.0 8 M M M M M M 24 360
20 46 30 38 -4 27 0 T T 8 M M M M M M 14 270
21 59 33 46 5 19 0 0.00 0.0 7 M M M M M M 24 225
22 65 31 48 7 17 0 0.00 0.0 4 M M M M M M 16 180
23 70 49 60 20 5 0 0.00 0.0 2 M M M M M M 30 180
24 71 56 64 24 1 0 T 0.0 0 M M M M M M 33 180
25 64 39 52 12 13 0 0.11 0.0 0 M M M M M M 33 180
26 42 29 36 -3 29 0 T 0.0 0 M M M M M M 24 270
27 52 26 39 0 26 0 0.00 0.0 0 M M M M M M 18 180
28 57 40 49 11 16 0 0.00 0.0 0 M M M M M M 25 225
29 65 41 53 15 12 0 0.00 0.0 0 M M M M M M 23 180
30 66 38 52 14 13 0 0.00 0.0 0 M M M M M M 19 180
31 63 31 47 10 18 0 0.00 0.0 0 M M M M M M 13 270
================================================================================
SM 1736 1128 576 0 4.59 19.1 M M M
================================================================================
AV 56.0 36.4 M FASTST M M M MAX(MPH)
MISC ----> M M 34 360
================================================================================
NOTES:
# LAST OF SEVERAL OCCURRENCES
COLUMN 17 PEAK WIND IN M.P.H.
PRELIMINARY LOCAL CLIMATOLOGICAL DATA (WS FORM: F-6) , PAGE 2
STATION: MARQUETTE MI
MONTH: OCTOBER
YEAR: 2022
LATITUDE: 46 31 N
LONGITUDE: 87 33 W
[TEMPERATURE DATA] [PRECIPITATION DATA] SYMBOLS USED IN COLUMN 16
AVERAGE MONTHLY: 46.2 TOTAL FOR MONTH: 4.59 1 = FOG OR MIST
DPTR FM NORMAL: 2.7 DPTR FM NORMAL: 0.55 2 = FOG REDUCING VISIBILITY
HIGHEST: 75 ON 4 GRTST 24HR 1.56 ON 17-17 TO 1/4 MILE OR LESS
LOWEST: 26 ON 27,15 3 = THUNDER
SNOW, ICE PELLETS, HAIL 4 = ICE PELLETS
TOTAL MONTH: 19.1 INCHES 5 = HAIL
GRTST 24HR 9.1 ON 17-17 6 = FREEZING RAIN OR DRIZZLE
GRTST DEPTH: 9 ON 18 7 = DUSTSTORM OR SANDSTORM:
VSBY 1/2 MILE OR LESS
8 = SMOKE OR HAZE
[NO. OF DAYS WITH] [WEATHER - DAYS WITH] 9 = BLOWING SNOW
X = TORNADO
MAX 32 OR BELOW: 0 0.01 INCH OR MORE: 12
MAX 90 OR ABOVE: 0 0.10 INCH OR MORE: 9
MIN 32 OR BELOW: 14 0.50 INCH OR MORE: 4
MIN 0 OR BELOW: 0 1.00 INCH OR MORE: 2
[HDD (BASE 65) ]
TOTAL THIS MO. 576 CLEAR (SCALE 0-3) 0
DPTR FM NORMAL -93 PTCLDY (SCALE 4-7) 0
TOTAL FM JUL 1 937 CLOUDY (SCALE 8-10) 31
DPTR FM NORMAL -204
[CDD (BASE 65) ]
TOTAL THIS MO. 0
DPTR FM NORMAL -1 [PRESSURE DATA]
TOTAL FM JAN 1 316 HIGHEST SLP M ON M
DPTR FM NORMAL 79 LOWEST SLP M ON M
[REMARKS]
#FINAL-10-22#