000
CXUS53 KMQT 110011
CF6MQT
PRELIMINARY LOCAL CLIMATOLOGICAL DATA (WS FORM: F-6)
STATION: MARQUETTE MI
MONTH: JUNE
YEAR: 2022
LATITUDE: 46 31 N
LONGITUDE: 87 33 W
TEMPERATURE IN F: :PCPN: SNOW: WIND :SUNSHINE: SKY :PK WND
================================================================================
1 2 3 4 5 6A 6B 7 8 9 10 11 12 13 14 15 16 17 18
12Z AVG MX 2MIN
DY MAX MIN AVG DEP HDD CDD WTR SNW DPTH SPD SPD DIR MIN PSBL S-S WX SPD DR
================================================================================
1 66 49 58 1 7 0 0.00 0.0 0 M M M M M M 27 270
2 75 49 62 5 3 0 T 0.0 0 M M M M M M 39 225
3 57 38 48 -9 17 0 T 0.0 0 M M M M M M 28 270
4 70 37 54 -4 11 0 T 0.0 0 M M M M M M 27 270
5 76 42 59 1 6 0 0.43 0.0 0 M M M M M M 3 18 225
6 64 50 57 -1 8 0 0.11 0.0 0 M M M M M M 1 14 225
7 68 47 58 -1 7 0 0.00 0.0 0 M M M M M M 1 16 315
8 71 45 58 -1 7 0 0.03 0.0 0 M M M M M M 13 45
9 71 49 60 1 5 0 T 0.0 0 M M M M M M 23 270
10 72 47 60 0 5 0 0.00 0.0 0 M M M M M M 19 315
11 66 45 56 -4 9 0 0.28 0.0 0 M M M M M M 12 19 270
12 63 39 51 -9 14 0 0.00 0.0 0 M M M M M M 14 90
13 62 46 54 -6 11 0 0.18 0.0 0 M M M M M M 15 135
14 81 57 69 9 0 4 0.00 0.0 0 M M M M M M 27 180
15 87 64 76 15 0 11 0.52 0.0 0 M M M M M M 3 30 270
16 75 59 67 6 0 2 0.02 0.0 0 M M M M M M 40 270
17 70 54 62 1 3 0 0.00 0.0 0 M M M M M M 28 270
18 68 43 56 -6 9 0 0.00 0.0 0 M M M M M M 16 90
19 73 50 62 0 3 0 0.01 0.0 0 M M M M M M 30 180
20 94 60 77 15 0 12 0.00 0.0 0 M M M M M M 21 225
21 89 73 81 19 0 16 0.00 0.0 0 M M M M M M 24 225
22 73 55 64 2 1 0 0.00 0.0 0 M M M M M M 28 315
23 88 50 69 6 0 4 0.00 0.0 0 M M M M M M 21 180
24 89 64 77 14 0 12 0.00 0.0 0 M M M M M M 17 315
25 85 64 75 12 0 10 0.30 0.0 0 M M M M M M 29 225
26 66 52 59 -4 6 0 0.07 0.0 0 M M M M M M 39 270
27 69 49 59 -5 6 0 T 0.0 0 M M M M M M 29 270
28 79 51 65 1 0 0 0.10 0.0 0 M M M M M M 123 28 225
29 72 50 61 -3 4 0 T 0.0 0 M M M M M M 3 20 180
30 86 54 70 6 0 5 1.90 0.0 0 M M M M M M 3 36 270
================================================================================
SM 2225 1532 142 76 3.95 0.0 M M M
================================================================================
AV 74.2 51.1 M FASTST M M M MAX(MPH)
MISC ----> M M 40 270
================================================================================
NOTES:
# LAST OF SEVERAL OCCURRENCES
COLUMN 17 PEAK WIND IN M.P.H.
PRELIMINARY LOCAL CLIMATOLOGICAL DATA (WS FORM: F-6) , PAGE 2
STATION: MARQUETTE MI
MONTH: JUNE
YEAR: 2022
LATITUDE: 46 31 N
LONGITUDE: 87 33 W
[TEMPERATURE DATA] [PRECIPITATION DATA] SYMBOLS USED IN COLUMN 16
AVERAGE MONTHLY: 62.6 TOTAL FOR MONTH: 3.95 1 = FOG OR MIST
DPTR FM NORMAL: 1.9 DPTR FM NORMAL: 0.68 2 = FOG REDUCING VISIBILITY
HIGHEST: 94 ON 20 GRTST 24HR 1.90 ON 30-30 TO 1/4 MILE OR LESS
LOWEST: 37 ON 4 3 = THUNDER
SNOW, ICE PELLETS, HAIL 4 = ICE PELLETS
TOTAL MONTH: 0.0 INCH 5 = HAIL
GRTST 24HR 0.0 6 = FREEZING RAIN OR DRIZZLE
GRTST DEPTH: 0 7 = DUSTSTORM OR SANDSTORM:
VSBY 1/2 MILE OR LESS
8 = SMOKE OR HAZE
[NO. OF DAYS WITH] [WEATHER - DAYS WITH] 9 = BLOWING SNOW
X = TORNADO
MAX 32 OR BELOW: 0 0.01 INCH OR MORE: 12
MAX 90 OR ABOVE: 1 0.10 INCH OR MORE: 8
MIN 32 OR BELOW: 0 0.50 INCH OR MORE: 2
MIN 0 OR BELOW: 0 1.00 INCH OR MORE: 1
[HDD (BASE 65) ]
TOTAL THIS MO. 142 CLEAR (SCALE 0-3) 0
DPTR FM NORMAL -32 PTCLDY (SCALE 4-7) 0
TOTAL FM JUL 1 8957 CLOUDY (SCALE 8-10) 30
DPTR FM NORMAL -260
[CDD (BASE 65) ]
TOTAL THIS MO. 76
DPTR FM NORMAL 29 [PRESSURE DATA]
TOTAL FM JAN 1 112 HIGHEST SLP M ON M
DPTR FM NORMAL 53 LOWEST SLP M ON M
[REMARKS]
#FINAL-06-22#