000
CXUS53 KMQT 011325
CF6MQT
PRELIMINARY LOCAL CLIMATOLOGICAL DATA (WS FORM: F-6)
STATION: MARQUETTE MI
MONTH: MARCH
YEAR: 2022
LATITUDE: 46 31 N
LONGITUDE: 87 33 W
TEMPERATURE IN F: :PCPN: SNOW: WIND :SUNSHINE: SKY :PK WND
================================================================================
1 2 3 4 5 6A 6B 7 8 9 10 11 12 13 14 15 16 17 18
12Z AVG MX 2MIN
DY MAX MIN AVG DEP HDD CDD WTR SNW DPTH SPD SPD DIR MIN PSBL S-S WX SPD DR
================================================================================
1 25 3 14 -6 51 0 T 0.1 31 M M M M M M 22 270
2 25 -1 12 -8 53 0 0.05 0.9 30 M M M M M M 20 360
3 25 -5 10 -10 55 0 T T 30 M M M M M M 20 270
4 31 3 17 -4 48 0 T T 29 M M M M M M 15 270
5 31 23 27 6 38 0 0.13 T 29 M M M M M M 46 23 135
6 31 25 28 6 37 0 0.58 0.6 28 M M M M M M 126 11 315
7 27 14 21 -1 44 0 T 0.1 28 M M M M M M 18 315
8 35 11 23 1 42 0 T T 27 M M M M M M 29 180
9 30 9 20 -3 45 0 0.01 0.3 27 M M M M M M 24 270
10 19 -1 9 -14 56 0 T T 27 M M M M M M 18 225
11 19 3 11 -12 54 0 0.01 0.4 26 M M M M M M 9 31 270
12 14 1 8 -16 57 0 T T 26 M M M M M M 9 25 315
13 26 6 16 -8 49 0 0.01 0.3 26 M M M M M M 28 270
14 36 4 20 -4 45 0 0.00 0.0 26 M M M M M M 12 45
15 48 9 29 4 36 0 0.00 0.0 26 M M M M M M 24 180
16 53 34 44 19 21 0 0.00 0.0 24 M M M M M M 22 180
17 45 35 40 15 25 0 0.00 0.0 21 M M M M M M 18 270
18 36 28 32 6 33 0 T T 19 M M M M M M 1 14 90
19 44 28 36 10 29 0 0.02 0.3 19 M M M M M M 22 360
20 53 27 40 14 25 0 0.00 0.0 18 M M M M M M 14 90
21 35 26 31 4 34 0 0.00 0.0 17 M M M M M M 14 90
22 36 29 33 6 32 0 0.23 0.4 16 M M M M M M 46 21 180
23 32 29 31 4 34 0 0.96 1.5 16 M M M M M M 146 M M
24 36 26 31 3 34 0 0.12 0.9 18 M M M M M M 16 M M
25 47 20 34 6 31 0 T T 18 M M M M M M 32 270
26 26 15 21 -7 44 0 0.02 0.4 17 M M M M M M 9 35 315
27 17 7 12 -17 53 0 0.04 0.4 17 M M M M M M 9 30 270
28 25 6 16 -13 49 0 T T 17 M M M M M M 30 270
29 35 4 20 -10 45 0 T T 17 M M M M M M 19 360
30 33 29 31 1 34 0 0.46 0.2 17 M M M M M M 146 28 135
31 29 24 27 -3 38 0 0.64 6.6 19 M M M M M M 1469 33 360
================================================================================
SM 1004 471 1271 0 3.28 13.4 M M M
================================================================================
AV 32.4 15.2 M FASTST M M M MAX(MPH)
MISC ----> M M 35 315
================================================================================
NOTES:
# LAST OF SEVERAL OCCURRENCES
COLUMN 17 PEAK WIND IN M.P.H.
PRELIMINARY LOCAL CLIMATOLOGICAL DATA (WS FORM: F-6) , PAGE 2
STATION: MARQUETTE MI
MONTH: MARCH
YEAR: 2022
LATITUDE: 46 31 N
LONGITUDE: 87 33 W
[TEMPERATURE DATA] [PRECIPITATION DATA] SYMBOLS USED IN COLUMN 16
AVERAGE MONTHLY: 23.8 TOTAL FOR MONTH: 3.28 1 = FOG OR MIST
DPTR FM NORMAL: -1.2 DPTR FM NORMAL: 0.61 2 = FOG REDUCING VISIBILITY
HIGHEST: 53 ON 20,16 GRTST 24HR 0.96 ON 23-23 TO 1/4 MILE OR LESS
LOWEST: -5 ON 3 3 = THUNDER
SNOW, ICE PELLETS, HAIL 4 = ICE PELLETS
TOTAL MONTH: 15.8 INCHES 5 = HAIL
GRTST 24HR 6.6 ON 31-31 6 = FREEZING RAIN OR DRIZZLE
GRTST DEPTH: 31 ON 1 7 = DUSTSTORM OR SANDSTORM:
VSBY 1/2 MILE OR LESS
8 = SMOKE OR HAZE
[NO. OF DAYS WITH] [WEATHER - DAYS WITH] 9 = BLOWING SNOW
X = TORNADO
MAX 32 OR BELOW: 17 0.01 INCH OR MORE: 14
MAX 90 OR ABOVE: 0 0.10 INCH OR MORE: 7
MIN 32 OR BELOW: 29 0.50 INCH OR MORE: 3
MIN 0 OR BELOW: 3 1.00 INCH OR MORE: 0
[HDD (BASE 65) ]
TOTAL THIS MO. 1271 CLEAR (SCALE 0-3) 0
DPTR FM NORMAL 31 PTCLDY (SCALE 4-7) 0
TOTAL FM JUL 1 7530 CLOUDY (SCALE 8-10) 31
DPTR FM NORMAL -211
[CDD (BASE 65) ]
TOTAL THIS MO. 0
DPTR FM NORMAL 0 [PRESSURE DATA]
TOTAL FM JAN 1 0 HIGHEST SLP M ON M
DPTR FM NORMAL 0 LOWEST SLP M ON M
[REMARKS]
#FINAL-03-22#