666
CXUS53 KMQT 011000
CF6MQT
PRELIMINARY LOCAL CLIMATOLOGICAL DATA (WS FORM: F-6)
STATION: MARQUETTE MI
MONTH: JANUARY
YEAR: 2021
LATITUDE: 46 31 N
LONGITUDE: 87 33 W
TEMPERATURE IN F: :PCPN: SNOW: WIND :SUNSHINE: SKY :PK WND
================================================================================
1 2 3 4 5 6A 6B 7 8 9 10 11 12 13 14 15 16 17 18
12Z AVG MX 2MIN
DY MAX MIN AVG DEP HDD CDD WTR SNW DPTH SPD SPD DIR MIN PSBL S-S WX SPD DR
================================================================================
1 27 10 19 4 46 0 0.00 0.0 9 M M M M M M 20 225
2 29 4 17 2 48 0 0.00 0.0 9 M M M M M M 1 14 225
3 37 14 26 11 39 0 0.00 0.0 9 M M M M M M 20 225
4 27 16 22 8 43 0 0.01 0.1 8 M M M M M M 25 225
5 35 24 30 16 35 0 T 0.1 8 M M M M M M 15 315
6 34 25 30 16 35 0 0.01 0.2 8 M M M M M M 10 270
7 30 26 28 14 37 0 T T 8 M M M M M M 14 360
8 30 24 27 13 38 0 T T 8 M M M M M M 13 315
9 28 24 26 12 39 0 T 0.1 8 M M M M M M 13 315
10 31 19 25 11 40 0 T T 8 M M M M M M 14 270
11 26 18 22 8 43 0 T T 8 M M M M M M 6 21 225
12 28 25 27 13 38 0 T T 8 M M M M M M 6 20 225
13 40 16 28 14 37 0 0.00 0.0 8 M M M M M M 1 18 225
14 32 23 28 15 37 0 0.00 0.0 8 M M M M M M 1 22 180
15 33 31 32 19 33 0 0.49 3.3 8 M M M M M M 12 19 90
16 32 23 28 15 37 0 0.46 4.0 12 M M M M M M 6 21 0
17 24 20 22 9 43 0 0.09 0.9 14 M M M M M M 6 15 0
18 24 19 22 9 43 0 T 0.3 14 M M M M M M 6 20 270
19 19 9 14 1 51 0 0.07 2.7 14 M M M M M M 20 315
20 24 4 14 1 51 0 T 0.1 14 M M M M M M 9 34 225
21 33 9 21 8 44 0 0.17 3.2 14 M M M M M M 42 225
22 9 4 7 -6 58 0 0.01 0.5 16 M M M M M M 24 270
23 20 6 13 0 52 0 T T 15 M M M M M M 15 270
24 25 7 16 3 49 0 0.10 1.8 15 M M M M M M 19 225
25 19 0 10 -3 55 0 T T 15 M M M M M M 15 315
26 18 11 15 2 50 0 0.03 0.9 15 M M M M M M 21 315
27 12 7 10 -3 55 0 T T 15 M M M M M M 20 315
28 16 -5 6 -7 59 0 T T 15 M M M M M M 18 315
29 25 -12 7 -6 58 0 0.00 0.0 15 M M M M M M 9 90
30 27 1 14 1 51 0 0.00 0.0 15 M M M M M M 12 135
31 26 19 23 10 42 0 0.00 0.0 15 M M M M M M 13 90
================================================================================
SM 820 421 1386 0 1.44 18.2 M M M
================================================================================
AV 26.5 13.6 M FASTST M M M MAX(MPH)
MISC ----> M M 42 225
================================================================================
NOTES:
# LAST OF SEVERAL OCCURRENCES
COLUMN 17 PEAK WIND IN M.P.H.
PRELIMINARY LOCAL CLIMATOLOGICAL DATA (WS FORM: F-6) , PAGE 2
STATION: MARQUETTE MI
MONTH: JANUARY
YEAR: 2021
LATITUDE: 46 31 N
LONGITUDE: 87 33 W
[TEMPERATURE DATA] [PRECIPITATION DATA] SYMBOLS USED IN COLUMN 16
AVERAGE MONTHLY: 20.0 TOTAL FOR MONTH: 1.44 1 = FOG OR MIST
DPTR FM NORMAL: 6.4 DPTR FM NORMAL: -0.97 2 = FOG REDUCING VISIBILITY
HIGHEST: 40 ON 13 GRTST 24HR 0.49 ON 15-15 TO 1/4 MILE OR LESS
LOWEST: -12 ON 29 3 = THUNDER
SNOW, ICE PELLETS, HAIL 4 = ICE PELLETS
TOTAL MONTH: 18.2 INCHES 5 = HAIL
GRTST 24HR 4.0 ON 16-16 6 = FREEZING RAIN OR DRIZZLE
GRTST DEPTH: 16 ON 22 7 = DUSTSTORM OR SANDSTORM:
VSBY 1/2 MILE OR LESS
8 = SMOKE OR HAZE
[NO. OF DAYS WITH] [WEATHER - DAYS WITH] 9 = BLOWING SNOW
X = TORNADO
MAX 32 OR BELOW: 25 0.01 INCH OR MORE: 10
MAX 90 OR ABOVE: 0 0.10 INCH OR MORE: 4
MIN 32 OR BELOW: 31 0.50 INCH OR MORE: 0
MIN 0 OR BELOW: 3 1.00 INCH OR MORE: 0
[HDD (BASE 65) ]
TOTAL THIS MO. 1386 CLEAR (SCALE 0-3) 0
DPTR FM NORMAL -209 PTCLDY (SCALE 4-7) 0
TOTAL FM JUL 1 4790 CLOUDY (SCALE 8-10) 31
DPTR FM NORMAL -447
[CDD (BASE 65) ]
TOTAL THIS MO. 0
DPTR FM NORMAL 0 [PRESSURE DATA]
TOTAL FM JAN 1 0 HIGHEST SLP M ON M
DPTR FM NORMAL 0 LOWEST SLP M ON M
[REMARKS]
#FINAL-01-21#