000
CXUS53 KMQT 010900
CF6MQT
PRELIMINARY LOCAL CLIMATOLOGICAL DATA (WS FORM: F-6)
STATION: MARQUETTE MI
MONTH: MARCH
YEAR: 2020
LATITUDE: 46 31 N
LONGITUDE: 87 33 W
TEMPERATURE IN F: :PCPN: SNOW: WIND :SUNSHINE: SKY :PK WND
================================================================================
1 2 3 4 5 6A 6B 7 8 9 10 11 12 13 14 15 16 17 18
12Z AVG MX 2MIN
DY MAX MIN AVG DEP HDD CDD WTR SNW DPTH SPD SPD DIR MIN PSBL S-S WX SPD DR
================================================================================
1 42 21 32 13 33 0 0.00 0.0 33 M M M M M M 24 180
2 34 14 24 5 41 0 T T 32 M M M M M M 28 270
3 34 14 24 4 41 0 T T 32 M M M M M M 24 225
4 32 16 24 4 41 0 T T 32 M M M M M M 25 315
5 33 16 25 5 40 0 1.12 9.3 32 M M M M M M 9 36 360
6 26 4 15 -5 50 0 0.10 1.1 39 M M M M M M 9 27 360
7 45 13 29 8 36 0 0.00 0.0 39 M M M M M M 29 180
8 54 30 42 21 23 0 0.00 0.0 37 M M M M M M 25 180
9 40 17 29 7 36 0 T T 34 M M M M M M 6 M M
10 33 17 25 3 40 0 0.00 0.0 34 M M M M M M 25 360
11 42 26 34 12 31 0 0.01 0.1 34 M M M M M M 18 225
12 34 31 33 10 32 0 0.53 2.0 32 M M M M M M 28 270
13 33 21 27 4 38 0 0.02 0.2 32 M M M M M M 46 270
14 24 17 21 -2 44 0 T T 32 M M M M M M 18 315
15 32 15 24 0 41 0 T T 32 M 15 90 M M M M M
16 32 21 27 3 38 0 T 0.2 32 M M M M M M 20 225
17 34 18 26 2 39 0 0.02 0.2 32 M M M M M M 27 270
18 38 22 30 5 35 0 0.00 0.0 32 M M M M M M 16 180
19 35 29 32 7 33 0 0.57 2.7 31 M M M M M M 14 180
20 31 3 17 -9 48 0 0.43 6.7 35 M M M M M M 9 34 360
21 30 -5 13 -13 52 0 0.00 0.0 33 M M M M M M 12 90
22 33 10 22 -4 43 0 T T 33 M M M M M M 26 180
23 38 21 30 3 35 0 0.02 0.4 32 M M M M M M 21 180
24 46 14 30 3 35 0 0.00 0.0 32 M M M M M M 19 135
25 40 21 31 3 34 0 T T 31 M M M M M M 1 19 225
26 37 25 31 3 34 0 0.00 0.0 30 M M M M M M 16 315
27 48 21 35 7 30 0 0.00 0.0 29 M M M M M M 1 18 180
28 45 31 38 9 27 0 0.26 T 27 M M M M M M 20 90
29 35 31 33 4 32 0 1.18 0.8 26 M M M M M M 12 28 360
30 34 29 32 2 33 0 T 0.1 26 M M M M M M 6 28 360
31 33 28 31 1 34 0 0.00 0.0 25 M M M M M M 18 45
================================================================================
SM 1127 591 1149 0 4.26 23.8 M M M
================================================================================
AV 36.4 19.1 M FASTST M M 0 MAX(MPH)
MISC ----> # 15 90 # 46 270
================================================================================
NOTES:
# LAST OF SEVERAL OCCURRENCES
COLUMN 17 PEAK WIND IN M.P.H.
PRELIMINARY LOCAL CLIMATOLOGICAL DATA (WS FORM: F-6) , PAGE 2
STATION: MARQUETTE MI
MONTH: MARCH
YEAR: 2020
LATITUDE: 46 31 N
LONGITUDE: 87 33 W
[TEMPERATURE DATA] [PRECIPITATION DATA] SYMBOLS USED IN COLUMN 16
AVERAGE MONTHLY: 27.7 TOTAL FOR MONTH: 4.26 1 = FOG OR MIST
DPTR FM NORMAL: 3.5 DPTR FM NORMAL: 1.23 2 = FOG REDUCING VISIBILITY
HIGHEST: 54 ON 8 GRTST 24HR 1.18 ON 29-29 TO 1/4 MILE OR LESS
LOWEST: -5 ON 21 3 = THUNDER
SNOW, ICE PELLETS, HAIL 4 = ICE PELLETS
TOTAL MONTH: 23.8 INCHES 5 = HAIL
GRTST 24HR 9.3 ON 5- 5 6 = FREEZING RAIN OR DRIZZLE
GRTST DEPTH: 39 ON 7, 6 7 = DUSTSTORM OR SANDSTORM:
VSBY 1/2 MILE OR LESS
8 = SMOKE OR HAZE
[NO. OF DAYS WITH] [WEATHER - DAYS WITH] 9 = BLOWING SNOW
X = TORNADO
MAX 32 OR BELOW: 7 0.01 INCH OR MORE: 11
MAX 90 OR ABOVE: 0 0.10 INCH OR MORE: 7
MIN 32 OR BELOW: 31 0.50 INCH OR MORE: 4
MIN 0 OR BELOW: 1 1.00 INCH OR MORE: 2
[HDD (BASE 65) ]
TOTAL THIS MO. 1149 CLEAR (SCALE 0-3) 0
DPTR FM NORMAL -114 PTCLDY (SCALE 4-7) 0
TOTAL FM JUL 1 7607 CLOUDY (SCALE 8-10) 0
DPTR FM NORMAL -280
[CDD (BASE 65) ]
TOTAL THIS MO. 0
DPTR FM NORMAL 0 [PRESSURE DATA]
TOTAL FM JAN 1 0 HIGHEST SLP M ON M
DPTR FM NORMAL 0 LOWEST SLP M ON M
[REMARKS]
#FINAL-03-20#