000
CXUS53 KMQT 011000
CF6MQT
PRELIMINARY LOCAL CLIMATOLOGICAL DATA (WS FORM: F-6)
STATION: MARQUETTE MI
MONTH: FEBRUARY
YEAR: 2020
LATITUDE: 46 31 N
LONGITUDE: 87 33 W
TEMPERATURE IN F: :PCPN: SNOW: WIND :SUNSHINE: SKY :PK WND
================================================================================
1 2 3 4 5 6A 6B 7 8 9 10 11 12 13 14 15 16 17 18
12Z AVG MX 2MIN
DY MAX MIN AVG DEP HDD CDD WTR SNW DPTH SPD SPD DIR MIN PSBL S-S WX SPD DR
================================================================================
1 33 24 29 16 36 0 T 0.3 36 M M M M M M 6 21 270
2 32 27 30 17 35 0 0.16 2.2 37 M M M M M M 28 315
3 30 19 25 12 40 0 0.00 0.0 36 M M M M M M 19 360
4 21 2 12 -2 53 0 T 0.2 36 M M M M M M 26 270
5 26 -9 9 -5 56 0 0.00 0.0 35 M M M M M M 23 225
6 30 3 17 3 48 0 0.02 0.5 35 M M M M M M 16 270
7 23 7 15 1 50 0 0.27 7.0 37 M M M M M M 17 315
8 18 7 13 -1 52 0 T T 39 M M M M M M 20 225
9 19 6 13 -1 52 0 0.02 0.3 38 M M M M M M 18 225
10 32 11 22 8 43 0 0.00 0.0 37 M M M M M M 23 225
11 27 15 21 7 44 0 T 0.2 36 M M M M M M 22 225
12 29 5 17 2 48 0 0.08 1.3 36 M M M M M M 9 25 225
13 5 -8 -1 -16 66 0 0.19 2.4 37 M M M M M M 9 25 45
14 14 -9 3 -12 62 0 T T 37 M M M M M M 9 30 180
15 22 2 12 -3 53 0 T T 36 M M M M M M 9 29 180
16 21 -9 6 -10 59 0 T 0.1 35 M M M M M M 27 270
17 31 -17 7 -9 58 0 0.00 0.0 35 M M M M M M 26 180
18 25 9 17 1 48 0 0.24 3.1 36 M M M M M M 9 33 270
19 12 -2 5 -11 60 0 0.01 0.3 36 M M M M M M 23 315
20 19 -10 5 -11 60 0 T 0.1 35 M M M M M M 9 27 270
21 43 7 25 8 40 0 0.00 0.0 35 M M M M M M 9 37 225
22 46 22 34 17 31 0 0.00 0.0 34 M M M M M M 22 225
23 49 25 37 20 28 0 0.00 0.0 34 M M M M M M 32 270
24 39 25 32 14 33 0 0.00 0.0 32 M M M M M M 20 270
25 28 19 24 6 41 0 T T 32 M M M M M M 22 45
26 20 13 17 -1 48 0 0.17 4.1 32 M M M M M M 19 360
27 15 10 13 -5 52 0 0.19 5.6 37 M M M M M M 9 28 270
28 17 9 13 -6 52 0 T T 36 M M M M M M 9 29 315
29 32 -4 14 -5 51 0 0.00 0.0 34 M M M M M M 19 180
================================================================================
SM 758 199 1399 0 1.35 27.7 M M M
================================================================================
AV 26.1 6.9 M FASTST M M 0 MAX(MPH)
MISC ----> M M # 37 225
================================================================================
NOTES:
# LAST OF SEVERAL OCCURRENCES
COLUMN 17 PEAK WIND IN M.P.H.
PRELIMINARY LOCAL CLIMATOLOGICAL DATA (WS FORM: F-6) , PAGE 2
STATION: MARQUETTE MI
MONTH: FEBRUARY
YEAR: 2020
LATITUDE: 46 31 N
LONGITUDE: 87 33 W
[TEMPERATURE DATA] [PRECIPITATION DATA] SYMBOLS USED IN COLUMN 16
AVERAGE MONTHLY: 16.5 TOTAL FOR MONTH: 1.35 1 = FOG OR MIST
DPTR FM NORMAL: 1.0 DPTR FM NORMAL: -0.79 2 = FOG REDUCING VISIBILITY
HIGHEST: 49 ON 23 GRTST 24HR 0.27 ON 7- 7 TO 1/4 MILE OR LESS
LOWEST: -17 ON 17 3 = THUNDER
SNOW, ICE PELLETS, HAIL 4 = ICE PELLETS
TOTAL MONTH: 27.7 INCHES 5 = HAIL
GRTST 24HR 7.0 ON 7- 7 6 = FREEZING RAIN OR DRIZZLE
GRTST DEPTH: 39 ON 8 7 = DUSTSTORM OR SANDSTORM:
VSBY 1/2 MILE OR LESS
8 = SMOKE OR HAZE
[NO. OF DAYS WITH] [WEATHER - DAYS WITH] 9 = BLOWING SNOW
X = TORNADO
MAX 32 OR BELOW: 24 0.01 INCH OR MORE: 10
MAX 90 OR ABOVE: 0 0.10 INCH OR MORE: 6
MIN 32 OR BELOW: 29 0.50 INCH OR MORE: 0
MIN 0 OR BELOW: 8 1.00 INCH OR MORE: 0
[HDD (BASE 65) ]
TOTAL THIS MO. 1399 CLEAR (SCALE 0-3) 0
DPTR FM NORMAL 12 PTCLDY (SCALE 4-7) 0
TOTAL FM JUL 1 6458 CLOUDY (SCALE 8-10) 0
DPTR FM NORMAL -212
[CDD (BASE 65) ]
TOTAL THIS MO. 0
DPTR FM NORMAL 0 [PRESSURE DATA]
TOTAL FM JAN 1 0 HIGHEST SLP M ON M
DPTR FM NORMAL 0 LOWEST SLP M ON M
[REMARKS]
#FINAL-02-20#