000
CXUS51 KLWX 010815
CF6MRB
PRELIMINARY LOCAL CLIMATOLOGICAL DATA (WS FORM: F-6)
STATION: MARTINSBURG WV
MONTH: APRIL
YEAR: 2023
LATITUDE: 39 24 N
LONGITUDE: 77 58 W
TEMPERATURE IN F: :PCPN: SNOW: WIND :SUNSHINE: SKY :PK WND
================================================================================
1 2 3 4 5 6A 6B 7 8 9 10 11 12 13 14 15 16 17 18
12Z AVG MX 2MIN
DY MAX MIN AVG DEP HDD CDD WTR SNW DPTH SPD SPD DIR MIN PSBL S-S WX SPD DR
================================================================================
1 75 44 60 12 5 0 0.07 0.0 0 15.6 37 300 M M 6 1 51 290
2 54 35 45 -4 20 0 T 0.0 0 10.5 26 300 M M 4 36 330
3 69 29 49 0 16 0 0.00 M M 5.9 16 160 M M 1 23 130
4 78 40 59 9 6 0 0.00 M M 4.6 14 140 M M 0 21 160
5 83 49 66 16 0 1 0.06 M M 7.0 26 290 M M 0 1 32 290
6 79 52 66 16 0 1 0.01 M M 7.0 21 330 M M 4 25 330
7 53 46 50 -1 15 0 0.00 M M 7.5 21 330 M M 5 27 340
8 49 34 42 -9 23 0 0.00 M M 4.3 14 330 M M 0 16 40
9 60 26 43 -8 22 0 0.00 M M 2.5 12 20 M M 0 1 16 300
10 65 28 47 -5 18 0 0.00 M M 2.4 10 160 M M 0 14 150
11 76 32 54 2 11 0 0.00 M M 4.7 20 260 M M 0 28 270
12 82 53 68 16 0 3 0.00 M M 9.6 25 270 M M 0 33 300
13 84 49 67 14 0 2 0.00 M M 5.1 13 190 M M 0 17 200
14 80 46 63 10 2 0 0.00 M M 4.3 15 150 M M 1 21 150
15 73 58 66 12 0 1 0.01 M M 3.3 13 30 M M 6 1 16 20
16 79 51 65 11 0 0 0.06 M M 8.0 26 280 M M 3 1 36 270
17 63 45 54 0 11 0 0.02 M M 10.4 35 270 M M 8 46 250
18 65 40 53 -2 12 0 0.00 M M 13.6 30 250 M M 3 39 290
19 75 30 53 -2 12 0 0.00 M M 5.0 20 310 M M 0 27 320
20 84 43 64 9 1 0 0.00 M M 2.6 13 170 M M 0 18 160
21 85 48 67 11 0 2 0.00 M M 5.8 17 160 M M 0 25 150
22 70 43 57 1 8 0 0.39 M M 5.8 23 250 M M 4 13 27 250
23 58 36 47 -9 18 0 0.00 M M 9.0 24 280 M M 5 30 290
24 58 31 45 -12 20 0 0.00 M M 6.7 21 270 M M 3 24 280
25 58 29 44 -13 21 0 T M M 3.4 12 90 M M 3 17 120
26 65 42 54 -3 11 0 T M M 3.2 14 170 M M 8 18 160
27 66 42 54 -4 11 0 0.00 M M 4.6 12 100 M M 2 1 16 130
28 55 47 51 -7 14 0 1.18 0.0 0 8.2 16 40 M M 10 1 26 10
29 63 47 55 -3 10 0 0.00 M M 2.8 9 360 M M 9 1 12 10
30 M M M M M M M 0.0 0 6.2 M M M M 7 M M
================================================================================
SM 2004 1195 287 10 1.80 0.0 189.6 M 92
================================================================================
AV 69.1 41.2 6.3 FASTST M M 3 MAX(MPH)
MISC ----> 37 300 51 290
================================================================================
NOTES:
# LAST OF SEVERAL OCCURRENCES
COLUMN 17 PEAK WIND IN M.P.H.
PRELIMINARY LOCAL CLIMATOLOGICAL DATA (WS FORM: F-6) , PAGE 2
STATION: MARTINSBURG WV
MONTH: APRIL
YEAR: 2023
LATITUDE: 39 24 N
LONGITUDE: 77 58 W
[TEMPERATURE DATA] [PRECIPITATION DATA] SYMBOLS USED IN COLUMN 16
AVERAGE MONTHLY: 55.2 TOTAL FOR MONTH: 1.80 1 = FOG OR MIST
DPTR FM NORMAL: 1.6 DPTR FM NORMAL: -1.56 2 = FOG REDUCING VISIBILITY
HIGHEST: 85 ON 21 GRTST 24HR 1.18 ON 28-28 TO 1/4 MILE OR LESS
LOWEST: 26 ON 9 3 = THUNDER
SNOW, ICE PELLETS, HAIL 4 = ICE PELLETS
TOTAL MONTH: 0.0 INCH 5 = HAIL
GRTST 24HR 0.0 6 = FREEZING RAIN OR DRIZZLE
GRTST DEPTH: 0 7 = DUSTSTORM OR SANDSTORM:
VSBY 1/2 MILE OR LESS
8 = SMOKE OR HAZE
[NO. OF DAYS WITH] [WEATHER - DAYS WITH] 9 = BLOWING SNOW
X = TORNADO
MAX 32 OR BELOW: 0 0.01 INCH OR MORE: 8
MAX 90 OR ABOVE: 0 0.10 INCH OR MORE: 2
MIN 32 OR BELOW: 7 0.50 INCH OR MORE: 1
MIN 0 OR BELOW: 0 1.00 INCH OR MORE: 1
[HDD (BASE 65) ]
TOTAL THIS MO. 287 CLEAR (SCALE 0-3) 18
DPTR FM NORMAL -67 PTCLDY (SCALE 4-7) 9
TOTAL FM JUL 1 4207 CLOUDY (SCALE 8-10) 3
DPTR FM NORMAL -581
[CDD (BASE 65) ]
TOTAL THIS MO. 10
DPTR FM NORMAL -2 [PRESSURE DATA]
TOTAL FM JAN 1 10 HIGHEST SLP 30.54 ON 8
DPTR FM NORMAL -3 LOWEST SLP 29.24 ON 30
[REMARKS]
#FINAL-04-23#