000
CXUS56 KMTR 021738
CF6MRY
PRELIMINARY LOCAL CLIMATOLOGICAL DATA (WS FORM: F-6)
STATION: MONTEREY AIRPORT
MONTH: MAY
YEAR: 2020
LATITUDE: 36 34 N
LONGITUDE: 121 51 W
TEMPERATURE IN F: :PCPN: SNOW: WIND :SUNSHINE: SKY :PK WND
================================================================================
1 2 3 4 5 6A 6B 7 8 9 10 11 12 13 14 15 16 17 18
12Z AVG MX 2MIN
DY MAX MIN AVG DEP HDD CDD WTR SNW DPTH SPD SPD DIR MIN PSBL S-S WX SPD DR
================================================================================
1 70 47 59 3 6 0 0.00 M M 6.4 14 280 M M 0 20 290
2 72 56 64 8 1 0 0.00 M M 5.6 15 270 M M 5 1 18 280
3 64 54 59 3 6 0 0.00 M M 7.9 18 310 M M 2 1 24 310
4 68 45 57 1 8 0 0.00 M M 6.2 16 310 M M 0 20 290
5 69 48 59 3 6 0 0.00 M M 7.2 16 280 M M 0 21 270
6 69 52 61 5 4 0 0.00 0.0 M 5.1 13 340 M M 0 8 16 340
7 73 50 62 6 3 0 0.00 M M 3.9 10 270 M M 0 8 15 260
8 72 51 62 6 3 0 0.00 M M 4.3 14 330 M M 1 8 18 340
9 67 51 59 3 6 0 0.00 M M 5.4 14 270 M M 7 1 19 250
10 67 52 60 4 5 0 0.00 M M 6.9 17 260 M M 5 8 22 250
11 76 49 63 7 2 0 0.00 M M 6.9 21 240 M M 4 26 240
12 69 56 63 7 2 0 0.01 M M 7.2 15 290 M M 5 18 21 270
13 71 52 62 6 3 0 T M M 7.1 18 240 M M 5 8 25 250
14 72 55 64 8 1 0 0.00 M M 6.5 16 260 M M 4 21 250
15 69 57 63 6 2 0 0.00 M M 7.6 16 300 M M 4 24 280
16 73 52 63 6 2 0 0.00 M M 6.4 15 270 M M 0 19 290
17 78 61 70 13 0 5 0.01 0.0 M 8.4 22 190 M M 7 28 190
18 69 57 63 6 2 0 0.25 0.0 M 8.0 16 270 M M 6 18 24 220
19 67 52 60 3 5 0 0.08 M M 8.2 16 270 M M 7 1 21 280
20 64 56 60 3 5 0 T M M 8.1 15 270 M M 9 19 270
21 65 51 58 1 7 0 0.00 M M 7.6 15 290 M M 6 8 20 310
22 65 54 60 3 5 0 0.00 M M 10.2 18 280 M M 6 25 280
23 72 52 62 5 3 0 0.00 M M 6.7 15 310 M M 3 19 310
24 72 52 62 5 3 0 0.00 0.0 M 4.1 10 350 M M 3 18 13 350
25 78 56 67 10 0 2 0.00 0.0 M 3.7 9 10 M M 0 8 12 10
26 76 57 67 9 0 2 0.00 M M 3.3 9 360 M M 0 8 13 350
27 75 58 67 9 0 2 0.00 M M 4.7 10 290 M M 0 8 13 20
28 69 58 64 6 1 0 0.00 M M 4.4 8 270 M M 10 8 M M
29 76 58 67 9 0 2 0.00 M M 5.2 14 100 M M 3 18 18 110
30 74 62 68 10 0 3 0.03 M M 5.7 17 250 M M 9 8 22 250
31 66 59 63 5 2 0 0.03 M M 4.8 12 320 M M 9 1 15 320
================================================================================
SM 2187 1670 93 16 0.41 0.0 193.7 M 120
================================================================================
AV 70.5 53.9 6.2 FASTST M M 4 MAX(MPH)
MISC ----> 22 190 28 190
================================================================================
NOTES:
# LAST OF SEVERAL OCCURRENCES
COLUMN 17 PEAK WIND IN M.P.H.
PRELIMINARY LOCAL CLIMATOLOGICAL DATA (WS FORM: F-6) , PAGE 2
STATION: MONTEREY AIRPORT
MONTH: MAY
YEAR: 2020
LATITUDE: 36 34 N
LONGITUDE: 121 51 W
[TEMPERATURE DATA] [PRECIPITATION DATA] SYMBOLS USED IN COLUMN 16
AVERAGE MONTHLY: 62.2 TOTAL FOR MONTH: 0.41 1 = FOG OR MIST
DPTR FM NORMAL: 5.5 DPTR FM NORMAL: -0.09 2 = FOG REDUCING VISIBILITY
HIGHEST: 78 ON 25,17 GRTST 24HR 0.30 ON 18-19 TO 1/4 MILE OR LESS
LOWEST: 45 ON 4 3 = THUNDER
SNOW, ICE PELLETS, HAIL 4 = ICE PELLETS
TOTAL MONTH: 0.0 INCH 5 = HAIL
GRTST 24HR 0.0 6 = FREEZING RAIN OR DRIZZLE
GRTST DEPTH: M ON M 7 = DUSTSTORM OR SANDSTORM:
VSBY 1/2 MILE OR LESS
8 = SMOKE OR HAZE
[NO. OF DAYS WITH] [WEATHER - DAYS WITH] 9 = BLOWING SNOW
X = TORNADO
MAX 32 OR BELOW: 0 0.01 INCH OR MORE: 6
MAX 90 OR ABOVE: 0 0.10 INCH OR MORE: 1
MIN 32 OR BELOW: 0 0.50 INCH OR MORE: 0
MIN 0 OR BELOW: 0 1.00 INCH OR MORE: 0
[HDD (BASE 65) ]
TOTAL THIS MO. 93 CLEAR (SCALE 0-3) 14
DPTR FM NORMAL -165 PTCLDY (SCALE 4-7) 13
TOTAL FM JUL 1 2112 CLOUDY (SCALE 8-10) 4
DPTR FM NORMAL -939
[CDD (BASE 65) ]
TOTAL THIS MO. 16
DPTR FM NORMAL 15 [PRESSURE DATA]
TOTAL FM JAN 1 16 HIGHEST SLP 30.25 ON 6
DPTR FM NORMAL 14 LOWEST SLP 29.87 ON 18
[REMARKS]
#FINAL-05-20#