000
CXUS54 KHUN 011500
CLMMSL
CLIMATE REPORT
NATIONAL WEATHER SERVICE HUNTSVILLE AL
1000 AM CDT WED NOV 01 2023
...................................
...THE MUSCLE SHOALS CLIMATE SUMMARY FOR THE MONTH OF OCTOBER 2023...
CLIMATE NORMAL PERIOD 1991 TO 2020
CLIMATE RECORD PERIOD 1893 TO 2023
WEATHER OBSERVED NORMAL DEPART LAST YEAR`S
VALUE DATE(S) VALUE FROM VALUE
NORMAL
..............................................................
TEMPERATURE (F)
RECORD
HIGH 100 10/02/2019
LOW 23 10/31/1917
HIGHEST 92 10/01 MM MM 85
LOWEST 36 10/31 MM MM 30
AVG. MAXIMUM 78.2 75.7 2.5 74.6
AVG. MINIMUM 52.2 51.5 0.7 45.9
MEAN 65.2 63.6 1.6 60.2
DAYS MAX >= 90 1 1.1 -0.1 0
DAYS MAX <= 32 0 0.0 0.0 0
DAYS MIN <= 32 0 0.8 -0.8 2
DAYS MIN <= 0 0 0.0 0.0 0
PRECIPITATION (INCHES)
RECORD
MAXIMUM 11.05 1918
MINIMUM 0.00 1963
1924
TOTALS 0.38 3.47 -3.09 2.02
DAILY AVG. 0.01 0.11 -0.10
DAYS >= .01 6 8.1 -2.1 5
DAYS >= .10 2 5.2 -3.2 4
DAYS >= .50 0 2.4 -2.4 2
DAYS >= 1.00 0 0.9 -0.9 1
GREATEST
24 HR. TOTAL 0.14 10/05 TO 10/06 1.04
SNOWFALL (INCHES)
RECORDS
TOTAL T 1997
1913
1910
24 HR TOTAL 0.0 MM
TOTALS 0.0 MM MM 0.0
SINCE 7/1 MM MM MM MM
DAYS >= TRACE MM MM MM
DAYS >= 1.0 MM MM MM
GREATEST
24 HR TOTAL 0.0 0.0
DEGREE DAYS
HEATING TOTAL 89 127 -38 157
SINCE 7/1 89 134 -45 MM
COOLING TOTAL 101 84 17 18
SINCE 1/1 2124 2084 40 MM
FREEZE DATES
RECORD
EARLIEST 10/03/1908
LATEST 05/02/1909
EARLIEST 10/19 (2022) 11/08
LATEST 03/21 03/20
..............................................................
WIND (MPH)
AVERAGE WIND SPEED MM
HIGHEST WIND SPEED/DIRECTION 25/270 DATE 10/21
HIGHEST GUST SPEED/DIRECTION 34/250 DATE 10/21
SKY COVER
POSSIBLE SUNSHINE (PERCENT) MM
WEATHER CONDITIONS. NUMBER OF DAYS WITH
THUNDERSTORM 0 MIXED PRECIP 0
HEAVY RAIN 0 RAIN 3
LIGHT RAIN 7 FREEZING RAIN 0
LT FREEZING RAIN 0 HAIL 0
HEAVY SNOW 0 SNOW 0
LIGHT SNOW 0 SLEET 0
FOG 9 FOG W/VIS <= 1/4 MILE 0
- INDICATES NEGATIVE NUMBERS.
R INDICATES RECORD WAS SET OR TIED.
MM INDICATES DATA IS MISSING.
T INDICATES TRACE AMOUNT.
$$