000
CXUS53 KMKX 010910
CF6MSN
PRELIMINARY LOCAL CLIMATOLOGICAL DATA (WS FORM: F-6)
STATION: MADISON WI
MONTH: MAY
YEAR: 2020
LATITUDE: 43 7 N
LONGITUDE: 89 20 W
TEMPERATURE IN F: :PCPN: SNOW: WIND :SUNSHINE: SKY :PK WND
================================================================================
1 2 3 4 5 6A 6B 7 8 9 10 11 12 13 14 15 16 17 18
12Z AVG MX 2MIN
DY MAX MIN AVG DEP HDD CDD WTR SNW DPTH SPD SPD DIR MIN PSBL S-S WX SPD DR
================================================================================
1 67 36 52 0 13 0 T 0.0 0 9.2 20 160 M M 5 25 170
2 74 56 65 12 0 0 0.00 0.0 0 7.9 17 330 M M 6 30 320
3 73 42 58 5 7 0 0.00 0.0 0 9.3 21 320 M M 3 33 320
4 55 35 45 -9 20 0 0.00 0.0 0 9.5 17 60 M M 5 25 70
5 53 37 45 -9 20 0 T 0.0 0 6.4 13 60 M M 8 19 100
6 65 32 49 -5 16 0 0.00 0.0 0 4.3 14 330 M M 5 20 300
7 62 39 51 -3 14 0 0.00 0.0 0 8.1 17 310 M M 4 27 300
8 47 29 38 -17 27 0 0.00 0.0 0 10.3 23 10 M M 2 35 20
9 59 25 42 -13 23 0 T 0.0 0 6.4 15 220 M M 4 25 290
10 58 34 46 -9 19 0 0.39 T 0 8.0 21 20 M M 10 18 27 20
11 53 34 44 -12 21 0 0.00 0.0 0 6.2 15 340 M M 6 22 340
12 60 31 46 -10 19 0 0.00 0.0 0 3.8 16 120 M M 0 20 130
13 66 31 49 -7 16 0 0.21 0.0 0 11.6 25 150 M M 5 1 34 140
14 65 52 59 2 6 0 0.48 0.0 0 4.1 16 180 M M 10 123 22 180
15 74 50 62 5 3 0 0.00 0.0 0 5.0 18 100 M M 6 12 25 80
16 70 46 58 1 7 0 0.00 0.0 0 10.6 20 80 M M 7 25 90
17 54 50 52 -6 13 0 2.04 0.0 0 15.0 26 50 M M 10 1 36 50
18 55 50 53 -5 12 0 0.04 0.0 0 15.5 24 50 M M 10 1 30 50
19 60 49 55 -3 10 0 T 0.0 0 12.9 20 50 M M 10 1 25 50
20 70 49 60 2 5 0 0.00 0.0 0 10.0 24 80 M M 1 30 90
21 69 54 62 3 3 0 T 0.0 0 8.6 17 130 M M 9 23 120
22 67 55 61 2 4 0 0.02 0.0 0 4.3 12 100 M M 9 1 16 70
23 73 54 64 5 1 0 0.80 0.0 0 6.9 21 110 M M 8 13 28 130
24 81 62 72 12 0 7 T 0.0 0 3.1 16 160 M M 8 18 23 170
25 83 64 74 14 0 9 0.01 0.0 0 8.3 22 170 M M 5 1 27 180
26 86 63 75 15 0 10 T 0.0 0 10.5 24 170 M M 5 3 34 170
27 84 71 78 17 0 13 T 0.0 0 8.2 18 160 M M 6 23 170
28 73 59 66 5 0 1 1.43 0.0 0 3.4 16 10 M M 10 18 25 360
29 65 50 58 -3 7 0 0.00 0.0 0 6.7 17 330 M M 4 25 320
30 70 48 59 -3 6 0 0.00 0.0 0 5.8 14 80 M M 3 26 360
31 71 41 56 -6 9 0 0.00 0.0 0 3.5 12 160 M M 3 18 190
================================================================================
SM 2062 1428 301 40 5.42 T 243.4 M 187
================================================================================
AV 66.5 46.1 7.9 FASTST M M 6 MAX(MPH)
MISC ----> # 26 50 # 36 50
================================================================================
NOTES:
# LAST OF SEVERAL OCCURRENCES
COLUMN 17 PEAK WIND IN M.P.H.
PRELIMINARY LOCAL CLIMATOLOGICAL DATA (WS FORM: F-6) , PAGE 2
STATION: MADISON WI
MONTH: MAY
YEAR: 2020
LATITUDE: 43 7 N
LONGITUDE: 89 20 W
[TEMPERATURE DATA] [PRECIPITATION DATA] SYMBOLS USED IN COLUMN 16
AVERAGE MONTHLY: 56.3 TOTAL FOR MONTH: 5.42 1 = FOG OR MIST
DPTR FM NORMAL: -1.0 DPTR FM NORMAL: 1.87 2 = FOG REDUCING VISIBILITY
HIGHEST: 86 ON 26 GRTST 24HR 2.04 ON 17-17 TO 1/4 MILE OR LESS
LOWEST: 25 ON 9 3 = THUNDER
SNOW, ICE PELLETS, HAIL 4 = ICE PELLETS
TOTAL MONTH: T 5 = HAIL
GRTST 24HR T ON 10-10 6 = FREEZING RAIN OR DRIZZLE
GRTST DEPTH: 0 7 = DUSTSTORM OR SANDSTORM:
VSBY 1/2 MILE OR LESS
8 = SMOKE OR HAZE
[NO. OF DAYS WITH] [WEATHER - DAYS WITH] 9 = BLOWING SNOW
X = TORNADO
MAX 32 OR BELOW: 0 0.01 INCH OR MORE: 9
MAX 90 OR ABOVE: 0 0.10 INCH OR MORE: 6
MIN 32 OR BELOW: 5 0.50 INCH OR MORE: 3
MIN 0 OR BELOW: 0 1.00 INCH OR MORE: 2
[HDD (BASE 65) ]
TOTAL THIS MO. 301 CLEAR (SCALE 0-3) 6
DPTR FM NORMAL 35 PTCLDY (SCALE 4-7) 15
TOTAL FM JUL 1 6807 CLOUDY (SCALE 8-10) 10
DPTR FM NORMAL -466
[CDD (BASE 65) ]
TOTAL THIS MO. 40
DPTR FM NORMAL 14 [PRESSURE DATA]
TOTAL FM JAN 1 40 HIGHEST SLP 30.38 ON 31
DPTR FM NORMAL 10 LOWEST SLP 29.73 ON 17
[REMARKS]
#FINAL-05-20#