000
CXUS55 KGJT 011812
CF6MTJ
PRELIMINARY LOCAL CLIMATOLOGICAL DATA (WS FORM: F-6)
STATION: MONTROSE CO
MONTH: MARCH
YEAR: 2022
LATITUDE: 38 30 N
LONGITUDE: 107 53 W
TEMPERATURE IN F: :PCPN: SNOW: WIND :SUNSHINE: SKY :PK WND
================================================================================
1 2 3 4 5 6A 6B 7 8 9 10 11 12 13 14 15 16 17 18
12Z AVG MX 2MIN
DY MAX MIN AVG DEP HDD CDD WTR SNW DPTH SPD SPD DIR MIN PSBL S-S WX SPD DR
================================================================================
1 57 22 40 2 25 0 0.00 M M 6.1 15 140 M M 0 17 140
2 63 27 45 7 20 0 0.00 M M 6.6 15 150 M M 0 19 130
3 65 29 47 9 18 0 0.00 M M 4.6 13 140 M M 0 15 150
4 56 32 44 5 21 0 0.07 M M 8.8 26 230 M M 6 36 230
5 49 31 40 1 25 0 0.01 M M 10.0 23 240 M M 9 1 31 240
6 39 29 34 -5 31 0 0.02 M M 6.5 25 290 M M 8 18 31 300
7 33 19 26 -14 39 0 0.01 M M 6.2 16 310 M M 8 1 20 310
8 36 15 26 -14 39 0 T M M 4.5 10 160 M M 3 14 150
9 45 29 37 -3 28 0 T M M 6.7 31 280 M M 8 18 41 280
10 33 16 25 -16 40 0 0.00 M M 10.3 25 310 M M 7 33 290
11 36 11 24 -17 41 0 0.00 M M 5.7 14 150 M M 0 17 240
12 49 18 34 -7 31 0 0.00 M M 6.3 10 160 M M 0 13 150
13 56 22 39 -2 26 0 0.00 M M 8.3 22 250 M M 2 31 260
14 51 26 39 -3 26 0 0.00 M M 5.2 14 140 M M 1 15 140
15 61 25 43 1 22 0 0.00 M M 5.5 13 130 M M 0 16 320
16 57 34 46 4 19 0 0.06 M M 8.8 26 310 M M 5 32 310
17 49 27 38 -4 27 0 0.00 M M 8.5 23 290 M M 5 31 300
18 52 24 38 -5 27 0 0.00 M M 6.8 14 320 M M 0 18 310
19 57 25 41 -2 24 0 0.00 M M 6.3 14 130 M M 0 17 140
20 59 38 49 6 16 0 T M M 11.4 26 170 M M 3 8 37 170
21 49 25 37 -7 28 0 0.02 M M 12.6 31 300 M M 8 39 290
22 47 22 35 -9 30 0 0.00 M M 8.0 22 340 M M 3 32 350
23 52 22 37 -7 28 0 0.00 M M 7.2 15 290 M M 0 20 290
24 63 25 44 0 21 0 0.00 M M 6.3 15 120 M M 0 17 300
25 69 32 51 7 14 0 0.00 M M 6.9 15 130 M M 1 19 130
26 76 39 58 13 7 0 0.00 M M 8.8 22 300 M M 0 31 300
27 76 38 57 12 8 0 0.00 M M 9.8 23 230 M M 0 34 230
28 70 46 58 13 7 0 0.00 M M 11.9 32 230 M M 2 8 47 240
29 52 41 47 2 18 0 0.07 M M 9.2 24 260 M M 9 35 250
30 53 34 44 -2 21 0 T M M 15.0 30 310 M M 6 8 44 300
31 59 26 43 -3 22 0 T M M 8.3 24 260 M M 3 35 260
================================================================================
SM 1669 849 749 0 0.26 M 247.1 M 97
================================================================================
AV 53.8 27.4 8.0 FASTST M M 3 MAX(MPH)
MISC ----> 32 230 47 240
================================================================================
NOTES:
# LAST OF SEVERAL OCCURRENCES
COLUMN 17 PEAK WIND IN M.P.H.
PRELIMINARY LOCAL CLIMATOLOGICAL DATA (WS FORM: F-6) , PAGE 2
STATION: MONTROSE CO
MONTH: MARCH
YEAR: 2022
LATITUDE: 38 30 N
LONGITUDE: 107 53 W
[TEMPERATURE DATA] [PRECIPITATION DATA] SYMBOLS USED IN COLUMN 16
AVERAGE MONTHLY: 40.6 TOTAL FOR MONTH: 0.26 1 = FOG OR MIST
DPTR FM NORMAL: -1.5 DPTR FM NORMAL: -0.36 2 = FOG REDUCING VISIBILITY
HIGHEST: 76 ON 27,26 GRTST 24HR 0.10 ON 6- 7 TO 1/4 MILE OR LESS
LOWEST: 11 ON 11 3 = THUNDER
SNOW, ICE PELLETS, HAIL 4 = ICE PELLETS
TOTAL MONTH: M 5 = HAIL
GRTST 24HR M ON M 6 = FREEZING RAIN OR DRIZZLE
GRTST DEPTH: M ON M 7 = DUSTSTORM OR SANDSTORM:
VSBY 1/2 MILE OR LESS
8 = SMOKE OR HAZE
[NO. OF DAYS WITH] [WEATHER - DAYS WITH] 9 = BLOWING SNOW
X = TORNADO
MAX 32 OR BELOW: 0 0.01 INCH OR MORE: 7
MAX 90 OR ABOVE: 0 0.10 INCH OR MORE: 0
MIN 32 OR BELOW: 24 0.50 INCH OR MORE: 0
MIN 0 OR BELOW: 0 1.00 INCH OR MORE: 0
[HDD (BASE 65) ]
TOTAL THIS MO. 749 CLEAR (SCALE 0-3) 18
DPTR FM NORMAL 37 PTCLDY (SCALE 4-7) 9
TOTAL FM JUL 1 5078 CLOUDY (SCALE 8-10) 4
DPTR FM NORMAL -205
[CDD (BASE 65) ]
TOTAL THIS MO. 0
DPTR FM NORMAL 0 [PRESSURE DATA]
TOTAL FM JAN 1 0 HIGHEST SLP 30.47 ON 12
DPTR FM NORMAL 0 LOWEST SLP 29.48 ON 29
[REMARKS]
#FINAL-03-22#