000
CXUS53 KGJT 011207
CLAMTJ
ALL
TTAA00 KDEN 011143
CLAMTJ
CLIMATE REPORT
NATIONAL WEATHER SERVICE GRAND JUNCTION CO
443 AM MST SUN JAN 01 2023
...................................
...THE MONTROSE CO CLIMATE SUMMARY FOR THE YEAR OF 2022...
CLIMATE NORMAL PERIOD 1991 TO 2020
CLIMATE RECORD PERIOD 9999 TO 9999
WEATHER OBSERVED NORMAL DEPART LAST YEAR`S
VALUE DATE(S) VALUE FROM VALUE DATE(S)
NORMAL
................................................................
TEMPERATURE (F)
RECORD
HIGH MM MM
LOW MM MM
HIGHEST 98 07/22 MM MM 100 06/16
07/09
LOWEST -5 01/02 MM MM 5 01/27
AVG. MAXIMUM 64.3 64.3 -0.0 65.6
AVG. MINIMUM 36.8 36.4 0.4 38.0
MEAN 50.5 50.3 0.2 51.8
DAYS MAX >= 90 49 44.4 4.6 58
DAYS MAX <= 32 15 18.7 -3.7 8
DAYS MIN <= 32 161 156.3 4.7 157
DAYS MIN <= 0 2 3.9 -1.9 0
PRECIPITATION (INCHES)
RECORD
MAXIMUM MM MM
MINIMUM MM MM
TOTALS 6.94 8.28 -1.34 7.76
DAILY AVG. 0.02 0.02 -0.00 0.02
DAYS >= .01 64 71.5 -7.5 72
DAYS >= .10 26 25.4 0.6 20
DAYS >= .50 1 1.6 -0.6 2
DAYS >= 1.00 1 0.0 1.0 1
GREATEST
24 HR. TOTAL 1.02 MM 1.27
STORM TOTAL 1.02 1.27
(MM/DD(HH)) MM
SNOWFALL (INCHES)
RECORDS
TOTAL MM MM
24 HR TOTAL MM
SNOW DEPTH MM MM
TOTALS MM MM MM MM
LIQUID EQUIV MM MM MM MM
SINCE 7/1 MM MM MM MM
LIQUID 7/1 MM MM MM MM
SNOWDEPTH AVG. MM MM
DAYS >= TRACE MM MM MM MM
DAYS >= 1.0 MM MM MM MM
GREATEST
SNOW DEPTH MM MM MM
24 HR TOTAL MM MM
STORM TOTAL MM MM
(MM/DD(HH)) MM
DEGREE DAYS
HEATING TOTAL 6033 6017 16 5599
SINCE 7/1 2492 2526 -34 2202
COOLING TOTAL 871 700 171 908
SINCE 1/1 871 699 172 908
FREEZE DATES
RECORD
EARLIEST MM
LATEST MM
EARLIEST 10/23
LATEST 05/04
................................................................
WIND (MPH)
AVERAGE WIND SPEED 7.3
RESULTANT WIND SPEED/DIRECTION 2/170
HIGHEST WIND SPEED/DIRECTION 45/210 DATE 10/23
HIGHEST GUST SPEED/DIRECTION 65/200 DATE 10/23
SKY COVER
POSSIBLE SUNSHINE (PERCENT) MM
AVERAGE SKY COVER 0.21
NUMBER OF DAYS FAIR 274
NUMBER OF DAYS PC 64
NUMBER OF DAYS CLOUDY 27
AVERAGE RH (PERCENT) 50
WEATHER CONDITIONS. NUMBER OF DAYS WITH
THUNDERSTORM 40 MIXED PRECIP 0
HEAVY RAIN 8 RAIN 19
LIGHT RAIN 84 FREEZING RAIN 0
LT FREEZING RAIN 0 HAIL 0
HEAVY SNOW 7 SNOW 13
LIGHT SNOW 38 SLEET 0
FOG 50 FOG W/VIS <= 1/4 MILE 9
HAZE 56
- INDICATES NEGATIVE NUMBERS.
R INDICATES RECORD WAS SET OR TIED.
MM INDICATES DATA IS MISSING.
T INDICATES TRACE AMOUNT.
$$