000
CXUS55 KBOI 011002
CF6MUO
PRELIMINARY LOCAL CLIMATOLOGICAL DATA (WS FORM: F-6)
STATION: MOUNTAIN HOME AFB
MONTH: FEBRUARY
YEAR: 2022
LATITUDE: 43 2 N
LONGITUDE: 115 52 W
TEMPERATURE IN F: :PCPN: SNOW: WIND :SUNSHINE: SKY :PK WND
================================================================================
1 2 3 4 5 6A 6B 7 8 9 10 11 12 13 14 15 16 17 18
12Z AVG MX 2MIN
DY MAX MIN AVG DEP HDD CDD WTR SNW DPTH SPD SPD DIR MIN PSBL S-S WX SPD DR
================================================================================
1 34 16 25 -7 40 0 T M M 6.7 16 330 M M 5 18 340
2 33 16 25 -7 40 0 T M M 8.2 20 340 M M 5 M M
3 31 15 23 -10 42 0 0.00 M M 8.2 15 100 M M 6 M M
4 35 13 24 -9 41 0 0.00 M M 14.9 22 110 M M 1 30 120
5 39 13 26 -7 39 0 0.00 M M 7.7 17 290 M M 0 M M
6 37 16 27 -6 38 0 0.00 M M 9.1 14 100 M M 0 M M
7 37 18 28 -5 37 0 T M M 11.6 27 110 M M 1 32 120
8 36 14 25 -8 40 0 0.00 M M 4.6 9 120 M M 4 12 M M
9 45 18 32 -2 33 0 0.00 M M 4.8 10 320 M M 2 1 M M
10 50 22 36 2 29 0 0.00 M M 5.0 8 110 M M 1 1 M M
11 51 26 39 5 26 0 0.00 M M 11.6 22 310 M M 0 1 M M
12 40 23 32 -2 33 0 0.00 M M 10.2 16 110 M M 3 126 M M
13 43 20 32 -2 33 0 0.00 M M 8.9 15 130 M M 0 M M
14 47 28 38 3 27 0 0.14 M M 14.6 24 120 M M 6 31 110
15 44 31 38 3 27 0 T M M 20.8 31 330 M M 2 40 330
16 45 29 37 2 28 0 T M M 16.9 30 330 M M 4 38 340
17 45 24 35 0 30 0 0.00 M M 6.7 18 310 M M 1 M M
18 52 26 39 3 26 0 0.00 M M 5.2 10 350 M M 0 M M
19 53 28 41 5 24 0 0.00 M M 10.9 16 120 M M 0 M M
20 51 28 40 4 25 0 T M M 9.4 29 340 M M 4 36 340
21 38 24 31 -5 34 0 0.00 M M 7.8 17 300 M M 3 21 300
22 29 22 26 -11 39 0 0.01 M M 13.8 28 120 M M 8 36 110
23 26 12 19 -18 46 0 T M M 15.4 22 310 M M 3 19 27 320
24 27 13 20 -17 45 0 T M M 6.5 18 320 M M 6 M M
25 30 10 20 -18 45 0 0.00 M M 5.1 10 310 M M 0 M M
26 33 13 23 -15 42 0 0.00 M M 17.0 23 130 M M 0 25 130
27 39 19 29 -9 36 0 0.00 M M 20.0 24 130 M M 4 33 110
28 51 27 39 1 26 0 0.00 M M 19.3 25 110 M M 7 32 120
================================================================================
SM 1121 564 971 0 0.15 M 300.9 M 76
================================================================================
AV 40.0 20.1 10.7 FASTST M M 3 MAX(MPH)
MISC ----> 31 330 40 330
================================================================================
NOTES:
# LAST OF SEVERAL OCCURRENCES
COLUMN 17 PEAK WIND IN M.P.H.
PRELIMINARY LOCAL CLIMATOLOGICAL DATA (WS FORM: F-6) , PAGE 2
STATION: MOUNTAIN HOME AFB
MONTH: FEBRUARY
YEAR: 2022
LATITUDE: 43 2 N
LONGITUDE: 115 52 W
[TEMPERATURE DATA] [PRECIPITATION DATA] SYMBOLS USED IN COLUMN 16
AVERAGE MONTHLY: 30.1 TOTAL FOR MONTH: 0.15 1 = FOG OR MIST
DPTR FM NORMAL: -4.9 DPTR FM NORMAL: -0.71 2 = FOG REDUCING VISIBILITY
HIGHEST: 53 ON 19 GRTST 24HR 0.14 ON 14-14 TO 1/4 MILE OR LESS
LOWEST: 10 ON 25 3 = THUNDER
SNOW, ICE PELLETS, HAIL 4 = ICE PELLETS
TOTAL MONTH: M 5 = HAIL
GRTST 24HR M ON M 6 = FREEZING RAIN OR DRIZZLE
GRTST DEPTH: M ON M 7 = DUSTSTORM OR SANDSTORM:
VSBY 1/2 MILE OR LESS
8 = SMOKE OR HAZE
[NO. OF DAYS WITH] [WEATHER - DAYS WITH] 9 = BLOWING SNOW
X = TORNADO
MAX 32 OR BELOW: 5 0.01 INCH OR MORE: 2
MAX 90 OR ABOVE: 0 0.10 INCH OR MORE: 1
MIN 32 OR BELOW: 28 0.50 INCH OR MORE: 0
MIN 0 OR BELOW: 0 1.00 INCH OR MORE: 0
[HDD (BASE 65) ]
TOTAL THIS MO. 971 CLEAR (SCALE 0-3) 16
DPTR FM NORMAL 129 PTCLDY (SCALE 4-7) 12
TOTAL FM JUL 1 4348 CLOUDY (SCALE 8-10) 0
DPTR FM NORMAL 12
[CDD (BASE 65) ]
TOTAL THIS MO. 0
DPTR FM NORMAL 0 [PRESSURE DATA]
TOTAL FM JAN 1 0 HIGHEST SLP M ON M
DPTR FM NORMAL 0 LOWEST SLP M ON M
[REMARKS]
#FINAL-02-22#