000
CXUS56 KOTX 011010
CF6MWH
PRELIMINARY LOCAL CLIMATOLOGICAL DATA (WS FORM: F-6)
STATION: MOSES LAKE WA AIRPORT
MONTH: FEBRUARY
YEAR: 2022
LATITUDE: 47 12 N
LONGITUDE: 119 19 W
TEMPERATURE IN F: :PCPN: SNOW: WIND :SUNSHINE: SKY :PK WND
================================================================================
1 2 3 4 5 6A 6B 7 8 9 10 11 12 13 14 15 16 17 18
12Z AVG MX 2MIN
DY MAX MIN AVG DEP HDD CDD WTR SNW DPTH SPD SPD DIR MIN PSBL S-S WX SPD DR
================================================================================
1 37 11 24 -8 41 0 0.00 M M 5.4 15 340 M M 4 19 360
2 29 15 22 -10 43 0 0.00 M M 6.0 18 360 M M 6 23 360
3 40 15 28 -5 37 0 T M M 6.7 12 360 M M 1 12 360
4 31 15 23 -10 42 0 0.00 M M 3.0 13 30 M M 6 128 15 190
5 36 17 27 -6 38 0 T M M 4.9 12 350 M M 5 128 15 340
6 39 17 28 -5 37 0 0.00 M M 4.0 9 310 M M 2 128 11 10
7 41 19 30 -3 35 0 T M M 2.8 13 230 M M 5 128 16 230
8 39 19 29 -5 36 0 0.00 M M 4.5 10 340 M M 1 1 12 360
9 44 24 34 0 31 0 0.00 M M 6.3 13 350 M M 0 14 360
10 46 24 35 1 30 0 T M M 5.2 17 20 M M 0 1 19 20
11 47 22 35 1 30 0 0.00 M M 5.8 16 360 M M 0 18 360
12 44 20 32 -3 33 0 0.00 M M 8.1 12 360 M M 0 12 360
13 43 19 31 -4 34 0 0.00 M M 4.5 10 350 M M 0 10 300
14 44 29 37 2 28 0 0.00 M M 3.2 9 260 M M 4 11 270
15 52 27 40 5 25 0 0.00 M M 4.8 17 270 M M 2 22 260
16 51 30 41 5 24 0 0.00 M M 6.4 18 350 M M 1 24 20
17 48 28 38 2 27 0 0.00 M M 2.7 10 180 M M 1 11 180
18 56 26 41 5 24 0 0.00 M M 3.2 10 360 M M 0 12 360
19 54 32 43 7 22 0 0.00 M M 7.7 31 250 M M 0 37 230
20 47 34 41 4 24 0 0.00 M M 6.9 16 250 M M 3 19 250
21 36 22 29 -8 36 0 T M M 14.2 30 70 M M 9 1 39 60
22 26 13 20 -17 45 0 0.00 M M 15.3 29 50 M M 1 35 40
23 27 6 17 -21 48 0 0.00 M M 7.0 16 170 M M 3 19 170
24 28 11 20 -18 45 0 0.09 M M 4.6 15 70 M M 4 1 29 50
25 31 4 18 -20 47 0 0.00 M M 4.6 10 350 M M 0 12 350
26 38 15 27 -11 38 0 0.00 M M 5.3 10 10 M M 2 13 350
27 40 30 35 -4 30 0 0.07 M M 2.7 8 350 M M 8 1 11 210
28 51 34 43 4 22 0 0.03 M M 1.4 9 330 M M 8 1 10 330
================================================================================
SM 1145 578 952 0 0.19 M 157.2 M 76
================================================================================
AV 40.9 20.6 5.6 FASTST M M 3 MAX(MPH)
MISC ----> 31 250 39 60
================================================================================
NOTES:
# LAST OF SEVERAL OCCURRENCES
COLUMN 17 PEAK WIND IN M.P.H.
PRELIMINARY LOCAL CLIMATOLOGICAL DATA (WS FORM: F-6) , PAGE 2
STATION: MOSES LAKE WA AIRPORT
MONTH: FEBRUARY
YEAR: 2022
LATITUDE: 47 12 N
LONGITUDE: 119 19 W
[TEMPERATURE DATA] [PRECIPITATION DATA] SYMBOLS USED IN COLUMN 16
AVERAGE MONTHLY: 30.8 TOTAL FOR MONTH: 0.19 1 = FOG OR MIST
DPTR FM NORMAL: -4.5 DPTR FM NORMAL: -0.46 2 = FOG REDUCING VISIBILITY
HIGHEST: 56 ON 18 GRTST 24HR 0.10 ON 27-28 TO 1/4 MILE OR LESS
LOWEST: 4 ON 25 3 = THUNDER
SNOW, ICE PELLETS, HAIL 4 = ICE PELLETS
TOTAL MONTH: M 5 = HAIL
GRTST 24HR M ON M 6 = FREEZING RAIN OR DRIZZLE
GRTST DEPTH: M ON M 7 = DUSTSTORM OR SANDSTORM:
VSBY 1/2 MILE OR LESS
8 = SMOKE OR HAZE
[NO. OF DAYS WITH] [WEATHER - DAYS WITH] 9 = BLOWING SNOW
X = TORNADO
MAX 32 OR BELOW: 6 0.01 INCH OR MORE: 3
MAX 90 OR ABOVE: 0 0.10 INCH OR MORE: 0
MIN 32 OR BELOW: 26 0.50 INCH OR MORE: 0
MIN 0 OR BELOW: 0 1.00 INCH OR MORE: 0
[HDD (BASE 65) ]
TOTAL THIS MO. 952 CLEAR (SCALE 0-3) 18
DPTR FM NORMAL 122 PTCLDY (SCALE 4-7) 7
TOTAL FM JUL 1 4514 CLOUDY (SCALE 8-10) 3
DPTR FM NORMAL 85
[CDD (BASE 65) ]
TOTAL THIS MO. 0
DPTR FM NORMAL 0 [PRESSURE DATA]
TOTAL FM JAN 1 0 HIGHEST SLP M ON M
DPTR FM NORMAL 0 LOWEST SLP 29.79 ON 20
[REMARKS]
#FINAL-02-22#