000
CXUS56 KOTX 010910
CF6MWH
PRELIMINARY LOCAL CLIMATOLOGICAL DATA (WS FORM: F-6)
STATION: MOSES LAKE WA AIRPORT
MONTH: JULY
YEAR: 2021
LATITUDE: 47 12 N
LONGITUDE: 119 19 W
TEMPERATURE IN F: :PCPN: SNOW: WIND :SUNSHINE: SKY :PK WND
================================================================================
1 2 3 4 5 6A 6B 7 8 9 10 11 12 13 14 15 16 17 18
12Z AVG MX 2MIN
DY MAX MIN AVG DEP HDD CDD WTR SNW DPTH SPD SPD DIR MIN PSBL S-S WX SPD DR
================================================================================
1 95 72 84 14 0 19 0.00 M M 10.5 23 190 M M 0 29 200
2 94 62 78 8 0 13 0.00 M M 7.1 15 220 M M 0 18 210
3 97 61 79 8 0 14 0.00 M M 6.6 15 170 M M 0 8 20 170
4 96 62 79 8 0 14 0.00 M M 5.5 14 210 M M 0 18 210
5 97 62 80 9 0 15 0.00 M M 6.9 14 150 M M 0 8 19 210
6 99 60 80 8 0 15 0.00 M M 5.1 10 220 M M 0 15 20
7 95 65 80 8 0 15 T M M 9.8 23 350 M M 0 8 37 230
8 90 61 76 4 0 11 0.00 M M 4.5 13 310 M M 0 17 160
9 93 62 78 6 0 13 0.00 M M 5.0 14 300 M M 0 18 300
10 99 56 78 5 0 13 0.00 M M 6.1 15 250 M M 0 20 250
11 97 70 84 11 0 19 0.00 M M 6.8 15 210 M M 0 21 220
12 100 57 79 6 0 14 0.00 M M 5.3 13 320 M M 0 17 320
13 101 67 84 11 0 19 0.00 M M 4.9 14 250 M M 0 8 19 230
14 101 65 83 9 0 18 0.00 M M 7.0 16 240 M M 0 8 21 230
15 94 61 78 4 0 13 0.00 M M 8.6 16 230 M M 0 8 21 190
16 89 61 75 1 0 10 0.00 M M 9.7 18 240 M M 0 28 230
17 87 56 72 -2 0 7 0.00 M M 6.8 14 170 M M 0 21 200
18 93 57 75 1 0 10 0.00 M M 4.2 15 190 M M 0 20 180
19 96 58 77 3 0 12 0.00 M M 7.2 16 160 M M 0 19 150
20 92 64 78 3 0 13 0.00 M M 7.6 17 240 M M 0 24 240
21 86 58 72 -3 0 7 0.00 M M 8.1 21 240 M M 0 27 240
22 82 52 67 -8 0 2 0.00 M M 6.0 13 190 M M 2 8 17 310
23 89 52 71 -4 0 6 0.00 M M 4.6 12 250 M M 0 8 14 190
24 94 56 75 0 0 10 0.00 M M 4.3 13 240 M M 0 17 220
25 97 60 79 4 0 14 0.00 M M 4.9 14 240 M M 0 8 18 240
26 97 60 79 4 0 14 0.00 M M 4.8 15 160 M M 1 8 18 170
27 88 63 76 1 0 11 0.00 M M 6.0 20 160 M M 0 8 23 160
28 92 56 74 -1 0 9 0.00 M M 4.6 10 220 M M 0 14 200
29 99 58 79 4 0 14 0.00 M M 4.7 12 200 M M 0 17 240
30 107 65 86 11 0 21 0.00 M M 6.8 13 10 M M 0 15 10
31 108 70 89 14 0 24 T M M 10.7 24 320 M M 5 38 32 330
================================================================================
SM 2944 1889 0 409 T M 200.7 M 8
================================================================================
AV 95.0 60.9 6.5 FASTST M M 0 MAX(MPH)
MISC ----> 24 320 37 230
================================================================================
NOTES:
# LAST OF SEVERAL OCCURRENCES
COLUMN 17 PEAK WIND IN M.P.H.
PRELIMINARY LOCAL CLIMATOLOGICAL DATA (WS FORM: F-6) , PAGE 2
STATION: MOSES LAKE WA AIRPORT
MONTH: JULY
YEAR: 2021
LATITUDE: 47 12 N
LONGITUDE: 119 19 W
[TEMPERATURE DATA] [PRECIPITATION DATA] SYMBOLS USED IN COLUMN 16
AVERAGE MONTHLY: 78.0 TOTAL FOR MONTH: T 1 = FOG OR MIST
DPTR FM NORMAL: 4.6 DPTR FM NORMAL: -0.26 2 = FOG REDUCING VISIBILITY
HIGHEST: 108 ON 31 GRTST 24HR T ON 7- 7 TO 1/4 MILE OR LESS
LOWEST: 52 ON 23,22 3 = THUNDER
SNOW, ICE PELLETS, HAIL 4 = ICE PELLETS
TOTAL MONTH: M 5 = HAIL
GRTST 24HR M ON M 6 = FREEZING RAIN OR DRIZZLE
GRTST DEPTH: M ON M 7 = DUSTSTORM OR SANDSTORM:
VSBY 1/2 MILE OR LESS
8 = SMOKE OR HAZE
[NO. OF DAYS WITH] [WEATHER - DAYS WITH] 9 = BLOWING SNOW
X = TORNADO
MAX 32 OR BELOW: 0 0.01 INCH OR MORE: 0
MAX 90 OR ABOVE: 25 0.10 INCH OR MORE: 0
MIN 32 OR BELOW: 0 0.50 INCH OR MORE: 0
MIN 0 OR BELOW: 0 1.00 INCH OR MORE: 0
[HDD (BASE 65) ]
TOTAL THIS MO. 0 CLEAR (SCALE 0-3) 30
DPTR FM NORMAL -6 PTCLDY (SCALE 4-7) 1
TOTAL FM JUL 1 0 CLOUDY (SCALE 8-10) 0
DPTR FM NORMAL -3
[CDD (BASE 65) ]
TOTAL THIS MO. 409
DPTR FM NORMAL 141 [PRESSURE DATA]
TOTAL FM JAN 1 773 HIGHEST SLP M ON M
DPTR FM NORMAL 382 LOWEST SLP 29.66 ON 1
[REMARKS]
#FINAL-07-21#