262
CXUS56 KOTX 010910
CF6MWH
PRELIMINARY LOCAL CLIMATOLOGICAL DATA (WS FORM: F-6)
STATION: MOSES LAKE WA AIRPORT
MONTH: MARCH
YEAR: 2021
LATITUDE: 47 12 N
LONGITUDE: 119 19 W
TEMPERATURE IN F: :PCPN: SNOW: WIND :SUNSHINE: SKY :PK WND
================================================================================
1 2 3 4 5 6A 6B 7 8 9 10 11 12 13 14 15 16 17 18
12Z AVG MX 2MIN
DY MAX MIN AVG DEP HDD CDD WTR SNW DPTH SPD SPD DIR MIN PSBL S-S WX SPD DR
================================================================================
1 56 32 44 5 21 0 0.00 M M 4.2 9 160 M M 1 12 240
2 61 33 47 7 18 0 0.00 M M 5.6 17 240 M M 1 23 240
3 61 27 44 4 21 0 0.00 M M 4.1 12 350 M M 0 14 340
4 59 31 45 5 20 0 0.00 M M 5.0 12 40 M M 0 12 40
5 64 33 49 9 16 0 0.00 M M 7.1 24 320 M M 4 31 320
6 59 34 47 6 18 0 0.00 M M 7.0 20 230 M M 5 24 230
7 57 31 44 3 21 0 0.00 M M 9.3 25 250 M M 4 31 240
8 55 26 41 0 24 0 0.00 M M 7.9 17 20 M M 1 20 40
9 54 24 39 -3 26 0 0.00 M M 4.7 13 190 M M 1 8 17 190
10 57 26 42 0 23 0 0.00 M M 6.3 14 330 M M 3 19 320
11 57 27 42 0 23 0 0.00 M M 5.2 12 350 M M 0 14 200
12 58 23 41 -2 24 0 0.00 M M 3.7 9 230 M M 0 11 220
13 62 27 45 2 20 0 0.00 M M 4.3 9 240 M M 0 11 240
14 57 29 43 0 22 0 0.02 M M 5.1 12 260 M M 3 14 270
15 56 40 48 4 17 0 0.01 M M 8.0 18 350 M M 9 22 360
16 60 33 47 3 18 0 0.00 M M 4.4 10 350 M M 2 12 230
17 62 28 45 1 20 0 0.00 M M 3.7 8 20 M M 1 11 220
18 65 35 50 6 15 0 T M M 7.2 26 260 M M 3 35 280
19 61 43 52 8 13 0 T M M 8.2 18 220 M M 4 24 210
20 61 40 51 6 14 0 0.00 M M 9.5 21 250 M M 2 25 260
21 53 38 46 1 19 0 0.00 M M 10.1 18 280 M M 5 23 280
22 59 40 50 5 15 0 0.00 M M 11.9 18 300 M M 2 32 290
23 61 29 45 0 20 0 0.00 M M 8.3 15 360 M M 0 20 340
24 60 40 50 4 15 0 0.00 M M 10.1 25 250 M M 6 32 250
25 55 37 46 0 19 0 0.00 M M 8.5 12 10 M M 8 17 310
26 66 31 49 3 16 0 0.00 M M 5.2 16 180 M M 0 22 200
27 65 32 49 3 16 0 0.00 M M 6.9 17 180 M M 0 22 190
28 68 36 52 6 13 0 T M M 15.0 36 270 M M 3 8 46 260
29 55 32 44 -3 21 0 0.00 M M 14.0 21 310 M M 3 30 250
30 57 23 40 -7 25 0 0.00 M M 5.5 15 180 M M 0 19 190
31 64 24 44 -3 21 0 0.00 M M 4.3 9 350 M M 0 13 210
================================================================================
SM 1845 984 594 0 0.03 M 220.3 M 71
================================================================================
AV 59.5 31.7 7.1 FASTST M M 2 MAX(MPH)
MISC ----> 36 270 46 260
================================================================================
NOTES:
# LAST OF SEVERAL OCCURRENCES
COLUMN 17 PEAK WIND IN M.P.H.
PRELIMINARY LOCAL CLIMATOLOGICAL DATA (WS FORM: F-6) , PAGE 2
STATION: MOSES LAKE WA AIRPORT
MONTH: MARCH
YEAR: 2021
LATITUDE: 47 12 N
LONGITUDE: 119 19 W
[TEMPERATURE DATA] [PRECIPITATION DATA] SYMBOLS USED IN COLUMN 16
AVERAGE MONTHLY: 45.6 TOTAL FOR MONTH: 0.03 1 = FOG OR MIST
DPTR FM NORMAL: 2.1 DPTR FM NORMAL: -0.75 2 = FOG REDUCING VISIBILITY
HIGHEST: 68 ON 28 GRTST 24HR 0.03 ON 14-15 TO 1/4 MILE OR LESS
LOWEST: 23 ON 30,12 3 = THUNDER
SNOW, ICE PELLETS, HAIL 4 = ICE PELLETS
TOTAL MONTH: M 5 = HAIL
GRTST 24HR M ON M 6 = FREEZING RAIN OR DRIZZLE
GRTST DEPTH: M ON M 7 = DUSTSTORM OR SANDSTORM:
VSBY 1/2 MILE OR LESS
8 = SMOKE OR HAZE
[NO. OF DAYS WITH] [WEATHER - DAYS WITH] 9 = BLOWING SNOW
X = TORNADO
MAX 32 OR BELOW: 0 0.01 INCH OR MORE: 2
MAX 90 OR ABOVE: 0 0.10 INCH OR MORE: 0
MIN 32 OR BELOW: 18 0.50 INCH OR MORE: 0
MIN 0 OR BELOW: 0 1.00 INCH OR MORE: 0
[HDD (BASE 65) ]
TOTAL THIS MO. 594 CLEAR (SCALE 0-3) 20
DPTR FM NORMAL -73 PTCLDY (SCALE 4-7) 10
TOTAL FM JUL 1 4364 CLOUDY (SCALE 8-10) 1
DPTR FM NORMAL -807
[CDD (BASE 65) ]
TOTAL THIS MO. 0
DPTR FM NORMAL 0 [PRESSURE DATA]
TOTAL FM JAN 1 0 HIGHEST SLP M ON M
DPTR FM NORMAL 0 LOWEST SLP 29.61 ON 28
[REMARKS]
#FINAL-03-21#