000
CXUS56 KOTX 011143
CLMMWH
CLIMATE REPORT
NATIONAL WEATHER SERVICE SPOKANE WA
443 AM PDT THU JUN 01 2023
...................................
...THE MOSES LAKE WA AIRPORT CLIMATE SUMMARY FOR THE MONTH OF MAY 2023...
CLIMATE NORMAL PERIOD 1991 TO 2020
CLIMATE RECORD PERIOD 9999 TO 9999
WEATHER OBSERVED NORMAL DEPART LAST YEAR`S
VALUE DATE(S) VALUE FROM VALUE DATE(S)
NORMAL
................................................................
TEMPERATURE (F)
RECORD
HIGH 97 05/30/2017
LOW 25 05/05/2010
HIGHEST 94 05/20 MM MM 78 05/31
LOWEST 39 05/07 MM MM 32 05/09
05/10
05/11
AVG. MAXIMUM 79.5 73.7 5.8 67.5
AVG. MINIMUM 49.9 45.4 4.5 42.2
MEAN 64.7 59.5 5.2 54.9
DAYS MAX >= 90 2 1.7 0.3 0
DAYS MAX <= 32 0 0.0 0.0 0
DAYS MIN <= 32 0 1.1 -1.1 3
DAYS MIN <= 0 0 0.0 0.0 0
PRECIPITATION (INCHES)
RECORD
MAXIMUM 1.73 2005
MINIMUM 0.02 1965
TOTALS 0.76 0.72 0.04 0.39
DAILY AVG. 0.02 0.02 -0.00 0.01
DAYS >= .01 6 6.2 -0.2 9
DAYS >= .10 2 2.2 -0.2 1
DAYS >= .50 0 0.2 -0.2 0
DAYS >= 1.00 0 0.0 0.0 0
GREATEST
24 HR. TOTAL 0.41 05/27 TO 05/27 0.17
DEGREE DAYS
HEATING TOTAL 83 196 -113 309
SINCE 7/1 5622 5734 -112 MM
COOLING TOTAL 81 27 54 0
SINCE 1/1 82 28 54 MM
................................................................
WIND (MPH)
AVERAGE WIND SPEED 7.0
HIGHEST WIND SPEED/DIRECTION 35/020 DATE 05/27
HIGHEST GUST SPEED/DIRECTION 39/360 DATE 05/27
SKY COVER
POSSIBLE SUNSHINE (PERCENT) MM
AVERAGE SKY COVER 0.16
NUMBER OF DAYS FAIR 26
NUMBER OF DAYS PC 4
NUMBER OF DAYS CLOUDY 1
AVERAGE RH (PERCENT) 57
WEATHER CONDITIONS. NUMBER OF DAYS WITH
THUNDERSTORM 7 MIXED PRECIP 0
HEAVY RAIN 2 RAIN 1
LIGHT RAIN 5 FREEZING RAIN 0
LT FREEZING RAIN 0 HAIL 0
HEAVY SNOW 0 SNOW 0
LIGHT SNOW 0 SLEET 0
FOG 4 FOG W/VIS <= 1/4 MILE 0
HAZE 1
- INDICATES NEGATIVE NUMBERS.
R INDICATES RECORD WAS SET OR TIED.
MM INDICATES DATA IS MISSING.
T INDICATES TRACE AMOUNT.
$$