000
CXUS56 KOTX 011213
CLMMWH
CLIMATE REPORT
NATIONAL WEATHER SERVICE SPOKANE WA
413 AM PST MON JAN 01 2024
...................................
...THE MOSES LAKE WA AIRPORT CLIMATE SUMMARY FOR THE MONTH OF DECEMBER 2023...
CLIMATE NORMAL PERIOD 1991 TO 2020
CLIMATE RECORD PERIOD 9999 TO 9999
WEATHER OBSERVED NORMAL DEPART LAST YEAR`S
VALUE DATE(S) VALUE FROM VALUE DATE(S)
NORMAL
................................................................
TEMPERATURE (F)
RECORD
HIGH 68 12/31/1998
LOW -13 12/17/1964
HIGHEST 50 12/29 MM MM 46 12/27
LOWEST 18 12/01 MM MM -9 12/02
AVG. MAXIMUM 40.4 36.2 4.2 28.8
AVG. MINIMUM 30.9 23.5 7.4 14.7
MEAN 35.6 29.9 5.7 21.7
DAYS MAX >= 90 0 0.0 0.0 0
DAYS MAX <= 32 1 10.1 -9.1 14
DAYS MIN <= 32 17 26.7 -9.7 26
DAYS MIN <= 0 0 0.5 -0.5 4
PRECIPITATION (INCHES)
RECORD
MAXIMUM 2.58 2015
MINIMUM 0.02 2013
TOTALS 1.66 1.11 0.55 1.29
DAILY AVG. 0.05 0.04 0.01 0.05
DAYS >= .01 16 10.3 5.7 11
DAYS >= .10 7 3.9 3.1 5
DAYS >= .50 0 0.2 -0.2 0
DAYS >= 1.00 0 0.0 0.0 0
GREATEST
24 HR. TOTAL 0.35 12/05 TO 12/06 0.30
DEGREE DAYS
HEATING TOTAL 901 1090 -189 1075
SINCE 7/1 2235 2513 -278 MM
COOLING TOTAL 0 0 0 0
SINCE 1/1 883 677 206 MM
................................................................
WIND (MPH)
AVERAGE WIND SPEED 4.8
HIGHEST WIND SPEED/DIRECTION 21/250 DATE 12/07
21/250 12/22
HIGHEST GUST SPEED/DIRECTION 25/250 DATE 12/07
SKY COVER
POSSIBLE SUNSHINE (PERCENT) MM
AVERAGE SKY COVER 0.71
NUMBER OF DAYS FAIR 3
NUMBER OF DAYS PC 11
NUMBER OF DAYS CLOUDY 17
AVERAGE RH (PERCENT) 88
WEATHER CONDITIONS. NUMBER OF DAYS WITH
THUNDERSTORM 0 MIXED PRECIP 4
HEAVY RAIN 0 RAIN 5
LIGHT RAIN 14 FREEZING RAIN 0
LT FREEZING RAIN 1 HAIL 0
HEAVY SNOW 0 SNOW 1
LIGHT SNOW 4 SLEET 0
FOG 24 FOG W/VIS <= 1/4 MILE 13
HAZE 0
- INDICATES NEGATIVE NUMBERS.
R INDICATES RECORD WAS SET OR TIED.
MM INDICATES DATA IS MISSING.
T INDICATES TRACE AMOUNT.
$$