000
CXUS56 KOTX 011614
CLMMWH
CLIMATE REPORT
NATIONAL WEATHER SERVICE SPOKANE WA
814 AM PST FRI DEC 01 2023
...................................
...THE MOSES LAKE WA AIRPORT CLIMATE SUMMARY FOR THE MONTH OF NOVEMBER 2023...
CLIMATE NORMAL PERIOD 1991 TO 2020
CLIMATE RECORD PERIOD 9999 TO 9999
WEATHER OBSERVED NORMAL DEPART LAST YEAR`S
VALUE DATE(S) VALUE FROM VALUE DATE(S)
NORMAL
................................................................
TEMPERATURE (F)
RECORD
HIGH 70 11/04/2020
LOW -19 11/24/2010
HIGHEST 57 11/07 MM MM 57 11/04
LOWEST 17 11/28 MM MM 9 11/19
AVG. MAXIMUM 45.1 46.3 -1.2 39.2
AVG. MINIMUM 29.5 28.8 0.7 21.6
MEAN 37.3 37.6 -0.3 30.4
DAYS MAX >= 90 0 0.0 0.0 0
DAYS MAX <= 32 4 1.7 2.3 5
DAYS MIN <= 32 21 19.0 2.0 28
DAYS MIN <= 0 0 0.1 -0.1 0
PRECIPITATION (INCHES)
RECORD
MAXIMUM 1.97 1960
MINIMUM 0.07 2004
TOTALS 0.80 0.87 -0.07 1.02
DAILY AVG. 0.03 0.03 -0.00 0.03
DAYS >= .01 9 9.7 -0.7 7
DAYS >= .10 4 3.0 1.0 5
DAYS >= .50 0 0.0 0.0 0
DAYS >= 1.00 0 0.0 0.0 0
GREATEST
24 HR. TOTAL 0.28 11/01 TO 11/02 0.48
DEGREE DAYS
HEATING TOTAL 822 824 -2 1030
SINCE 7/1 1334 1424 -90 MM
COOLING TOTAL 0 0 0 0
SINCE 1/1 883 677 206 MM
................................................................
WIND (MPH)
AVERAGE WIND SPEED 5.3
HIGHEST WIND SPEED/DIRECTION 30/240 DATE 11/11
HIGHEST GUST SPEED/DIRECTION 41/230 DATE 11/11
SKY COVER
POSSIBLE SUNSHINE (PERCENT) MM
AVERAGE SKY COVER 0.45
NUMBER OF DAYS FAIR 14
NUMBER OF DAYS PC 9
NUMBER OF DAYS CLOUDY 7
AVERAGE RH (PERCENT) 81
WEATHER CONDITIONS. NUMBER OF DAYS WITH
THUNDERSTORM 0 MIXED PRECIP 2
HEAVY RAIN 0 RAIN 6
LIGHT RAIN 9 FREEZING RAIN 0
LT FREEZING RAIN 0 HAIL 0
HEAVY SNOW 0 SNOW 1
LIGHT SNOW 3 SLEET 0
FOG 17 FOG W/VIS <= 1/4 MILE 7
HAZE 5
- INDICATES NEGATIVE NUMBERS.
R INDICATES RECORD WAS SET OR TIED.
MM INDICATES DATA IS MISSING.
T INDICATES TRACE AMOUNT.
$$