000
CXUS53 KBIS 010930
CF6N60
PRELIMINARY LOCAL CLIMATOLOGICAL DATA (WS FORM: F-6)
STATION: GARRISON (AMOS) ND
MONTH: JANUARY
YEAR: 2021
LATITUDE: 47 39 N
LONGITUDE: 101 23 W
TEMPERATURE IN F: :PCPN: SNOW: WIND :SUNSHINE: SKY :PK WND
================================================================================
1 2 3 4 5 6A 6B 7 8 9 10 11 12 13 14 15 16 17 18
12Z AVG MX 2MIN
DY MAX MIN AVG DEP HDD CDD WTR SNW DPTH SPD SPD DIR MIN PSBL S-S WX SPD DR
================================================================================
1 37 8 23 M 42 0 0.00 M M 3.3 12 260 M M 0 14 330
2 42 21 32 M 33 0 0.00 M M 8.2 15 270 M M 0 19 260
3 44 22 33 M 32 0 0.00 M M 10.2 25 300 M M 0 36 290
4 43 15 29 M 36 0 0.00 M M 10.1 21 300 M M 0 30 310
5 37 17 27 M 38 0 0.00 M M 5.7 15 320 M M 0 19 330
6 36 15 26 M 39 0 0.00 M M 6.5 15 190 M M 0 19 190
7 38 28 33 M 32 0 0.00 M M 9.7 18 200 M M 0 24 170
8 33 27 30 M 35 0 0.00 M M 3.2 8 360 M M 0 11 30
9 34 13 24 M 41 0 0.00 M M 4.6 10 310 M M 0 14 280
10 41 11 26 M 39 0 0.00 M M 9.4 21 240 M M 0 28 240
11 40 20 30 M 35 0 0.00 M M 8.6 20 310 M M 0 25 300
12 47 26 37 M 28 0 0.00 M M 6.4 22 290 M M 0 29 290
13 45 29 37 M 28 0 0.04 M M 7.8 36 280 M M 0 49 300
14 37 25 31 M 34 0 0.00 M M 37.2 55 320 M M 0 77 310
15 25 19 22 M 43 0 0.00 M M 18.6 38 330 M M 0 47 340
16 39 18 29 M 36 0 0.00 M M 13.7 31 310 M M 0 40 300
17 33 20 27 M 38 0 0.00 M M 8.8 22 300 M M 0 29 310
18 31 20 26 M 39 0 0.12 M M 9.7 23 300 M M 0 34 310
19 33 12 23 M 42 0 M M M 16.1 37 330 M M 0 50 310
20 39 29 34 M 31 0 0.00 M M 22.7 41 300 M M 0 60 300
21 29 8 19 M 46 0 0.00 M M 15.2 32 330 M M 0 40 320
22 23 11 17 M 48 0 0.00 M M 6.8 15 330 M M 0 19 320
23 29 -1 14 M 51 0 0.00 M M 8.0 20 350 M M 0 25 340
24 14 -7 4 M 61 0 0.02 M M 10.5 20 100 M M 0 25 90
25 11 -3 4 M 61 0 0.02 M M 10.4 18 100 M M 0 23 100
26 1 -18 -8 M 73 0 0.00 M M 7.0 12 90 M M 0 15 80
27 10 -12 -1 M 66 0 0.00 M M 11.7 18 130 M M 0 22 110
28 16 5 11 M 54 0 0.00 M M 10.5 14 110 M M 0 19 160
29 23 10 17 M 48 0 0.00 M M 12.8 18 150 M M 0 23 150
30 25 19 22 M 43 0 0.00 M M 8.1 15 320 M M 0 19 320
31 21 4 13 M 52 0 0.00 M M 5.7 10 160 M M 0 14 350
================================================================================
SM 956 411 1324 0 0.20 M 327.2 M 0
================================================================================
AV 30.8 13.3 10.6 FASTST M M 0 MAX(MPH)
MISC ----> 55 320 77 310
================================================================================
NOTES:
# LAST OF SEVERAL OCCURRENCES
COLUMN 17 PEAK WIND IN M.P.H.
PRELIMINARY LOCAL CLIMATOLOGICAL DATA (WS FORM: F-6) , PAGE 2
STATION: GARRISON (AMOS) ND
MONTH: JANUARY
YEAR: 2021
LATITUDE: 47 39 N
LONGITUDE: 101 23 W
[TEMPERATURE DATA] [PRECIPITATION DATA] SYMBOLS USED IN COLUMN 16
AVERAGE MONTHLY: 22.0 TOTAL FOR MONTH: 0.20 1 = FOG OR MIST
DPTR FM NORMAL: 0.0 DPTR FM NORMAL: M 2 = FOG REDUCING VISIBILITY
HIGHEST: 47 ON 12 GRTST 24HR 0.12 ON 18-18 TO 1/4 MILE OR LESS
LOWEST: -18 ON 26 3 = THUNDER
SNOW, ICE PELLETS, HAIL 4 = ICE PELLETS
TOTAL MONTH: M 5 = HAIL
GRTST 24HR M ON M 6 = FREEZING RAIN OR DRIZZLE
GRTST DEPTH: M ON M 7 = DUSTSTORM OR SANDSTORM:
VSBY 1/2 MILE OR LESS
8 = SMOKE OR HAZE
[NO. OF DAYS WITH] [WEATHER - DAYS WITH] 9 = BLOWING SNOW
X = TORNADO
MAX 32 OR BELOW: 13 0.01 INCH OR MORE: 4
MAX 90 OR ABOVE: 0 0.10 INCH OR MORE: 1
MIN 32 OR BELOW: 31 0.50 INCH OR MORE: 0
MIN 0 OR BELOW: 5 1.00 INCH OR MORE: 0
[HDD (BASE 65) ]
TOTAL THIS MO. 1324 CLEAR (SCALE 0-3) 31
DPTR FM NORMAL M PTCLDY (SCALE 4-7) 0
TOTAL FM JUL 1 4619 CLOUDY (SCALE 8-10) 0
DPTR FM NORMAL M
[CDD (BASE 65) ]
TOTAL THIS MO. 0
DPTR FM NORMAL M [PRESSURE DATA]
TOTAL FM JAN 1 0 HIGHEST SLP 30.49 ON 27
DPTR FM NORMAL M LOWEST SLP 29.42 ON 13
[REMARKS]
#FINAL-01-21#