000
CXHW50 PHFO 011250
CF6NGF
PRELIMINARY LOCAL CLIMATOLOGICAL DATA (WS FORM: F-6)
STATION: KANEOHE BAY MCAS HI
MONTH: APRIL
YEAR: 2022
LATITUDE: 21 25 N
LONGITUDE: 157 46 W
TEMPERATURE IN F: :PCPN: SNOW: WIND :SUNSHINE: SKY :PK WND
================================================================================
1 2 3 4 5 6A 6B 7 8 9 10 11 12 13 14 15 16 17 18
12Z AVG MX 2MIN
DY MAX MIN AVG DEP HDD CDD WTR SNW DPTH SPD SPD DIR MIN PSBL S-S WX SPD DR
================================================================================
1 80 72 76 2 0 11 0.03 M M 12.0 15 60 M M 6 1 22 70
2 78 73 76 2 0 11 0.00 M M 13.8 17 60 M M 5 26 80
3 78 73 76 1 0 11 0.02 M M 12.2 15 80 M M 7 23 80
4 81 74 78 3 0 13 T M M 11.0 14 70 M M 5 22 90
5 75 74 75 0 0 10 0.00 M M 9.7 12 70 M M 6 18 70
6 77 73 75 0 0 10 0.04 M M 9.9 14 70 M M 6 20 80
7 80 73 77 2 0 12 0.00 M M 12.5 16 60 M M 5 26 70
8 79 75 77 2 0 12 T M M 11.0 13 80 M M 8 22 80
9 79 75 77 2 0 12 T M M 10.5 13 60 M M 8 22 90
10 81 75 78 3 0 13 T M M 7.9 11 80 M M 9 22 100
11 79 74 77 2 0 12 T M M 9.4 13 60 M M 7 18 18 90
12 80 73 77 2 0 12 0.00 M M 8.8 14 60 M M 6 19 80
13 84 74 79 4 0 14 T M M 8.8 16 80 M M 6 22 80
14 82 72 77 2 0 12 0.00 M M 10.7 15 60 M M 5 19 60
15 81 73 77 2 0 12 0.00 M M 11.5 16 60 M M 5 25 80
16 79 73 76 1 0 11 0.30 M M 10.6 16 70 M M 8 25 70
17 80 72 76 1 0 11 T M M 12.2 19 70 M M 6 24 70
18 81 72 77 2 0 12 T M M 12.4 17 40 M M 4 M M
19 80 74 77 2 0 12 0.04 M M 12.3 16 60 M M 8 22 70
20 81 74 78 3 0 13 0.05 M M 11.8 16 50 M M 6 1 21 80
21 78 73 76 0 0 11 0.04 M M 10.9 13 80 M M 6 21 60
22 79 74 77 1 0 12 0.00 M M 10.5 14 70 M M 8 23 80
23 81 74 78 2 0 13 0.04 M M 11.0 16 70 M M 8 23 70
24 81 73 77 1 0 12 T M M 12.1 15 70 M M 7 23 80
25 80 74 77 1 0 12 0.03 M M 10.9 14 60 M M 5 22 80
26 82 73 78 2 0 13 0.02 M M 10.0 14 70 M M 8 8 21 70
27 79 73 76 0 0 11 T M M 7.5 11 80 M M 10 18 100
28 79 73 76 0 0 11 T M M 7.9 12 60 M M 6 16 70
29 80 74 77 1 0 12 0.02 M M 11.5 17 70 M M 6 23 80
30 81 74 78 2 0 13 0.01 M M 11.9 15 70 M M 5 22 80
================================================================================
SM 2395 2203 0 356 0.64 M 323.2 M 195
================================================================================
AV 79.8 73.4 10.8 FASTST M M 7 MAX(MPH)
MISC ----> 19 70 # 26 80
================================================================================
NOTES:
# LAST OF SEVERAL OCCURRENCES
COLUMN 17 PEAK WIND IN M.P.H.
PRELIMINARY LOCAL CLIMATOLOGICAL DATA (WS FORM: F-6) , PAGE 2
STATION: KANEOHE BAY MCAS HI
MONTH: APRIL
YEAR: 2022
LATITUDE: 21 25 N
LONGITUDE: 157 46 W
[TEMPERATURE DATA] [PRECIPITATION DATA] SYMBOLS USED IN COLUMN 16
AVERAGE MONTHLY: 76.6 TOTAL FOR MONTH: 0.64 1 = FOG OR MIST
DPTR FM NORMAL: 1.4 DPTR FM NORMAL: -0.98 2 = FOG REDUCING VISIBILITY
HIGHEST: 84 ON 13 GRTST 24HR 0.30 ON 16-16 TO 1/4 MILE OR LESS
LOWEST: 72 ON 18,17 3 = THUNDER
SNOW, ICE PELLETS, HAIL 4 = ICE PELLETS
TOTAL MONTH: M 5 = HAIL
GRTST 24HR M ON M 6 = FREEZING RAIN OR DRIZZLE
GRTST DEPTH: M ON M 7 = DUSTSTORM OR SANDSTORM:
VSBY 1/2 MILE OR LESS
8 = SMOKE OR HAZE
[NO. OF DAYS WITH] [WEATHER - DAYS WITH] 9 = BLOWING SNOW
X = TORNADO
MAX 32 OR BELOW: 0 0.01 INCH OR MORE: 12
MAX 90 OR ABOVE: 0 0.10 INCH OR MORE: 1
MIN 32 OR BELOW: 0 0.50 INCH OR MORE: 0
MIN 0 OR BELOW: 0 1.00 INCH OR MORE: 0
[HDD (BASE 65) ]
TOTAL THIS MO. 0 CLEAR (SCALE 0-3) 0
DPTR FM NORMAL 0 PTCLDY (SCALE 4-7) 25
TOTAL FM JUL 1 0 CLOUDY (SCALE 8-10) 5
DPTR FM NORMAL 0
[CDD (BASE 65) ]
TOTAL THIS MO. 356
DPTR FM NORMAL 50 [PRESSURE DATA]
TOTAL FM JAN 1 1215 HIGHEST SLP M ON M
DPTR FM NORMAL 151 LOWEST SLP 29.91 ON 28
[REMARKS]
#FINAL-04-22#